{"id":8793,"date":"2024-11-12T13:13:41","date_gmt":"2024-11-12T11:13:41","guid":{"rendered":"https:\/\/www.patrim.net\/pyrenoteca\/?post_type=cpt_portfolio&#038;p=8793"},"modified":"2025-10-03T11:10:36","modified_gmt":"2025-10-03T09:10:36","slug":"fuente-de-las-calzadas-barbunales","status":"publish","type":"cpt_portfolio","link":"https:\/\/www.patrim.net\/pyrenoteca\/portfolio\/fuente-de-las-calzadas-barbunales\/","title":{"rendered":"Fuente de las Calzadas (Barbu\u00f1ales)"},"content":{"rendered":"\n<p>Esta fuente se construy\u00f3 entre 1571 y 1572. En 1571 el Concejo de Barbu\u00f1ales encarg\u00f3 a Sim\u00f3n de Carre y Rodrigo del Camino la construcci\u00f3n de esta fuente.<br>Como muchos otros canteros, los dos eran naturales de Ajo, Santander. El trabajo les hab\u00eda tra\u00eddo al Somontano, ya que se viv\u00eda una \u00e9poca pr\u00f3spera, se hab\u00edan emprendido muchas construcciones (puentes, capillas, iglesias, casas solariegas) y el buen hacer de sus paisanos era reconocido en todo el reino.<br>Aunque esta fuente es austera y funcional, los sillares de piedra, cortados con tanto esmero y cuidado como los que se hubieran destinado a una iglesia, aportan nobleza a la construcci\u00f3n.<br>Como sucede con casi todas las fuentes del Somontano, el agua que ves se canaliz\u00f3 y condujo desde m\u00e1s lejos, hasta este lugar en el entorno del pueblo.<br>La conducci\u00f3n subterr\u00e1nea se hizo mediante unos ca\u00f1os de barro cocido llamados alcaduces. \u00c9stos se encargaron a un alfarero de Barbastro llamado Batlanau. Por los 2.000 alcaduces que completaban la conducci\u00f3n de 800 metros cobrar\u00eda 700 sueldos jaqueses.<br>En los lugares de secano la fuente era el \u00fanico medio de proveerse de agua. Aqu\u00ed se llenaban los c\u00e1ntaros para beber en casa, abrevaban las caballer\u00edas y los ganados, se lavaban de vez en cuando las ropas y el agua sobrante a\u00fan se encauzaba para regar con ella los huertos cercanos.<br>Este modelo, que aunaba de forma inteligente las cuatro funciones, se mostr\u00f3 tan eficaz que se seguir\u00eda utilizando durante cientos de a\u00f1os sin apenas variantes, desde que apareciera en la segunda mitad del siglo XVI<\/p>\n","protected":false},"excerpt":{"rendered":"<p>Esta fuente se construy\u00f3 entre 1571 y 1572. En 1571 el Concejo de&hellip;<\/p>\n","protected":false},"author":1,"featured_media":8810,"comment_status":"closed","ping_status":"closed","template":"","filtre":[302,237,239,375,251,304,371],"cpt_portfolio_group":[405,61,107,85],"class_list":["post-8793","cpt_portfolio","type-cpt_portfolio","status-publish","has-post-thumbnail","hentry","filtre-agua","filtre-arquitectura","filtre-arte","filtre-etnologia","filtre-historia","filtre-leyenda","filtre-patrimonio","cpt_portfolio_group-pyrenoteca","cpt_portfolio_group-arquitectura","cpt_portfolio_group-historia","cpt_portfolio_group-mitos-leyendas-creencias"],"_links":{"self":[{"href":"https:\/\/www.patrim.net\/pyrenoteca\/wp-json\/wp\/v2\/cpt_portfolio\/8793","targetHints":{"allow":["GET"]}}],"collection":[{"href":"https:\/\/www.patrim.net\/pyrenoteca\/wp-json\/wp\/v2\/cpt_portfolio"}],"about":[{"href":"https:\/\/www.patrim.net\/pyrenoteca\/wp-json\/wp\/v2\/types\/cpt_portfolio"}],"author":[{"embeddable":true,"href":"https:\/\/www.patrim.net\/pyrenoteca\/wp-json\/wp\/v2\/users\/1"}],"replies":[{"embeddable":true,"href":"https:\/\/www.patrim.net\/pyrenoteca\/wp-json\/wp\/v2\/comments?post=8793"}],"version-history":[{"count":1,"href":"https:\/\/www.patrim.net\/pyrenoteca\/wp-json\/wp\/v2\/cpt_portfolio\/8793\/revisions"}],"predecessor-version":[{"id":8818,"href":"https:\/\/www.patrim.net\/pyrenoteca\/wp-json\/wp\/v2\/cpt_portfolio\/8793\/revisions\/8818"}],"wp:featuredmedia":[{"embeddable":true,"href":"https:\/\/www.patrim.net\/pyrenoteca\/wp-json\/wp\/v2\/media\/8810"}],"wp:attachment":[{"href":"https:\/\/www.patrim.net\/pyrenoteca\/wp-json\/wp\/v2\/media?parent=8793"}],"wp:term":[{"taxonomy":"filtre","embeddable":true,"href":"https:\/\/www.patrim.net\/pyrenoteca\/wp-json\/wp\/v2\/filtre?post=8793"},{"taxonomy":"cpt_portfolio_group","embeddable":true,"href":"https:\/\/www.patrim.net\/pyrenoteca\/wp-json\/wp\/v2\/cpt_portfolio_group?post=8793"}],"curies":[{"name":"wp","href":"https:\/\/api.w.org\/{rel}","templated":true}]}}

Fuente de las Calzadas (Barbuñales)

<p>Esta fuente se construyó entre 1571 y 1572. En 1571 el Concejo de Barbuñales encargó a Simón de Carre y Rodrigo del Camino la construcción de esta fuente.<br>Como muchos otros canteros, los dos eran naturales de Ajo, Santander. El trabajo les había traído al Somontano, ya que se vivía una época próspera, se habían emprendido muchas construcciones (puentes, capillas, iglesias, casas solariegas) y el buen hacer de sus paisanos era reconocido en todo el reino.<br>Aunque esta fuente es austera y funcional, los sillares de piedra, cortados con tanto esmero y cuidado como los que se hubieran destinado a una iglesia, aportan nobleza a la construcción.<br>Como sucede con casi todas las fuentes del Somontano, el agua que ves se canalizó y condujo desde más lejos, hasta este lugar en el entorno del pueblo.<br>La conducción subterránea se hizo mediante unos caños de barro cocido llamados alcaduces. Éstos se encargaron a un alfarero de Barbastro llamado Batlanau. Por los 2.000 alcaduces que completaban la conducción de 800 metros cobraría 700 sueldos jaqueses.<br>En los lugares de secano la fuente era el único medio de proveerse de agua. Aquí se llenaban los cántaros para beber en casa, abrevaban las caballerías y los ganados, se lavaban de vez en cuando las ropas y el agua sobrante aún se encauzaba para regar con ella los huertos cercanos.<br>Este modelo, que aunaba de forma inteligente las cuatro funciones, se mostró tan eficaz que se seguiría utilizando durante cientos de años sin apenas variantes, desde que apareciera en la segunda mitad del siglo XVI</p>

<p>Esta fuente se construyó entre 1571 y 1572. En 1571 el Concejo de&hellip;</p>
