{"id":8424,"date":"2024-10-15T18:57:00","date_gmt":"2024-10-15T16:57:00","guid":{"rendered":"https:\/\/www.patrim.net\/pyrenoteca\/?post_type=cpt_portfolio&#038;p=8424"},"modified":"2024-10-15T20:59:57","modified_gmt":"2024-10-15T18:59:57","slug":"arte-esquematico-parque-cultural-del-rio-vero","status":"publish","type":"cpt_portfolio","link":"https:\/\/www.patrim.net\/pyrenoteca\/portfolio\/arte-esquematico-parque-cultural-del-rio-vero\/","title":{"rendered":"Arte esquem\u00e1tico (Parque Cultural del R\u00edo Vero)"},"content":{"rendered":"\n<p>El arte rupestre esquem\u00e1tico abarca desde el Neol\u00edtico a la Edad de los Metales y fue obra de pueblos que ya conoc\u00edan la agricultura y la ganader\u00eda. <\/p>\n\n\n\n<p>En abrigos de dif\u00edcil acceso contin\u00faan pintando figuras humanas y animales muy simplificadas, signos, formas geom\u00e9tricas, manchas, trazos\u2026 hasta llegar a meros esquemas de la realidad. Esta sintetizaci\u00f3n y abstracci\u00f3n supuso una evoluci\u00f3n est\u00e9tica de las pinturas naturalistas del postpaleol\u00edtico.<br>La interpretaci\u00f3n de su significado y finalidad resulta dif\u00edcil, por lo que algunos autores le atribuyen una gran carga simb\u00f3lica de tipo religioso y ritual.<br>El estilo esquem\u00e1tico es el m\u00e1s numeroso en el Parque Cultural del R\u00edo Vero y est\u00e1 presente en los abrigos de Mallata, Labarta, Regacens y Quizans en la Comarca de Somontano y Barfaluy, Gallinero,Lecina Superior, Pe\u00f1a Miel I y II en la Comarca de Sobrarbe, todos dentro del Parque Cultural.<\/p>\n","protected":false},"excerpt":{"rendered":"<p>El arte rupestre esquem\u00e1tico abarca desde el Neol\u00edtico a la Edad de los&hellip;<\/p>\n","protected":false},"author":1,"featured_media":8453,"comment_status":"closed","ping_status":"closed","template":"","filtre":[270,273,359,290,362,361,360,363],"cpt_portfolio_group":[105,63,107,85,106],"class_list":["post-8424","cpt_portfolio","type-cpt_portfolio","status-publish","has-post-thumbnail","hentry","filtre-arqueologia","filtre-arte-rupestre","filtre-edad-de-los-metales","filtre-neolitico","filtre-parque-cultural","filtre-parque-natural","filtre-patrimonio-mundial","filtre-unesco","cpt_portfolio_group-artes-y-ciencias","cpt_portfolio_group-paisaje","cpt_portfolio_group-historia","cpt_portfolio_group-mitos-leyendas-creencias","cpt_portfolio_group-prehistoria"],"_links":{"self":[{"href":"https:\/\/www.patrim.net\/pyrenoteca\/wp-json\/wp\/v2\/cpt_portfolio\/8424","targetHints":{"allow":["GET"]}}],"collection":[{"href":"https:\/\/www.patrim.net\/pyrenoteca\/wp-json\/wp\/v2\/cpt_portfolio"}],"about":[{"href":"https:\/\/www.patrim.net\/pyrenoteca\/wp-json\/wp\/v2\/types\/cpt_portfolio"}],"author":[{"embeddable":true,"href":"https:\/\/www.patrim.net\/pyrenoteca\/wp-json\/wp\/v2\/users\/1"}],"replies":[{"embeddable":true,"href":"https:\/\/www.patrim.net\/pyrenoteca\/wp-json\/wp\/v2\/comments?post=8424"}],"version-history":[{"count":3,"href":"https:\/\/www.patrim.net\/pyrenoteca\/wp-json\/wp\/v2\/cpt_portfolio\/8424\/revisions"}],"predecessor-version":[{"id":8689,"href":"https:\/\/www.patrim.net\/pyrenoteca\/wp-json\/wp\/v2\/cpt_portfolio\/8424\/revisions\/8689"}],"wp:featuredmedia":[{"embeddable":true,"href":"https:\/\/www.patrim.net\/pyrenoteca\/wp-json\/wp\/v2\/media\/8453"}],"wp:attachment":[{"href":"https:\/\/www.patrim.net\/pyrenoteca\/wp-json\/wp\/v2\/media?parent=8424"}],"wp:term":[{"taxonomy":"filtre","embeddable":true,"href":"https:\/\/www.patrim.net\/pyrenoteca\/wp-json\/wp\/v2\/filtre?post=8424"},{"taxonomy":"cpt_portfolio_group","embeddable":true,"href":"https:\/\/www.patrim.net\/pyrenoteca\/wp-json\/wp\/v2\/cpt_portfolio_group?post=8424"}],"curies":[{"name":"wp","href":"https:\/\/api.w.org\/{rel}","templated":true}]}}

Arte esquemático (Parque Cultural del Río Vero)

<p>El arte rupestre esquemático abarca desde el Neolítico a la Edad de los Metales y fue obra de pueblos que ya conocían la agricultura y la ganadería. </p>



<p>En abrigos de difícil acceso continúan pintando figuras humanas y animales muy simplificadas, signos, formas geométricas, manchas, trazos… hasta llegar a meros esquemas de la realidad. Esta sintetización y abstracción supuso una evolución estética de las pinturas naturalistas del postpaleolítico.<br>La interpretación de su significado y finalidad resulta difícil, por lo que algunos autores le atribuyen una gran carga simbólica de tipo religioso y ritual.<br>El estilo esquemático es el más numeroso en el Parque Cultural del Río Vero y está presente en los abrigos de Mallata, Labarta, Regacens y Quizans en la Comarca de Somontano y Barfaluy, Gallinero,Lecina Superior, Peña Miel I y II en la Comarca de Sobrarbe, todos dentro del Parque Cultural.</p>

<p>El arte rupestre esquemático abarca desde el Neolítico a la Edad de los&hellip;</p>
