{"id":11725,"date":"2025-12-02T15:27:15","date_gmt":"2025-12-02T13:27:15","guid":{"rendered":"https:\/\/www.patrim.net\/pyrenoteca\/?post_type=cpt_portfolio&#038;p=11725"},"modified":"2025-12-03T04:00:32","modified_gmt":"2025-12-03T02:00:32","slug":"ribagorza-recreacionismo-historico","status":"publish","type":"cpt_portfolio","link":"https:\/\/www.patrim.net\/pyrenoteca\/portfolio\/ribagorza-recreacionismo-historico\/","title":{"rendered":"Ribagorza. Recreacionismo hist\u00f3rico"},"content":{"rendered":"\n<p>La comarca de Ribagorza es un territorio cargado de historia, tradiciones y leyendas. Una buena manera de poner en valor todo este rico patrimonio es a trav\u00e9s de las recreaciones hist\u00f3ricas que se hacen a lo largo de toda nuestra comarca.<\/p>\n\n\n\n<p>No solo ponemos en valor nuestra historia, sino que hemos creado un producto tur\u00edstico de calidad que cada vez interesa m\u00e1s a nuestros visitantes. Se contribuye, adem\u00e1s, a la desestacionalizaci\u00f3n de nuestra comarca, que ha estado siempre muy marcada por los meses de invierno y las estaciones de esqu\u00ed.<\/p>\n\n\n\n<p>Turismo recreacionista encontramos en diferentes municipios, de los que destacamos los siguientes:<\/p>\n\n\n\n<p><strong>Monta\u00f1ana. La historia cobra vida<\/strong>. Podemos disfrutar de una recreaci\u00f3n de la Edad Media en la villa de Monta\u00f1ana (Puente de Monta\u00f1ana). Se puede descubrir, no s\u00f3lo un conjunto hist\u00f3rico-art\u00edstico declarado como Bien de Inter\u00e9s Cultural, sino viajar al siglo XIII y convivir con monjes, campesinos y nobles.<\/p>\n\n\n\n<p><strong>La leyenda de los amantes de Graus<\/strong>: amor, historia y pasi\u00f3n. Viajaremos al siglo XVI para conocer la leyenda de Rodrigo de Mur y Marica, un romance prohibido que marc\u00f3 la historia de Graus.<\/p>\n\n\n\n<p><strong>Lo Consel de Laspauls<\/strong>: un homenaje a las brujas de Laspa\u00fales. Reviviremos los tr\u00e1gicos acontecimiento de 1592 en los que la Inquisici\u00f3n conden\u00f3 y ejecut\u00f3 a 28 mujeres ribagorzanas acusadas de brujer\u00eda.<\/p>\n\n\n\n<p><strong>Bahlul, mulad\u00ed de leyenda<\/strong>. Esta leyenda nos lleva al castillo de Muns, en La Puebla de Castro. Nos adentraremos en la historia&nbsp; de Bahlul ibn Marzuq, un h\u00e9roe mulad\u00ed que lider\u00f3 una rebeli\u00f3n hist\u00f3rica contra los Banu Salama en el siglo VIII.<\/p>\n\n\n\n<p><strong>El Ball dels Salvatges.<\/strong> Cada dos a\u00f1os, la Plaza Mayor de Benabarre revive una tradici\u00f3n medieval que representa las diversas formas del amor, el caos y la armon\u00eda. Una representaci\u00f3n que llega desde el siglo XIV hasta nuestros d\u00edas. El Ball dels Salvatges es una inmersi\u00f3n \u00fanica en los contrastes de la naturaleza humana.<\/p>\n\n\n\n<p><strong>Recreaci\u00f3n hist\u00f3rica del nombramiento del Conde Alonso el Joven<\/strong>. Viajaremos en el tiempo y viviremos la historia del condado de Ribagorza en el Castillo de Benabarre.<\/p>\n\n\n\n<p><strong>Recreaci\u00f3n hist\u00f3rica de la visita de D. Miguel de Unamuno a Benasque<\/strong>. Reviviremos el paso de Unamuno por Benasque. Una experiencia literaria que nos transporta a 1918 cuando Miguel de Unamuno se sumergi\u00f3 en las majestuosas monta\u00f1as del valle de Benasque.<\/p>\n\n\n\n<p><\/p>\n","protected":false},"excerpt":{"rendered":"<p>Monta\u00f1ana medieval, las brujas de Laspa\u00fales, los amantes de Graus o el h\u00e9roe Bahlul son algunos de los episodios que se representan hoy en d\u00eda, convirtiendo la historia en un atractivo cultural y tur\u00edstico.<\/p>\n","protected":false},"author":1,"featured_media":11731,"comment_status":"closed","ping_status":"closed","template":"","filtre":[430,246,307,251,260,457,412],"cpt_portfolio_group":[406,62],"class_list":["post-11725","cpt_portfolio","type-cpt_portfolio","status-publish","has-post-thumbnail","hentry","filtre-cultura","filtre-entorno","filtre-fiesta","filtre-historia","filtre-paisaje","filtre-sociedad","filtre-tradiciones","cpt_portfolio_group-pyrenoteca-4-0","cpt_portfolio_group-figuras"],"_links":{"self":[{"href":"https:\/\/www.patrim.net\/pyrenoteca\/wp-json\/wp\/v2\/cpt_portfolio\/11725","targetHints":{"allow":["GET"]}}],"collection":[{"href":"https:\/\/www.patrim.net\/pyrenoteca\/wp-json\/wp\/v2\/cpt_portfolio"}],"about":[{"href":"https:\/\/www.patrim.net\/pyrenoteca\/wp-json\/wp\/v2\/types\/cpt_portfolio"}],"author":[{"embeddable":true,"href":"https:\/\/www.patrim.net\/pyrenoteca\/wp-json\/wp\/v2\/users\/1"}],"replies":[{"embeddable":true,"href":"https:\/\/www.patrim.net\/pyrenoteca\/wp-json\/wp\/v2\/comments?post=11725"}],"version-history":[{"count":2,"href":"https:\/\/www.patrim.net\/pyrenoteca\/wp-json\/wp\/v2\/cpt_portfolio\/11725\/revisions"}],"predecessor-version":[{"id":12386,"href":"https:\/\/www.patrim.net\/pyrenoteca\/wp-json\/wp\/v2\/cpt_portfolio\/11725\/revisions\/12386"}],"wp:featuredmedia":[{"embeddable":true,"href":"https:\/\/www.patrim.net\/pyrenoteca\/wp-json\/wp\/v2\/media\/11731"}],"wp:attachment":[{"href":"https:\/\/www.patrim.net\/pyrenoteca\/wp-json\/wp\/v2\/media?parent=11725"}],"wp:term":[{"taxonomy":"filtre","embeddable":true,"href":"https:\/\/www.patrim.net\/pyrenoteca\/wp-json\/wp\/v2\/filtre?post=11725"},{"taxonomy":"cpt_portfolio_group","embeddable":true,"href":"https:\/\/www.patrim.net\/pyrenoteca\/wp-json\/wp\/v2\/cpt_portfolio_group?post=11725"}],"curies":[{"name":"wp","href":"https:\/\/api.w.org\/{rel}","templated":true}]}}

Ribagorza. Recreacionismo histórico

<p>La comarca de Ribagorza es un territorio cargado de historia, tradiciones y leyendas. Una buena manera de poner en valor todo este rico patrimonio es a través de las recreaciones históricas que se hacen a lo largo de toda nuestra comarca.</p>



<p>No solo ponemos en valor nuestra historia, sino que hemos creado un producto turístico de calidad que cada vez interesa más a nuestros visitantes. Se contribuye, además, a la desestacionalización de nuestra comarca, que ha estado siempre muy marcada por los meses de invierno y las estaciones de esquí.</p>



<p>Turismo recreacionista encontramos en diferentes municipios, de los que destacamos los siguientes:</p>



<p><strong>Montañana. La historia cobra vida</strong>. Podemos disfrutar de una recreación de la Edad Media en la villa de Montañana (Puente de Montañana). Se puede descubrir, no sólo un conjunto histórico-artístico declarado como Bien de Interés Cultural, sino viajar al siglo XIII y convivir con monjes, campesinos y nobles.</p>



<p><strong>La leyenda de los amantes de Graus</strong>: amor, historia y pasión. Viajaremos al siglo XVI para conocer la leyenda de Rodrigo de Mur y Marica, un romance prohibido que marcó la historia de Graus.</p>



<p><strong>Lo Consel de Laspauls</strong>: un homenaje a las brujas de Laspaúles. Reviviremos los trágicos acontecimiento de 1592 en los que la Inquisición condenó y ejecutó a 28 mujeres ribagorzanas acusadas de brujería.</p>



<p><strong>Bahlul, muladí de leyenda</strong>. Esta leyenda nos lleva al castillo de Muns, en La Puebla de Castro. Nos adentraremos en la historia&nbsp; de Bahlul ibn Marzuq, un héroe muladí que lideró una rebelión histórica contra los Banu Salama en el siglo VIII.</p>



<p><strong>El Ball dels Salvatges.</strong> Cada dos años, la Plaza Mayor de Benabarre revive una tradición medieval que representa las diversas formas del amor, el caos y la armonía. Una representación que llega desde el siglo XIV hasta nuestros días. El Ball dels Salvatges es una inmersión única en los contrastes de la naturaleza humana.</p>



<p><strong>Recreación histórica del nombramiento del Conde Alonso el Joven</strong>. Viajaremos en el tiempo y viviremos la historia del condado de Ribagorza en el Castillo de Benabarre.</p>



<p><strong>Recreación histórica de la visita de D. Miguel de Unamuno a Benasque</strong>. Reviviremos el paso de Unamuno por Benasque. Una experiencia literaria que nos transporta a 1918 cuando Miguel de Unamuno se sumergió en las majestuosas montañas del valle de Benasque.</p>



<p></p>

<p>Montañana medieval, las brujas de Laspaúles, los amantes de Graus o el héroe Bahlul son algunos de los episodios que se representan hoy en día, convirtiendo la historia en un atractivo cultural y turístico.</p>
