{"id":11423,"date":"2025-12-02T12:39:01","date_gmt":"2025-12-02T10:39:01","guid":{"rendered":"https:\/\/www.patrim.net\/pyrenoteca\/?post_type=cpt_portfolio&#038;p=11423"},"modified":"2025-12-03T00:51:29","modified_gmt":"2025-12-02T22:51:29","slug":"igartubizia","status":"publish","type":"cpt_portfolio","link":"https:\/\/www.patrim.net\/pyrenoteca\/portfolio\/igartubizia\/","title":{"rendered":"Igartubizia"},"content":{"rendered":"\n<p><\/p>\n\n\n\n<p><strong>Esta iniciativa surge con el objetivo de vincular el \u00e1mbito patrimonial con el \u00e1mbito creativo<\/strong>.<br>Los creadores y las creadoras de diferentes disciplinas presentan sus creaciones a partir del v\u00ednculo que mantienen con el caser\u00edo Igartubeiti.<\/p>\n\n\n\n<p>>> <strong>V\u00eddeo. Entrevista a Maria R. Laspiur<\/strong>, artista y dise\u00f1adora de moda que nos ense\u00f1\u00f3 c\u00f3mo trabajar las formas de la naturaleza de forma ecol\u00f3gica y biodegradable a trav\u00e9s de la impresora 3D.<\/p>\n\n\n\n<figure class=\"wp-block-embed is-type-video is-provider-youtube wp-block-embed-youtube wp-embed-aspect-16-9 wp-has-aspect-ratio\"><div class=\"wp-block-embed__wrapper\">\n<iframe title=\"Miradas desde el interior_Maria R  Laspiur\" width=\"1170\" height=\"658\" src=\"https:\/\/www.youtube.com\/embed\/qGrI56LlpAY?feature=oembed\" frameborder=\"0\" allow=\"accelerometer; autoplay; clipboard-write; encrypted-media; gyroscope; picture-in-picture; web-share\" referrerpolicy=\"strict-origin-when-cross-origin\" allowfullscreen><\/iframe>\n<\/div><\/figure>\n\n\n\n<p>>> <strong>V\u00eddeo. Entrevista a la asociaci\u00f3n cultural Jentilbaratza de Ataun<\/strong> (Gipuzkoa).<\/p>\n\n\n\n<figure class=\"wp-block-embed is-type-video is-provider-youtube wp-block-embed-youtube wp-embed-aspect-16-9 wp-has-aspect-ratio\"><div class=\"wp-block-embed__wrapper\">\n<iframe title=\"Igartubeiti Miradas desde el interior Jentilbaratza\" width=\"1170\" height=\"658\" src=\"https:\/\/www.youtube.com\/embed\/RaafVFaeqak?feature=oembed\" frameborder=\"0\" allow=\"accelerometer; autoplay; clipboard-write; encrypted-media; gyroscope; picture-in-picture; web-share\" referrerpolicy=\"strict-origin-when-cross-origin\" allowfullscreen><\/iframe>\n<\/div><\/figure>\n\n\n\n<p>>> <strong>V\u00eddeo. Entrevista a la artista Kontxi Simon<\/strong>.<\/p>\n\n\n\n<figure class=\"wp-block-embed is-type-video is-provider-youtube wp-block-embed-youtube wp-embed-aspect-16-9 wp-has-aspect-ratio\"><div class=\"wp-block-embed__wrapper\">\n<iframe title=\"Igartubeiti Miradas desde el interior Kontxi Simon\" width=\"1170\" height=\"658\" src=\"https:\/\/www.youtube.com\/embed\/Zw_Nu6MzcYA?feature=oembed\" frameborder=\"0\" allow=\"accelerometer; autoplay; clipboard-write; encrypted-media; gyroscope; picture-in-picture; web-share\" referrerpolicy=\"strict-origin-when-cross-origin\" allowfullscreen><\/iframe>\n<\/div><\/figure>\n\n\n\n<p>>> <strong>V\u00eddeo. Entrevista a Amaia Ruiz de Galarreta<\/strong>, actriz y colaboradora del Caser\u00edo Museo Igartubeiti.<\/p>\n\n\n\n<figure class=\"wp-block-embed is-type-video is-provider-youtube wp-block-embed-youtube wp-embed-aspect-16-9 wp-has-aspect-ratio\"><div class=\"wp-block-embed__wrapper\">\n<iframe title=\"Igartubeiti Miradas desde el interior Amaia Ruiz de Galarreta\" width=\"1170\" height=\"658\" src=\"https:\/\/www.youtube.com\/embed\/ilghQqymBcA?feature=oembed\" frameborder=\"0\" allow=\"accelerometer; autoplay; clipboard-write; encrypted-media; gyroscope; picture-in-picture; web-share\" referrerpolicy=\"strict-origin-when-cross-origin\" allowfullscreen><\/iframe>\n<\/div><\/figure>\n\n\n\n<p>>> <strong>Entrevista a Oihane Vicente y Oier Fern\u00e1ndez<\/strong>, los artistas y colaboradores del Caser\u00edo Museo Igartubeiti<\/p>\n\n\n\n<figure class=\"wp-block-embed is-type-video is-provider-youtube wp-block-embed-youtube wp-embed-aspect-16-9 wp-has-aspect-ratio\"><div class=\"wp-block-embed__wrapper\">\n<iframe title=\"Oihane Vicente y Oier Fern\u00e1ndez - Igartubizia\" width=\"1170\" height=\"658\" src=\"https:\/\/www.youtube.com\/embed\/TNVh1z853X4?feature=oembed\" frameborder=\"0\" allow=\"accelerometer; autoplay; clipboard-write; encrypted-media; gyroscope; picture-in-picture; web-share\" referrerpolicy=\"strict-origin-when-cross-origin\" allowfullscreen><\/iframe>\n<\/div><\/figure>\n","protected":false},"excerpt":{"rendered":"<p>Vincular el \u00e1mbito patrimonial con el \u00e1mbito creativo.<\/p>\n","protected":false},"author":1,"featured_media":11539,"comment_status":"closed","ping_status":"closed","template":"","filtre":[461,460],"cpt_portfolio_group":[406,105],"class_list":["post-11423","cpt_portfolio","type-cpt_portfolio","status-publish","has-post-thumbnail","hentry","filtre-artes-y-ciencias","filtre-creacion","cpt_portfolio_group-pyrenoteca-4-0","cpt_portfolio_group-artes-y-ciencias"],"_links":{"self":[{"href":"https:\/\/www.patrim.net\/pyrenoteca\/wp-json\/wp\/v2\/cpt_portfolio\/11423","targetHints":{"allow":["GET"]}}],"collection":[{"href":"https:\/\/www.patrim.net\/pyrenoteca\/wp-json\/wp\/v2\/cpt_portfolio"}],"about":[{"href":"https:\/\/www.patrim.net\/pyrenoteca\/wp-json\/wp\/v2\/types\/cpt_portfolio"}],"author":[{"embeddable":true,"href":"https:\/\/www.patrim.net\/pyrenoteca\/wp-json\/wp\/v2\/users\/1"}],"replies":[{"embeddable":true,"href":"https:\/\/www.patrim.net\/pyrenoteca\/wp-json\/wp\/v2\/comments?post=11423"}],"version-history":[{"count":9,"href":"https:\/\/www.patrim.net\/pyrenoteca\/wp-json\/wp\/v2\/cpt_portfolio\/11423\/revisions"}],"predecessor-version":[{"id":12117,"href":"https:\/\/www.patrim.net\/pyrenoteca\/wp-json\/wp\/v2\/cpt_portfolio\/11423\/revisions\/12117"}],"wp:featuredmedia":[{"embeddable":true,"href":"https:\/\/www.patrim.net\/pyrenoteca\/wp-json\/wp\/v2\/media\/11539"}],"wp:attachment":[{"href":"https:\/\/www.patrim.net\/pyrenoteca\/wp-json\/wp\/v2\/media?parent=11423"}],"wp:term":[{"taxonomy":"filtre","embeddable":true,"href":"https:\/\/www.patrim.net\/pyrenoteca\/wp-json\/wp\/v2\/filtre?post=11423"},{"taxonomy":"cpt_portfolio_group","embeddable":true,"href":"https:\/\/www.patrim.net\/pyrenoteca\/wp-json\/wp\/v2\/cpt_portfolio_group?post=11423"}],"curies":[{"name":"wp","href":"https:\/\/api.w.org\/{rel}","templated":true}]}}

<p></p>



<p><strong>Esta iniciativa surge con el objetivo de vincular el ámbito patrimonial con el ámbito creativo</strong>.<br>Los creadores y las creadoras de diferentes disciplinas presentan sus creaciones a partir del vínculo que mantienen con el caserío Igartubeiti.</p>



<p>>> <strong>Vídeo. Entrevista a Maria R. Laspiur</strong>, artista y diseñadora de moda que nos enseñó cómo trabajar las formas de la naturaleza de forma ecológica y biodegradable a través de la impresora 3D.</p>



<figure class="wp-block-embed is-type-video is-provider-youtube wp-block-embed-youtube wp-embed-aspect-16-9 wp-has-aspect-ratio"><div class="wp-block-embed__wrapper">
<iframe title="Miradas desde el interior_Maria R  Laspiur" width="1170" height="658" src="https://www.youtube.com/embed/qGrI56LlpAY?feature=oembed" frameborder="0" allow="accelerometer; autoplay; clipboard-write; encrypted-media; gyroscope; picture-in-picture; web-share" referrerpolicy="strict-origin-when-cross-origin" allowfullscreen></iframe>
</div></figure>



<p>>> <strong>Vídeo. Entrevista a la asociación cultural Jentilbaratza de Ataun</strong> (Gipuzkoa).</p>



<figure class="wp-block-embed is-type-video is-provider-youtube wp-block-embed-youtube wp-embed-aspect-16-9 wp-has-aspect-ratio"><div class="wp-block-embed__wrapper">
<iframe title="Igartubeiti Miradas desde el interior Jentilbaratza" width="1170" height="658" src="https://www.youtube.com/embed/RaafVFaeqak?feature=oembed" frameborder="0" allow="accelerometer; autoplay; clipboard-write; encrypted-media; gyroscope; picture-in-picture; web-share" referrerpolicy="strict-origin-when-cross-origin" allowfullscreen></iframe>
</div></figure>



<p>>> <strong>Vídeo. Entrevista a la artista Kontxi Simon</strong>.</p>



<figure class="wp-block-embed is-type-video is-provider-youtube wp-block-embed-youtube wp-embed-aspect-16-9 wp-has-aspect-ratio"><div class="wp-block-embed__wrapper">
<iframe title="Igartubeiti Miradas desde el interior Kontxi Simon" width="1170" height="658" src="https://www.youtube.com/embed/Zw_Nu6MzcYA?feature=oembed" frameborder="0" allow="accelerometer; autoplay; clipboard-write; encrypted-media; gyroscope; picture-in-picture; web-share" referrerpolicy="strict-origin-when-cross-origin" allowfullscreen></iframe>
</div></figure>



<p>>> <strong>Vídeo. Entrevista a Amaia Ruiz de Galarreta</strong>, actriz y colaboradora del Caserío Museo Igartubeiti.</p>



<figure class="wp-block-embed is-type-video is-provider-youtube wp-block-embed-youtube wp-embed-aspect-16-9 wp-has-aspect-ratio"><div class="wp-block-embed__wrapper">
<iframe title="Igartubeiti Miradas desde el interior Amaia Ruiz de Galarreta" width="1170" height="658" src="https://www.youtube.com/embed/ilghQqymBcA?feature=oembed" frameborder="0" allow="accelerometer; autoplay; clipboard-write; encrypted-media; gyroscope; picture-in-picture; web-share" referrerpolicy="strict-origin-when-cross-origin" allowfullscreen></iframe>
</div></figure>



<p>>> <strong>Entrevista a Oihane Vicente y Oier Fernández</strong>, los artistas y colaboradores del Caserío Museo Igartubeiti</p>



<figure class="wp-block-embed is-type-video is-provider-youtube wp-block-embed-youtube wp-embed-aspect-16-9 wp-has-aspect-ratio"><div class="wp-block-embed__wrapper">
<iframe title="Oihane Vicente y Oier Fernández - Igartubizia" width="1170" height="658" src="https://www.youtube.com/embed/TNVh1z853X4?feature=oembed" frameborder="0" allow="accelerometer; autoplay; clipboard-write; encrypted-media; gyroscope; picture-in-picture; web-share" referrerpolicy="strict-origin-when-cross-origin" allowfullscreen></iframe>
</div></figure>

<p>Vincular el ámbito patrimonial con el ámbito creativo.</p>
