{"id":6060,"date":"2022-01-03T12:02:34","date_gmt":"2022-01-03T10:02:34","guid":{"rendered":"https:\/\/www.patrim.net\/pyrenoteca\/?post_type=cpt_portfolio&#038;p=6060"},"modified":"2022-04-19T13:13:20","modified_gmt":"2022-04-19T11:13:20","slug":"casas-y-palacios-de-ayerbe","status":"publish","type":"cpt_portfolio","link":"https:\/\/www.patrim.net\/pyrenoteca\/fr\/portfolio\/casas-y-palacios-de-ayerbe\/","title":{"rendered":"Casas y palacios de Ayerbe"},"content":{"rendered":"\n<p>El tipo de edificaciones en Ayerbe es la caracter\u00edstica del Prepirineo. Su arquitectura se rige por las formas de vida rurales tradicionales de la zona aunque tambi\u00e9n existe una amplia representaci\u00f3n de otros tipos de edificaci\u00f3n correspondientes a \u00e9pocas de mayor desarrollo. Los tipos de construcci\u00f3n existentes son:<\/p>\n\n\n\n<ul class=\"wp-block-list\"><li>1) En la zona m\u00e1s antigua del casco antiguo existen edificaciones entre medianeras, de dos o tres plantas. Son viviendas con mucho fondo y poca fachada que forman manzanas de edificaci\u00f3n cerrada, con patios interiores.<\/li><li>2) La mayor\u00eda de las casas situadas en torno a las plazas de Ayerbe son de una mayor calidad y amplitud de espacio que las de la zona antigua..<\/li><li>3) Viviendas se\u00f1oriales, que en algunos casos se tratan de palacios renacentistas, de gran calidad est\u00e9tica, que contribuyen a la bonita imagen arquitect\u00f3nica de Ayerbe. Son reflejo de la bonanza del siglo XVI. El despertar comercial de esta \u00e9poca atrae nuevos pobladores que construyen sus viviendas perpendicularmente a la fachada del Palacio de los Urri\u00e9s y dando lugar a la plaza Baja. M\u00e1s adelante se formar\u00eda la Plaza Alta tras la parte posterior del palacio.<\/li><\/ul>\n\n\n\n<p>Son frecuentes la mezcla de piedra y ladrillo, reservando el ladrillo para las arquer\u00edas de la \u00faltima planta. Conservan los arcos de medio punto para las entradas. Algunos de estos ejemplos son:<\/p>\n\n\n\n<p><strong>Palacio de los Urri\u00e9s<\/strong><\/p>\n\n\n\n<p>Se ajusta al tipo de palacios del Renacimiento italiano, con planta cuadrada en cuyo interior se abre un patio rectangular de corte tambi\u00e9n italianizante. La obra est\u00e1 realizada en siller\u00eda de buena factura.<\/p>\n\n\n\n<p>Sufri\u00f3 importantes da\u00f1os durante la guerra de Independencia, que supusieron la desaparici\u00f3n del cuerpo norte de la construcci\u00f3n.<\/p>\n\n\n\n<p>La fachada principal es la parte mejor conservada y la m\u00e1s destacada del conjunto concentrando una mayor riqueza decorativa.<\/p>\n\n\n\n<p>En la parte central del cuerpo inferior hay gran vano en arco de medio punto, que era la entrada principal del palacio y daba acceso al patio interior. Sobre la clave de este arco se encuentra el escudo nobiliario de los Urri\u00e9s y los Lanuza, en referencia a don Hugo de Urri\u00e9s y su esposa do\u00f1a Greyda, quienes mandaron construir este palacio<\/p>\n\n\n\n<p>El cuerpo superior presenta una galer\u00eda de arquillos doblados de medio punto enmarcada por los torreones de los extremos. Corona este cuerpo una serie de almenas a\u00f1adidas a principios del siglo XX.<\/p>\n\n\n\n<p>Este palacio fue a partir del siglo XVI la residencia de la familia Urri\u00e9s, barones de Ayerbe y se\u00f1ores de un importante dominio territorial en los alrededores.<\/p>\n\n\n\n<p>Tradicionalmente se hab\u00eda fechado el inicio de la construcci\u00f3n del edificio a finales del siglo XV, aunque la mayor parte de la obra deb\u00eda datar del siglo XVI.<\/p>\n\n\n\n<p><strong>Palacio de los Luna<\/strong><\/p>\n\n\n\n<p>Construido por la familia Luna durante la segunda mitad del siglo XVI, una familia que obtuvo su confirmaci\u00f3n de infanzon\u00eda en 1645. En la fachada, sobre el arco de acceso, encontramos el escudo nobiliario de la familia.<\/p>\n\n\n\n<p>Est\u00e1 realizado en siller\u00eda con planta en L y tres pisos de altura, cuyo \u00faltimo piso es de ladrillo.<\/p>\n\n\n\n<p><strong>Casa Normante<\/strong><\/p>\n\n\n\n<p>Edificio entre medianeras que constaba de cinco plantas: s\u00f3tano, baja, primera, segunda y bajo cubierta. Esta fachada era totalmente de piedra, con sillares regulares de tama\u00f1o medio y bien escuadrados.<\/p>\n\n\n\n<p>Como remate de la fachada se conservan tres g\u00e1rgolas de piedra de gran tama\u00f1o, dispuestas sobre m\u00e9nsulas, que han motivado que este edificio se conozca tambi\u00e9n como \u201cCasa de las G\u00e1rgolas\u201d.<\/p>\n\n\n\n<p>Pertenec\u00eda a una distinguida familia navarra y por sus caracter\u00edsticas, parece levantada en el siglo XVI. Aparece el escudo en la clave del arco de entrada.<\/p>\n\n\n\n<p><strong>Casa Castilleros<\/strong><\/p>\n\n\n\n<p>Voluminosa vivienda de planta aproximadamente cuadrada, en uno de cuyos lados se ados\u00f3 posteriormente un cuerpo de menor dimensi\u00f3n donde se aloj\u00f3 una capilla. Consta de tres pisos, es muy sencilla y con escasos vanos. Est\u00e1 realizada con piedra sillar. Remata la fachada una cornisa de ladrillo y un alero de madera.<\/p>\n\n\n\n<p>Quiz\u00e1 el elemento m\u00e1s interesante de esta fachada sea el escudo de armas en la fachada. Corresponde a los Ena, infanzones desde al menos 1499. Por su factura, el edificio puede datar de las \u00faltimas d\u00e9cadas del siglo XVII.<\/p>\n\n\n\n<p><strong>Casa Forcada<\/strong><\/p>\n\n\n\n<p>Construida a principios del siglo XVII, destaca por sus grandes dimensiones y monumentalidad. Tiene planta rectangular ligeramente irregular, para adaptarse al trazado de la calle. Presenta tres pisos de altura.<\/p>\n\n\n\n<p>Los pisos inferiores est\u00e1n realizados en piedra sillar mientras que el superior es de ladrillo<\/p>\n\n\n\n<p>Se accede por un gran vano en arco de medio punto, con dovelas de tama\u00f1os regulares. Sobre la clave se coloc\u00f3 con posterioridad el escudo nobiliario de los Forcada.<\/p>\n\n\n\n<p>Remata la fachada un monumental alero realizado a base de hiladas escalonadas de ladrillos aplantillados con distintos perfiles.<\/p>\n","protected":false},"excerpt":{"rendered":"<p>Su arquitectura se rige por las formas de vida rurales tradicionales de la zona aunque tambi\u00e9n existe una amplia representaci\u00f3n de otros tipos de edificaci\u00f3n correspondientes a \u00e9pocas de mayor desarrollo.<\/p>\n","protected":false},"author":1,"featured_media":6065,"comment_status":"closed","ping_status":"closed","template":"","filtre":[237,259,261],"cpt_portfolio_group":[61,107],"class_list":["post-6060","cpt_portfolio","type-cpt_portfolio","status-publish","has-post-thumbnail","hentry","filtre-arquitectura","filtre-nobleza","filtre-palacio","cpt_portfolio_group-arquitectura","cpt_portfolio_group-historia"],"_links":{"self":[{"href":"https:\/\/www.patrim.net\/pyrenoteca\/fr\/wp-json\/wp\/v2\/cpt_portfolio\/6060","targetHints":{"allow":["GET"]}}],"collection":[{"href":"https:\/\/www.patrim.net\/pyrenoteca\/fr\/wp-json\/wp\/v2\/cpt_portfolio"}],"about":[{"href":"https:\/\/www.patrim.net\/pyrenoteca\/fr\/wp-json\/wp\/v2\/types\/cpt_portfolio"}],"author":[{"embeddable":true,"href":"https:\/\/www.patrim.net\/pyrenoteca\/fr\/wp-json\/wp\/v2\/users\/1"}],"replies":[{"embeddable":true,"href":"https:\/\/www.patrim.net\/pyrenoteca\/fr\/wp-json\/wp\/v2\/comments?post=6060"}],"version-history":[{"count":2,"href":"https:\/\/www.patrim.net\/pyrenoteca\/fr\/wp-json\/wp\/v2\/cpt_portfolio\/6060\/revisions"}],"predecessor-version":[{"id":8410,"href":"https:\/\/www.patrim.net\/pyrenoteca\/fr\/wp-json\/wp\/v2\/cpt_portfolio\/6060\/revisions\/8410"}],"wp:featuredmedia":[{"embeddable":true,"href":"https:\/\/www.patrim.net\/pyrenoteca\/fr\/wp-json\/wp\/v2\/media\/6065"}],"wp:attachment":[{"href":"https:\/\/www.patrim.net\/pyrenoteca\/fr\/wp-json\/wp\/v2\/media?parent=6060"}],"wp:term":[{"taxonomy":"filtre","embeddable":true,"href":"https:\/\/www.patrim.net\/pyrenoteca\/fr\/wp-json\/wp\/v2\/filtre?post=6060"},{"taxonomy":"cpt_portfolio_group","embeddable":true,"href":"https:\/\/www.patrim.net\/pyrenoteca\/fr\/wp-json\/wp\/v2\/cpt_portfolio_group?post=6060"}],"curies":[{"name":"wp","href":"https:\/\/api.w.org\/{rel}","templated":true}]}}

<p>El tipo de edificaciones en Ayerbe es la característica del Prepirineo. Su arquitectura se rige por las formas de vida rurales tradicionales de la zona aunque también existe una amplia representación de otros tipos de edificación correspondientes a épocas de mayor desarrollo. Los tipos de construcción existentes son:</p>



<ul class="wp-block-list"><li>1) En la zona más antigua del casco antiguo existen edificaciones entre medianeras, de dos o tres plantas. Son viviendas con mucho fondo y poca fachada que forman manzanas de edificación cerrada, con patios interiores.</li><li>2) La mayoría de las casas situadas en torno a las plazas de Ayerbe son de una mayor calidad y amplitud de espacio que las de la zona antigua..</li><li>3) Viviendas señoriales, que en algunos casos se tratan de palacios renacentistas, de gran calidad estética, que contribuyen a la bonita imagen arquitectónica de Ayerbe. Son reflejo de la bonanza del siglo XVI. El despertar comercial de esta época atrae nuevos pobladores que construyen sus viviendas perpendicularmente a la fachada del Palacio de los Urriés y dando lugar a la plaza Baja. Más adelante se formaría la Plaza Alta tras la parte posterior del palacio.</li></ul>



<p>Son frecuentes la mezcla de piedra y ladrillo, reservando el ladrillo para las arquerías de la última planta. Conservan los arcos de medio punto para las entradas. Algunos de estos ejemplos son:</p>



<p><strong>Palacio de los Urriés</strong></p>



<p>Se ajusta al tipo de palacios del Renacimiento italiano, con planta cuadrada en cuyo interior se abre un patio rectangular de corte también italianizante. La obra está realizada en sillería de buena factura.</p>



<p>Sufrió importantes daños durante la guerra de Independencia, que supusieron la desaparición del cuerpo norte de la construcción.</p>



<p>La fachada principal es la parte mejor conservada y la más destacada del conjunto concentrando una mayor riqueza decorativa.</p>



<p>En la parte central del cuerpo inferior hay gran vano en arco de medio punto, que era la entrada principal del palacio y daba acceso al patio interior. Sobre la clave de este arco se encuentra el escudo nobiliario de los Urriés y los Lanuza, en referencia a don Hugo de Urriés y su esposa doña Greyda, quienes mandaron construir este palacio</p>



<p>El cuerpo superior presenta una galería de arquillos doblados de medio punto enmarcada por los torreones de los extremos. Corona este cuerpo una serie de almenas añadidas a principios del siglo XX.</p>



<p>Este palacio fue a partir del siglo XVI la residencia de la familia Urriés, barones de Ayerbe y señores de un importante dominio territorial en los alrededores.</p>



<p>Tradicionalmente se había fechado el inicio de la construcción del edificio a finales del siglo XV, aunque la mayor parte de la obra debía datar del siglo XVI.</p>



<p><strong>Palacio de los Luna</strong></p>



<p>Construido por la familia Luna durante la segunda mitad del siglo XVI, una familia que obtuvo su confirmación de infanzonía en 1645. En la fachada, sobre el arco de acceso, encontramos el escudo nobiliario de la familia.</p>



<p>Está realizado en sillería con planta en L y tres pisos de altura, cuyo último piso es de ladrillo.</p>



<p><strong>Casa Normante</strong></p>



<p>Edificio entre medianeras que constaba de cinco plantas: sótano, baja, primera, segunda y bajo cubierta. Esta fachada era totalmente de piedra, con sillares regulares de tamaño medio y bien escuadrados.</p>



<p>Como remate de la fachada se conservan tres gárgolas de piedra de gran tamaño, dispuestas sobre ménsulas, que han motivado que este edificio se conozca también como “Casa de las Gárgolas”.</p>



<p>Pertenecía a una distinguida familia navarra y por sus características, parece levantada en el siglo XVI. Aparece el escudo en la clave del arco de entrada.</p>



<p><strong>Casa Castilleros</strong></p>



<p>Voluminosa vivienda de planta aproximadamente cuadrada, en uno de cuyos lados se adosó posteriormente un cuerpo de menor dimensión donde se alojó una capilla. Consta de tres pisos, es muy sencilla y con escasos vanos. Está realizada con piedra sillar. Remata la fachada una cornisa de ladrillo y un alero de madera.</p>



<p>Quizá el elemento más interesante de esta fachada sea el escudo de armas en la fachada. Corresponde a los Ena, infanzones desde al menos 1499. Por su factura, el edificio puede datar de las últimas décadas del siglo XVII.</p>



<p><strong>Casa Forcada</strong></p>



<p>Construida a principios del siglo XVII, destaca por sus grandes dimensiones y monumentalidad. Tiene planta rectangular ligeramente irregular, para adaptarse al trazado de la calle. Presenta tres pisos de altura.</p>



<p>Los pisos inferiores están realizados en piedra sillar mientras que el superior es de ladrillo</p>



<p>Se accede por un gran vano en arco de medio punto, con dovelas de tamaños regulares. Sobre la clave se colocó con posterioridad el escudo nobiliario de los Forcada.</p>



<p>Remata la fachada un monumental alero realizado a base de hiladas escalonadas de ladrillos aplantillados con distintos perfiles.</p>

<p>Su arquitectura se rige por las formas de vida rurales tradicionales de la zona aunque también existe una amplia representación de otros tipos de edificación correspondientes a épocas de mayor desarrollo.</p>
