{"id":12666,"date":"2025-12-03T14:20:00","date_gmt":"2025-12-03T12:20:00","guid":{"rendered":"https:\/\/www.patrim.net\/pyrenoteca\/?post_type=cpt_portfolio&#038;p=12666"},"modified":"2025-12-03T15:53:15","modified_gmt":"2025-12-03T13:53:15","slug":"les-gravures","status":"publish","type":"cpt_portfolio","link":"https:\/\/www.patrim.net\/pyrenoteca\/fr\/portfolio\/les-gravures\/","title":{"rendered":"Les gravures"},"content":{"rendered":"\n<p>Si les empreintes de mains ont toujours fait parler d\u2019elles, pour beaucoup, les quelques 140 gravures d\u2019animaux sont le v\u00e9ritable tr\u00e9sor de la grotte.<\/p>\n\n\n\n<p>Toutes les gravures se trouvent dans la grotte inf\u00e9rieure \u00e0 l\u2019exception d\u2019un bison d\u00e9couvert en 2005 au fond de la grotte sup\u00e9rieure.<\/p>\n\n\n\n<p>Leur disposition r\u00e9pond \u00e0 une certaine logique (inverse \u00e0 la disposition des mains). La grande majorit\u00e9 se concentre dans un petit diverticule situ\u00e9 tout au fond de la galerie appel\u00e9 <em>le sanctuaire des gravures<\/em> ou le <em>Camarin<\/em>. Le panneau du <em>Baldaquin<\/em> situ\u00e9 entre la salle 1 et le sanctuaire des mains concentre une dizaine de figures, on trouve deux chevaux et un bovid\u00e9 dans le diverticule des <em>Oubliettes<\/em> et enfin un bovid\u00e9 a \u00e9t\u00e9 grav\u00e9 dans la calcite bourgeonnante de la <em>salle 1<\/em>.<\/p>\n\n\n\n<p>Il y a eu clairement un choix des artistes dans les th\u00e8mes \u00e9voqu\u00e9s. On constate des r\u00e9currences plus importantes chez certains animaux. Le cheval par exemple repr\u00e9sente environ un tiers des figures. Il est suivi par les bovin\u00e9s (bison et aurochs), viennent ensuite le bouquetin et le mammouth qui repr\u00e9sentent respectivement 10 et 4 pour cent de l\u2019ensemble.<\/p>\n\n\n\n<p>Le contour des animaux a \u00e9t\u00e9 grav\u00e9 \u00e0 l\u2019aide d\u2019un \u00e9clat ou d\u2019une lame de silex. Les traits sont simples ou parfois multiples. Cette technique a \u00e9t\u00e9 vraisemblablement employ\u00e9e pour donner du volume ou rendre plus visible certaines grandes figures gr\u00e2ce au contraste entre la couleur terne de la paroi et la couleur plus claire du calcaire atteint par le trait grav\u00e9.<\/p>\n\n\n\n<p>Dans la salle du <em>sanctuaire des gravures<\/em>, le foisonnement des gravures sur les diff\u00e9rents panneaux est tr\u00e8s impressionnant, des centaines de traits se superposent et rendent difficile la lecture des figures. Certaines se per\u00e7oivent mieux que d\u2019autres, de nombreuses sont incompl\u00e8tes et ne pr\u00e9sentent que quelques d\u00e9tails anatomiques et beaucoup ne sont pas figuratives.<\/p>\n\n\n\n<p>La d\u00e9couverte de plaquettes grav\u00e9es dans les niveaux d\u2019occupation Gravettien lors des fouilles Breuil en 1911-1913 a permis la datation des gravures de Gargas. Le style des animaux repr\u00e9sent\u00e9s sur le mobilier \u00e9tant comparable \u00e0 celui des animaux grav\u00e9s sur les parois, on les attribue \u00e0 la p\u00e9riode Gravettienne. Il est tout de m\u00eame convenu qu\u2019une petite partie d\u2019entre elles et des trac\u00e9s digitaux ait \u00e9t\u00e9 r\u00e9alis\u00e9e \u00e0 l\u2019Aurignacien.<\/p>\n\n\n\n<p>La d\u00e9couverte en 2005, d\u2019un bison grav\u00e9 superpos\u00e9 \u00e0 un autre peint dans le fond de la grotte sup\u00e9rieure a permis d\u2019agrandir.<\/p>\n\n\n\n<p><\/p>\n\n\n\n<p><\/p>\n","protected":false},"excerpt":{"rendered":"<p>Avec pr\u00e8s de 140 figures, les gravures de Gargas repr\u00e9sentent un bestiaire remarquable o\u00f9 dominent chevaux, bovin\u00e9s, bouquetins et mammouths.<\/p>\n","protected":false},"author":1,"featured_media":12667,"comment_status":"closed","ping_status":"closed","template":"","filtre":[],"cpt_portfolio_group":[406,313,332,323,327,336],"class_list":["post-12666","cpt_portfolio","type-cpt_portfolio","status-publish","has-post-thumbnail","hentry","cpt_portfolio_group-pyrenoteca-4-0","cpt_portfolio_group-arts-sciences","cpt_portfolio_group-environnement-paysage","cpt_portfolio_group-geologie-orographie","cpt_portfolio_group-histoire-culture","cpt_portfolio_group-prehistoire"],"_links":{"self":[{"href":"https:\/\/www.patrim.net\/pyrenoteca\/fr\/wp-json\/wp\/v2\/cpt_portfolio\/12666","targetHints":{"allow":["GET"]}}],"collection":[{"href":"https:\/\/www.patrim.net\/pyrenoteca\/fr\/wp-json\/wp\/v2\/cpt_portfolio"}],"about":[{"href":"https:\/\/www.patrim.net\/pyrenoteca\/fr\/wp-json\/wp\/v2\/types\/cpt_portfolio"}],"author":[{"embeddable":true,"href":"https:\/\/www.patrim.net\/pyrenoteca\/fr\/wp-json\/wp\/v2\/users\/1"}],"replies":[{"embeddable":true,"href":"https:\/\/www.patrim.net\/pyrenoteca\/fr\/wp-json\/wp\/v2\/comments?post=12666"}],"version-history":[{"count":2,"href":"https:\/\/www.patrim.net\/pyrenoteca\/fr\/wp-json\/wp\/v2\/cpt_portfolio\/12666\/revisions"}],"predecessor-version":[{"id":12693,"href":"https:\/\/www.patrim.net\/pyrenoteca\/fr\/wp-json\/wp\/v2\/cpt_portfolio\/12666\/revisions\/12693"}],"wp:featuredmedia":[{"embeddable":true,"href":"https:\/\/www.patrim.net\/pyrenoteca\/fr\/wp-json\/wp\/v2\/media\/12667"}],"wp:attachment":[{"href":"https:\/\/www.patrim.net\/pyrenoteca\/fr\/wp-json\/wp\/v2\/media?parent=12666"}],"wp:term":[{"taxonomy":"filtre","embeddable":true,"href":"https:\/\/www.patrim.net\/pyrenoteca\/fr\/wp-json\/wp\/v2\/filtre?post=12666"},{"taxonomy":"cpt_portfolio_group","embeddable":true,"href":"https:\/\/www.patrim.net\/pyrenoteca\/fr\/wp-json\/wp\/v2\/cpt_portfolio_group?post=12666"}],"curies":[{"name":"wp","href":"https:\/\/api.w.org\/{rel}","templated":true}]}}

<p>Si les empreintes de mains ont toujours fait parler d’elles, pour beaucoup, les quelques 140 gravures d’animaux sont le véritable trésor de la grotte.</p>



<p>Toutes les gravures se trouvent dans la grotte inférieure à l’exception d’un bison découvert en 2005 au fond de la grotte supérieure.</p>



<p>Leur disposition répond à une certaine logique (inverse à la disposition des mains). La grande majorité se concentre dans un petit diverticule situé tout au fond de la galerie appelé <em>le sanctuaire des gravures</em> ou le <em>Camarin</em>. Le panneau du <em>Baldaquin</em> situé entre la salle 1 et le sanctuaire des mains concentre une dizaine de figures, on trouve deux chevaux et un bovidé dans le diverticule des <em>Oubliettes</em> et enfin un bovidé a été gravé dans la calcite bourgeonnante de la <em>salle 1</em>.</p>



<p>Il y a eu clairement un choix des artistes dans les thèmes évoqués. On constate des récurrences plus importantes chez certains animaux. Le cheval par exemple représente environ un tiers des figures. Il est suivi par les bovinés (bison et aurochs), viennent ensuite le bouquetin et le mammouth qui représentent respectivement 10 et 4 pour cent de l’ensemble.</p>



<p>Le contour des animaux a été gravé à l’aide d’un éclat ou d’une lame de silex. Les traits sont simples ou parfois multiples. Cette technique a été vraisemblablement employée pour donner du volume ou rendre plus visible certaines grandes figures grâce au contraste entre la couleur terne de la paroi et la couleur plus claire du calcaire atteint par le trait gravé.</p>



<p>Dans la salle du <em>sanctuaire des gravures</em>, le foisonnement des gravures sur les différents panneaux est très impressionnant, des centaines de traits se superposent et rendent difficile la lecture des figures. Certaines se perçoivent mieux que d’autres, de nombreuses sont incomplètes et ne présentent que quelques détails anatomiques et beaucoup ne sont pas figuratives.</p>



<p>La découverte de plaquettes gravées dans les niveaux d’occupation Gravettien lors des fouilles Breuil en 1911-1913 a permis la datation des gravures de Gargas. Le style des animaux représentés sur le mobilier étant comparable à celui des animaux gravés sur les parois, on les attribue à la période Gravettienne. Il est tout de même convenu qu’une petite partie d’entre elles et des tracés digitaux ait été réalisée à l’Aurignacien.</p>



<p>La découverte en 2005, d’un bison gravé superposé à un autre peint dans le fond de la grotte supérieure a permis d’agrandir.</p>



<p></p>



<p></p>

<p>Avec près de 140 figures, les gravures de Gargas représentent un bestiaire remarquable où dominent chevaux, bovinés, bouquetins et mammouths.</p>
