{"id":12634,"date":"2025-12-03T14:03:08","date_gmt":"2025-12-03T12:03:08","guid":{"rendered":"https:\/\/www.patrim.net\/pyrenoteca\/?post_type=cpt_portfolio&#038;p=12634"},"modified":"2025-12-03T14:03:32","modified_gmt":"2025-12-03T12:03:32","slug":"la-grotte-superieure","status":"publish","type":"cpt_portfolio","link":"https:\/\/www.patrim.net\/pyrenoteca\/fr\/portfolio\/la-grotte-superieure\/","title":{"rendered":"La grotte sup\u00e9rieure"},"content":{"rendered":"\n<p>Le porche de la grotte sup\u00e9rieure s\u2019ouvre au nord et domine le confluent de la Neste et de la Garonne. D\u00e8s entr\u00e9e on plonge dans une galerie descendante, \u00e0 plafond tr\u00e8s haut d\u2019o\u00f9 se d\u00e9ploient de nombreuses concr\u00e9tions et draperies stalagmitiques.<\/p>\n\n\n\n<p>Le porche \u00e9tant toujours rest\u00e9 ouvert, de nombreuses visites sont attest\u00e9es apr\u00e8s sa fr\u00e9quentation au pal\u00e9olithique. On y atteste des pratiques fun\u00e9raires datant de l\u2019\u00e2ge du fer avec le d\u00e9p\u00f4t d\u2019une urne contenant des cendres et des os humains. On sait aussi que le guano des chauves-souris a longtemps \u00e9t\u00e9 utilis\u00e9 comme engrais par les paysans de la r\u00e9gion.<\/p>\n\n\n\n<p>Les manifestations pari\u00e9tales sont peu nombreuses. Elles se situent \u00e0 des points topographiques remarquables : entr\u00e9e, changement de direction du r\u00e9seau ou fond de la galerie. Elles se composent principalement de figures animali\u00e8res, peintes et grav\u00e9es (deux bouquetins, trois bisons, un possible cervid\u00e9 [ ?]), ainsi qu\u2019une s\u00e9rie de ponctuations align\u00e9es formant un signe curviligne.<\/p>\n\n\n\n<p>On trouve aussi ins\u00e9r\u00e9 dans les fissures de la paroi calcaire de nombreuses esquilles d\u2019os, du colorant, des pi\u00e8ces lithiques.<\/p>\n\n\n\n<p>Leur chronologie reste incertaine, mais plusieurs figures pourraient se rapporter au Gravettien ou au Magdal\u00e9nien.<\/p>\n\n\n\n<p><a href=\"http:\/\/www.grottesdegargas.fr\" data-type=\"link\" data-id=\"www.grottesdegargas.fr\">www.grottesdegargas.fr <\/a><\/p>\n\n\n\n<p><a href=\"tel:0562988150\">0562988150<\/a>.<\/p>\n","protected":false},"excerpt":{"rendered":"<p>Une vaste cavit\u00e9 tourn\u00e9e vers la vall\u00e9e, abritant art rupestre, d\u00e9p\u00f4ts fun\u00e9raires et traces d\u2019occupations anciennes.<\/p>\n","protected":false},"author":1,"featured_media":12635,"comment_status":"closed","ping_status":"closed","template":"","filtre":[],"cpt_portfolio_group":[406,313,332,323,327,336],"class_list":["post-12634","cpt_portfolio","type-cpt_portfolio","status-publish","has-post-thumbnail","hentry","cpt_portfolio_group-pyrenoteca-4-0","cpt_portfolio_group-arts-sciences","cpt_portfolio_group-environnement-paysage","cpt_portfolio_group-geologie-orographie","cpt_portfolio_group-histoire-culture","cpt_portfolio_group-prehistoire"],"_links":{"self":[{"href":"https:\/\/www.patrim.net\/pyrenoteca\/fr\/wp-json\/wp\/v2\/cpt_portfolio\/12634","targetHints":{"allow":["GET"]}}],"collection":[{"href":"https:\/\/www.patrim.net\/pyrenoteca\/fr\/wp-json\/wp\/v2\/cpt_portfolio"}],"about":[{"href":"https:\/\/www.patrim.net\/pyrenoteca\/fr\/wp-json\/wp\/v2\/types\/cpt_portfolio"}],"author":[{"embeddable":true,"href":"https:\/\/www.patrim.net\/pyrenoteca\/fr\/wp-json\/wp\/v2\/users\/1"}],"replies":[{"embeddable":true,"href":"https:\/\/www.patrim.net\/pyrenoteca\/fr\/wp-json\/wp\/v2\/comments?post=12634"}],"version-history":[{"count":1,"href":"https:\/\/www.patrim.net\/pyrenoteca\/fr\/wp-json\/wp\/v2\/cpt_portfolio\/12634\/revisions"}],"predecessor-version":[{"id":12643,"href":"https:\/\/www.patrim.net\/pyrenoteca\/fr\/wp-json\/wp\/v2\/cpt_portfolio\/12634\/revisions\/12643"}],"wp:featuredmedia":[{"embeddable":true,"href":"https:\/\/www.patrim.net\/pyrenoteca\/fr\/wp-json\/wp\/v2\/media\/12635"}],"wp:attachment":[{"href":"https:\/\/www.patrim.net\/pyrenoteca\/fr\/wp-json\/wp\/v2\/media?parent=12634"}],"wp:term":[{"taxonomy":"filtre","embeddable":true,"href":"https:\/\/www.patrim.net\/pyrenoteca\/fr\/wp-json\/wp\/v2\/filtre?post=12634"},{"taxonomy":"cpt_portfolio_group","embeddable":true,"href":"https:\/\/www.patrim.net\/pyrenoteca\/fr\/wp-json\/wp\/v2\/cpt_portfolio_group?post=12634"}],"curies":[{"name":"wp","href":"https:\/\/api.w.org\/{rel}","templated":true}]}}

La grotte supérieure

<p>Le porche de la grotte supérieure s’ouvre au nord et domine le confluent de la Neste et de la Garonne. Dès entrée on plonge dans une galerie descendante, à plafond très haut d’où se déploient de nombreuses concrétions et draperies stalagmitiques.</p>



<p>Le porche étant toujours resté ouvert, de nombreuses visites sont attestées après sa fréquentation au paléolithique. On y atteste des pratiques funéraires datant de l’âge du fer avec le dépôt d’une urne contenant des cendres et des os humains. On sait aussi que le guano des chauves-souris a longtemps été utilisé comme engrais par les paysans de la région.</p>



<p>Les manifestations pariétales sont peu nombreuses. Elles se situent à des points topographiques remarquables : entrée, changement de direction du réseau ou fond de la galerie. Elles se composent principalement de figures animalières, peintes et gravées (deux bouquetins, trois bisons, un possible cervidé [ ?]), ainsi qu’une série de ponctuations alignées formant un signe curviligne.</p>



<p>On trouve aussi inséré dans les fissures de la paroi calcaire de nombreuses esquilles d’os, du colorant, des pièces lithiques.</p>



<p>Leur chronologie reste incertaine, mais plusieurs figures pourraient se rapporter au Gravettien ou au Magdalénien.</p>



<p><a href="http://www.grottesdegargas.fr" data-type="link" data-id="www.grottesdegargas.fr">www.grottesdegargas.fr </a></p>



<p><a href="tel:0562988150">0562988150</a>.</p>

<p>Une vaste cavité tournée vers la vallée, abritant art rupestre, dépôts funéraires et traces d’occupations anciennes.</p>
