{"id":12616,"date":"2025-12-03T13:50:20","date_gmt":"2025-12-03T11:50:20","guid":{"rendered":"https:\/\/www.patrim.net\/pyrenoteca\/?post_type=cpt_portfolio&#038;p=12616"},"modified":"2025-12-11T11:26:25","modified_gmt":"2025-12-11T09:26:25","slug":"plus-dun-siecle-de-recherches","status":"publish","type":"cpt_portfolio","link":"https:\/\/www.patrim.net\/pyrenoteca\/fr\/portfolio\/plus-dun-siecle-de-recherches\/","title":{"rendered":"Plus d\u2019un si\u00e8cle de recherches"},"content":{"rendered":"\n<p>L\u2019ouverture de la grotte au public remonte \u00e0 la premi\u00e8re moiti\u00e9 du 19\u00e8me si\u00e8cle et correspond aux d\u00e9buts du thermalisme et du tourisme dans les Pyr\u00e9n\u00e9es centrales. Il n\u2019est absolument pas question de pr\u00e9histoire lors de ces premi\u00e8res explorations mais plut\u00f4t de l\u2019attrait g\u00e9ologique des lieux. Ce sont les nombreuses colonnes, stalactites, stalagmites et autres concr\u00e9tions qui attirent les \u00e9rudits et les curieux.<\/p>\n\n\n\n<p>Cette exploitation pr\u00e9coce a eu le m\u00e9rite de faire conna\u00eetre le site et d\u2019attirer les pionniers de la recherche arch\u00e9ologique.<\/p>\n\n\n\n<p>Les premi\u00e8res fouilles datent de 1870. R\u00e9alis\u00e9es par le docteur F\u00e9lix Garrigou et le comte Alexis de Chasteigner, elles permettront de d\u00e9montrer la contemporan\u00e9it\u00e9 de l\u2019homme avec l\u2019ours des cavernes et le renne.<\/p>\n\n\n\n<p>En 1872, c\u2019est F\u00e9lix R\u00e9gnault, libraire Toulousain passionn\u00e9 par l\u2019arch\u00e9ologie qui fouillera une partie de la salle d\u2019entr\u00e9e de galerie inf\u00e9rieure. Il reviendra 10 ans plus tard dans la m\u00eame salle et mettra au jour des foyers qui attesteront une occupation humaine pendant la pr\u00e9histoire. C\u2019est encore lui F\u00e9lix qui sera \u00e0 l\u2019origine de la reconnaissance de l\u2019art pari\u00e9tal \u00e0 Gargas avec la d\u00e9couverte des premi\u00e8res peintures de mains le 11 juin 1906.<\/p>\n\n\n\n<p>Apr\u00e8s l\u2019annonce de cette d\u00e9couverte, \u00c9mile Cartailhac et Henri Breuil reprennent les \u00e9tudes de la grotte. Apr\u00e8s un recensement des mains, (ils en compteront jusqu\u2019\u00e0 150), ils mettront au jour les trac\u00e9s digitaux de la salle des crevasses, les dessins du Baldaquin et surtout les panneaux grav\u00e9s du sanctuaire des gravures au fond de la grotte inf\u00e9rieure.<\/p>\n\n\n\n<p>Entre 1911 et 1913, ils mettront au jour lors de fouilles dans la premi\u00e8re salle \u00e0 une stratigraphie de 7 m\u00e8tres d\u2019\u00e9paisseur allant du Moust\u00e9rien au Gravettien.<\/p>\n\n\n\n<p>Dans les ann\u00e9es 30, Norbert Casteret \u00e9tudiera les colonies de chauves-souris pr\u00e9sentes dans la grotte et participera \u00e0 la d\u00e9couverte d\u2019une galerie du r\u00e9seau sup\u00e9rieur qui porte toujours son nom.<\/p>\n\n\n\n<p>Andr\u00e9 Leroi-Gourhan publiera en 1967 \u00ab\u00a0un essai pour une \u00e9tude d\u2019ensemble\u00a0\u00bb dans laquelle il propose une nouvelle lecture des mains de Gargas. Il suppose qu\u2019un code gestuel employ\u00e9 par des chasseurs via le repliement des doigts pourrait expliquer l\u2019absence des phalanges. Dans le m\u00eame temps, le docteur Ali Sahly, dans sa th\u00e8se doctorat interpr\u00e8te cette particularit\u00e9 comme des mutilations cons\u00e9cutives \u00e0 des gelures graves et des maladies n\u00e9crosantes.<\/p>\n\n\n\n<p>Le professeur C. Barri\u00e8re entreprend au d\u00e9but des ann\u00e9es 70 une r\u00e9vision compl\u00e8te de l\u2019art de Gargas, ses travaux seront publi\u00e9s en 1976 dans une monographie qui fait toujours r\u00e9f\u00e9rence.<\/p>\n\n\n\n<p>En 2004, une \u00e9quipe interdisciplinaire dirig\u00e9e par P. Foucher entreprend de nouvelles fouilles dans le secteur du proche d\u2019entr\u00e9e de la grotte inf\u00e9rieure. L\u2019objectif est de mieux appr\u00e9hender les groupes humains ayant fr\u00e9quent\u00e9 la grotte et de mieux comprendre la relation entre l\u2019habitat et les zones orn\u00e9es. Les r\u00e9sultats sont publi\u00e9s dans de nombreux articles et une monographie est en cours d\u2019\u00e9criture.<\/p>\n\n\n\n<p><a href=\"http:\/\/www.grottesdegargas.fr\" data-type=\"link\" data-id=\"www.grottesdegargas.fr\">www.grottesdegargas.fr<\/a><br><a href=\"tel:0562988150\">0562988150<\/a>.<\/p>\n\n\n\n<p><\/p>\n","protected":false},"excerpt":{"rendered":"<p>Depuis 1870, arch\u00e9ologues, pr\u00e9historiens et naturalistes se succ\u00e8dent \u00e0 Gargas, r\u00e9v\u00e9lant petit \u00e0 petit les mains en n\u00e9gatif, les gravures animales et l\u2019histoire humaine enfouie dans les deux grottes.<\/p>\n","protected":false},"author":1,"featured_media":12805,"comment_status":"closed","ping_status":"closed","template":"","filtre":[],"cpt_portfolio_group":[406,313,327,330,336],"class_list":["post-12616","cpt_portfolio","type-cpt_portfolio","status-publish","has-post-thumbnail","hentry","cpt_portfolio_group-pyrenoteca-4-0","cpt_portfolio_group-arts-sciences","cpt_portfolio_group-histoire-culture","cpt_portfolio_group-mythes-legendes-croyances","cpt_portfolio_group-prehistoire"],"_links":{"self":[{"href":"https:\/\/www.patrim.net\/pyrenoteca\/fr\/wp-json\/wp\/v2\/cpt_portfolio\/12616","targetHints":{"allow":["GET"]}}],"collection":[{"href":"https:\/\/www.patrim.net\/pyrenoteca\/fr\/wp-json\/wp\/v2\/cpt_portfolio"}],"about":[{"href":"https:\/\/www.patrim.net\/pyrenoteca\/fr\/wp-json\/wp\/v2\/types\/cpt_portfolio"}],"author":[{"embeddable":true,"href":"https:\/\/www.patrim.net\/pyrenoteca\/fr\/wp-json\/wp\/v2\/users\/1"}],"replies":[{"embeddable":true,"href":"https:\/\/www.patrim.net\/pyrenoteca\/fr\/wp-json\/wp\/v2\/comments?post=12616"}],"version-history":[{"count":1,"href":"https:\/\/www.patrim.net\/pyrenoteca\/fr\/wp-json\/wp\/v2\/cpt_portfolio\/12616\/revisions"}],"predecessor-version":[{"id":12623,"href":"https:\/\/www.patrim.net\/pyrenoteca\/fr\/wp-json\/wp\/v2\/cpt_portfolio\/12616\/revisions\/12623"}],"wp:featuredmedia":[{"embeddable":true,"href":"https:\/\/www.patrim.net\/pyrenoteca\/fr\/wp-json\/wp\/v2\/media\/12805"}],"wp:attachment":[{"href":"https:\/\/www.patrim.net\/pyrenoteca\/fr\/wp-json\/wp\/v2\/media?parent=12616"}],"wp:term":[{"taxonomy":"filtre","embeddable":true,"href":"https:\/\/www.patrim.net\/pyrenoteca\/fr\/wp-json\/wp\/v2\/filtre?post=12616"},{"taxonomy":"cpt_portfolio_group","embeddable":true,"href":"https:\/\/www.patrim.net\/pyrenoteca\/fr\/wp-json\/wp\/v2\/cpt_portfolio_group?post=12616"}],"curies":[{"name":"wp","href":"https:\/\/api.w.org\/{rel}","templated":true}]}}

Plus d’un siècle de recherches

<p>L’ouverture de la grotte au public remonte à la première moitié du 19ème siècle et correspond aux débuts du thermalisme et du tourisme dans les Pyrénées centrales. Il n’est absolument pas question de préhistoire lors de ces premières explorations mais plutôt de l’attrait géologique des lieux. Ce sont les nombreuses colonnes, stalactites, stalagmites et autres concrétions qui attirent les érudits et les curieux.</p>



<p>Cette exploitation précoce a eu le mérite de faire connaître le site et d’attirer les pionniers de la recherche archéologique.</p>



<p>Les premières fouilles datent de 1870. Réalisées par le docteur Félix Garrigou et le comte Alexis de Chasteigner, elles permettront de démontrer la contemporanéité de l’homme avec l’ours des cavernes et le renne.</p>



<p>En 1872, c’est Félix Régnault, libraire Toulousain passionné par l’archéologie qui fouillera une partie de la salle d’entrée de galerie inférieure. Il reviendra 10 ans plus tard dans la même salle et mettra au jour des foyers qui attesteront une occupation humaine pendant la préhistoire. C’est encore lui Félix qui sera à l’origine de la reconnaissance de l’art pariétal à Gargas avec la découverte des premières peintures de mains le 11 juin 1906.</p>



<p>Après l’annonce de cette découverte, Émile Cartailhac et Henri Breuil reprennent les études de la grotte. Après un recensement des mains, (ils en compteront jusqu’à 150), ils mettront au jour les tracés digitaux de la salle des crevasses, les dessins du Baldaquin et surtout les panneaux gravés du sanctuaire des gravures au fond de la grotte inférieure.</p>



<p>Entre 1911 et 1913, ils mettront au jour lors de fouilles dans la première salle à une stratigraphie de 7 mètres d’épaisseur allant du Moustérien au Gravettien.</p>



<p>Dans les années 30, Norbert Casteret étudiera les colonies de chauves-souris présentes dans la grotte et participera à la découverte d’une galerie du réseau supérieur qui porte toujours son nom.</p>



<p>André Leroi-Gourhan publiera en 1967 « un essai pour une étude d’ensemble » dans laquelle il propose une nouvelle lecture des mains de Gargas. Il suppose qu’un code gestuel employé par des chasseurs via le repliement des doigts pourrait expliquer l’absence des phalanges. Dans le même temps, le docteur Ali Sahly, dans sa thèse doctorat interprète cette particularité comme des mutilations consécutives à des gelures graves et des maladies nécrosantes.</p>



<p>Le professeur C. Barrière entreprend au début des années 70 une révision complète de l’art de Gargas, ses travaux seront publiés en 1976 dans une monographie qui fait toujours référence.</p>



<p>En 2004, une équipe interdisciplinaire dirigée par P. Foucher entreprend de nouvelles fouilles dans le secteur du proche d’entrée de la grotte inférieure. L’objectif est de mieux appréhender les groupes humains ayant fréquenté la grotte et de mieux comprendre la relation entre l’habitat et les zones ornées. Les résultats sont publiés dans de nombreux articles et une monographie est en cours d’écriture.</p>



<p><a href="http://www.grottesdegargas.fr" data-type="link" data-id="www.grottesdegargas.fr">www.grottesdegargas.fr</a><br><a href="tel:0562988150">0562988150</a>.</p>



<p></p>

<p>Depuis 1870, archéologues, préhistoriens et naturalistes se succèdent à Gargas, révélant petit à petit les mains en négatif, les gravures animales et l’histoire humaine enfouie dans les deux grottes.</p>
