{"id":12425,"date":"2025-12-03T12:04:08","date_gmt":"2025-12-03T10:04:08","guid":{"rendered":"https:\/\/www.patrim.net\/pyrenoteca\/?post_type=cpt_portfolio&#038;p=12425"},"modified":"2025-12-11T11:22:25","modified_gmt":"2025-12-11T09:22:25","slug":"le-moulin-de-debat-un-joyau-du-patrimoine-rural-de-saint-lary-soulan","status":"publish","type":"cpt_portfolio","link":"https:\/\/www.patrim.net\/pyrenoteca\/fr\/portfolio\/le-moulin-de-debat-un-joyau-du-patrimoine-rural-de-saint-lary-soulan\/","title":{"rendered":"Le Moulin de D\u00e9bat : Un joyau du patrimoine rural de Saint-Lary-Soulan"},"content":{"rendered":"\n<p>Le Moulin de D\u00e9bat, datant du XII\u00e8me si\u00e8cle, est un v\u00e9ritable t\u00e9moin de l&#8217;histoire et du patrimoine rural de Saint-Lary-Soulan. Restaur\u00e9 avec soin par la commune en 2008, ce moulin hydraulique a retrouv\u00e9 toute sa splendeur et est d\u00e9sormais un lieu incontournable pour les visiteurs souhaitant d\u00e9couvrir l&#8217;histoire de la r\u00e9gion.<\/p>\n\n\n\n<p><strong>Un voyage dans le temps<\/strong><\/p>\n\n\n\n<p>Le Moulin de D\u00e9bat offre une plong\u00e9e dans le pass\u00e9 et permet de mieux comprendre le mode de vie des habitants de la vall\u00e9e d&#8217;Aure. En visitant ce moulin, vous d\u00e9couvrirez :<\/p>\n\n\n\n<ul class=\"wp-block-list\">\n<li><strong>Les m\u00e9canismes<\/strong> d&#8217;un moulin \u00e0 eau : La roue \u00e0 aubes, les meules en pierre\u2026 tous les \u00e9l\u00e9ments qui ont permis de moudre le grain sont pr\u00e9sent\u00e9s et expliqu\u00e9s.<\/li>\n\n\n\n<li><strong>L&#8217;histoire du moulin<\/strong> : Des panneaux explicatifs retracent l&#8217;histoire du moulin, de sa construction jusqu&#8217;\u00e0 sa restauration.<\/li>\n\n\n\n<li><strong>La vie des meuniers<\/strong> : Vous pourrez vous imaginer le quotidien de ces hommes et de ces femmes qui travaillaient sans rel\u00e2che pour nourrir la population.<\/li>\n<\/ul>\n\n\n\n<p>Le Moulin de D\u00e9bat a \u00e9t\u00e9 labellis\u00e9 &#8220;Patrimoine Rural&#8221;, une distinction qui souligne la richesse de son histoire et l&#8217;importance de sa pr\u00e9servation. Ce label met en valeur le r\u00f4le essentiel que les moulins ont jou\u00e9 dans la vie des campagnes et leur contribution au patrimoine architectural et culturel.<\/p>\n\n\n\n<p>Le Moulin de D\u00e9bat n&#8217;est pas seulement un mus\u00e9e, c&#8217;est aussi un lieu vivant o\u00f9 sont organis\u00e9es de nombreuses animations :<\/p>\n\n\n\n<ul class=\"wp-block-list\">\n<li><strong>Visites guid\u00e9es<\/strong> : Des guides passionn\u00e9s vous feront d\u00e9couvrir tous les secrets du moulin.<\/li>\n\n\n\n<li><strong>Ateliers p\u00e9dagogiques<\/strong> : Les enfants pourront d\u00e9couvrir les m\u00e9tiers de meunier et participer \u00e0 des ateliers manuels.<\/li>\n\n\n\n<li><strong>Expositions temporaires<\/strong> : Le moulin accueille r\u00e9guli\u00e8rement des expositions sur des th\u00e8mes li\u00e9s \u00e0 l&#8217;histoire locale.<\/li>\n<\/ul>\n\n\n\n<p>Le Moulin de D\u00e9bat est devenu un incontournable pour les touristes qui visitent Saint-Lary-Soulan. Il s&#8217;int\u00e8gre parfaitement dans le circuit touristique de la vall\u00e9e d&#8217;Aure et contribue \u00e0 valoriser le patrimoine local.<\/p>\n\n\n\n<p><\/p>\n","protected":false},"excerpt":{"rendered":"<p>Le Moulin de D\u00e9bat, datant du XII\u00e8me si\u00e8cle, est un v\u00e9ritable t\u00e9moin de&hellip;<\/p>\n","protected":false},"author":1,"featured_media":12426,"comment_status":"closed","ping_status":"closed","template":"","filtre":[404,302,389,340],"cpt_portfolio_group":[406,310,327],"class_list":["post-12425","cpt_portfolio","type-cpt_portfolio","status-publish","has-post-thumbnail","hentry","filtre-actividades-para-familias","filtre-agua","filtre-medio-rural","filtre-pastores","cpt_portfolio_group-pyrenoteca-4-0","cpt_portfolio_group-architecture","cpt_portfolio_group-histoire-culture"],"_links":{"self":[{"href":"https:\/\/www.patrim.net\/pyrenoteca\/fr\/wp-json\/wp\/v2\/cpt_portfolio\/12425","targetHints":{"allow":["GET"]}}],"collection":[{"href":"https:\/\/www.patrim.net\/pyrenoteca\/fr\/wp-json\/wp\/v2\/cpt_portfolio"}],"about":[{"href":"https:\/\/www.patrim.net\/pyrenoteca\/fr\/wp-json\/wp\/v2\/types\/cpt_portfolio"}],"author":[{"embeddable":true,"href":"https:\/\/www.patrim.net\/pyrenoteca\/fr\/wp-json\/wp\/v2\/users\/1"}],"replies":[{"embeddable":true,"href":"https:\/\/www.patrim.net\/pyrenoteca\/fr\/wp-json\/wp\/v2\/comments?post=12425"}],"version-history":[{"count":1,"href":"https:\/\/www.patrim.net\/pyrenoteca\/fr\/wp-json\/wp\/v2\/cpt_portfolio\/12425\/revisions"}],"predecessor-version":[{"id":12430,"href":"https:\/\/www.patrim.net\/pyrenoteca\/fr\/wp-json\/wp\/v2\/cpt_portfolio\/12425\/revisions\/12430"}],"wp:featuredmedia":[{"embeddable":true,"href":"https:\/\/www.patrim.net\/pyrenoteca\/fr\/wp-json\/wp\/v2\/media\/12426"}],"wp:attachment":[{"href":"https:\/\/www.patrim.net\/pyrenoteca\/fr\/wp-json\/wp\/v2\/media?parent=12425"}],"wp:term":[{"taxonomy":"filtre","embeddable":true,"href":"https:\/\/www.patrim.net\/pyrenoteca\/fr\/wp-json\/wp\/v2\/filtre?post=12425"},{"taxonomy":"cpt_portfolio_group","embeddable":true,"href":"https:\/\/www.patrim.net\/pyrenoteca\/fr\/wp-json\/wp\/v2\/cpt_portfolio_group?post=12425"}],"curies":[{"name":"wp","href":"https:\/\/api.w.org\/{rel}","templated":true}]}}

Le Moulin de Débat : Un joyau du patrimoine rural de Saint-Lary-Soulan

<p>Le Moulin de Débat, datant du XIIème siècle, est un véritable témoin de l&#8217;histoire et du patrimoine rural de Saint-Lary-Soulan. Restauré avec soin par la commune en 2008, ce moulin hydraulique a retrouvé toute sa splendeur et est désormais un lieu incontournable pour les visiteurs souhaitant découvrir l&#8217;histoire de la région.</p>



<p><strong>Un voyage dans le temps</strong></p>



<p>Le Moulin de Débat offre une plongée dans le passé et permet de mieux comprendre le mode de vie des habitants de la vallée d&#8217;Aure. En visitant ce moulin, vous découvrirez :</p>



<ul class="wp-block-list">
<li><strong>Les mécanismes</strong> d&#8217;un moulin à eau : La roue à aubes, les meules en pierre… tous les éléments qui ont permis de moudre le grain sont présentés et expliqués.</li>



<li><strong>L&#8217;histoire du moulin</strong> : Des panneaux explicatifs retracent l&#8217;histoire du moulin, de sa construction jusqu&#8217;à sa restauration.</li>



<li><strong>La vie des meuniers</strong> : Vous pourrez vous imaginer le quotidien de ces hommes et de ces femmes qui travaillaient sans relâche pour nourrir la population.</li>
</ul>



<p>Le Moulin de Débat a été labellisé &#8220;Patrimoine Rural&#8221;, une distinction qui souligne la richesse de son histoire et l&#8217;importance de sa préservation. Ce label met en valeur le rôle essentiel que les moulins ont joué dans la vie des campagnes et leur contribution au patrimoine architectural et culturel.</p>



<p>Le Moulin de Débat n&#8217;est pas seulement un musée, c&#8217;est aussi un lieu vivant où sont organisées de nombreuses animations :</p>



<ul class="wp-block-list">
<li><strong>Visites guidées</strong> : Des guides passionnés vous feront découvrir tous les secrets du moulin.</li>



<li><strong>Ateliers pédagogiques</strong> : Les enfants pourront découvrir les métiers de meunier et participer à des ateliers manuels.</li>



<li><strong>Expositions temporaires</strong> : Le moulin accueille régulièrement des expositions sur des thèmes liés à l&#8217;histoire locale.</li>
</ul>



<p>Le Moulin de Débat est devenu un incontournable pour les touristes qui visitent Saint-Lary-Soulan. Il s&#8217;intègre parfaitement dans le circuit touristique de la vallée d&#8217;Aure et contribue à valoriser le patrimoine local.</p>



<p></p>

<p>Le Moulin de Débat, datant du XIIème siècle, est un véritable témoin de&hellip;</p>
