{"id":11628,"date":"2025-12-02T15:02:44","date_gmt":"2025-12-02T13:02:44","guid":{"rendered":"https:\/\/www.patrim.net\/pyrenoteca\/?post_type=cpt_portfolio&#038;p=11628"},"modified":"2025-12-03T04:04:33","modified_gmt":"2025-12-03T02:04:33","slug":"ribagorza-zona-de-frontera","status":"publish","type":"cpt_portfolio","link":"https:\/\/www.patrim.net\/pyrenoteca\/fr\/portfolio\/ribagorza-zona-de-frontera\/","title":{"rendered":"Ribagorza zona de Frontera"},"content":{"rendered":"\n<p><strong>La comarca de Ribagorza es un extenso territorio que en la actualidad se asemeja bastante a lo que un d\u00eda fue el hist\u00f3rico Condado de Ribagorza<\/strong>.<\/p>\n\n\n\n<p>Un territorio cargado de historia y que ha ido dejando huella en cada uno de sus pueblos. Encontramos desde vestigios paleontol\u00f3gicos de hace 65 millones de a\u00f1os, hasta un santuario del siglo XX.<\/p>\n\n\n\n<p>Pero si hay un periodo de la historia que ha caracterizado este territorio es la Edad Media, y sobre todo aquellos momentos de luchas, batallas y guerras en los que la reconquista de territorios musulmanes por parte de los cristianos salpic\u00f3 toda nuestra geograf\u00eda de castillos y torres defensivas, de un bando o de otro.<br>En torno al 720, tras la ca\u00edda de las principales plazas visigodas, los musulmanes se instalaron en los diferentes valles ribagorzanos, protegiendo este territorio con la construcci\u00f3n de hisn o castillos, formando una l\u00ednea defensiva entre todas ellas denominada husun. De ellas destaca el husun m\u00e1s septentrional formado por los hish de Secastilla, Mu\u00f1ones, Graus, Laguarres, Lascuarre y Castigaleu.<\/p>\n\n\n\n<p>A partir del siglo IX, con Ram\u00f3n I de Pallars, la conquista del territorio ribagorzano se acent\u00faa, y se construyen fortificaciones para ir defendiendo el territorio conquistado. Una reconquista que tras avances y retrocesos por parte de los cristianos no se concluy\u00f3 hasta el siglo XI. Importante result\u00f3 la conquista de Roda de Is\u00e1bena en el siglo X. Dos momentos claves se produjeron en Graus, el primero de ellos fue en 1063, cuando Ramiro I cay\u00f3 muerto tras intentar conquistar esta plaza. El segundo fue en 1083, cuando su hijo, Sancho Ram\u00edrez s\u00ed que consigui\u00f3 conquistar Graus.<\/p>\n\n\n\n<p>De todo este periodo de luchas y batallas nos queda una l\u00ednea defensiva de castillos y torres como el de Pano, el Mon de Perarr\u00faa, Fantova, Luz\u00e1s, Monta\u00f1ana, Fals, Viacamp o Chiriveta. Un lugar en el que perderse con las vistas impresionantes de este vasto territorio y en el que imaginar aquellos siglos de se\u00f1ores, condes y caballeros.<\/p>\n\n\n\n<p><\/p>\n","protected":false},"excerpt":{"rendered":"<p>La comarca de Ribagorza es un extenso territorio que en la actualidad se&hellip;<\/p>\n","protected":false},"author":1,"featured_media":11629,"comment_status":"closed","ping_status":"closed","template":"","filtre":[237,239,243],"cpt_portfolio_group":[406,107],"class_list":["post-11628","cpt_portfolio","type-cpt_portfolio","status-publish","has-post-thumbnail","hentry","filtre-arquitectura","filtre-arte","filtre-ciencia","cpt_portfolio_group-pyrenoteca-4-0","cpt_portfolio_group-historia"],"_links":{"self":[{"href":"https:\/\/www.patrim.net\/pyrenoteca\/fr\/wp-json\/wp\/v2\/cpt_portfolio\/11628","targetHints":{"allow":["GET"]}}],"collection":[{"href":"https:\/\/www.patrim.net\/pyrenoteca\/fr\/wp-json\/wp\/v2\/cpt_portfolio"}],"about":[{"href":"https:\/\/www.patrim.net\/pyrenoteca\/fr\/wp-json\/wp\/v2\/types\/cpt_portfolio"}],"author":[{"embeddable":true,"href":"https:\/\/www.patrim.net\/pyrenoteca\/fr\/wp-json\/wp\/v2\/users\/1"}],"replies":[{"embeddable":true,"href":"https:\/\/www.patrim.net\/pyrenoteca\/fr\/wp-json\/wp\/v2\/comments?post=11628"}],"version-history":[{"count":3,"href":"https:\/\/www.patrim.net\/pyrenoteca\/fr\/wp-json\/wp\/v2\/cpt_portfolio\/11628\/revisions"}],"predecessor-version":[{"id":11730,"href":"https:\/\/www.patrim.net\/pyrenoteca\/fr\/wp-json\/wp\/v2\/cpt_portfolio\/11628\/revisions\/11730"}],"wp:featuredmedia":[{"embeddable":true,"href":"https:\/\/www.patrim.net\/pyrenoteca\/fr\/wp-json\/wp\/v2\/media\/11629"}],"wp:attachment":[{"href":"https:\/\/www.patrim.net\/pyrenoteca\/fr\/wp-json\/wp\/v2\/media?parent=11628"}],"wp:term":[{"taxonomy":"filtre","embeddable":true,"href":"https:\/\/www.patrim.net\/pyrenoteca\/fr\/wp-json\/wp\/v2\/filtre?post=11628"},{"taxonomy":"cpt_portfolio_group","embeddable":true,"href":"https:\/\/www.patrim.net\/pyrenoteca\/fr\/wp-json\/wp\/v2\/cpt_portfolio_group?post=11628"}],"curies":[{"name":"wp","href":"https:\/\/api.w.org\/{rel}","templated":true}]}}

<p><strong>La comarca de Ribagorza es un extenso territorio que en la actualidad se asemeja bastante a lo que un día fue el histórico Condado de Ribagorza</strong>.</p>



<p>Un territorio cargado de historia y que ha ido dejando huella en cada uno de sus pueblos. Encontramos desde vestigios paleontológicos de hace 65 millones de años, hasta un santuario del siglo XX.</p>



<p>Pero si hay un periodo de la historia que ha caracterizado este territorio es la Edad Media, y sobre todo aquellos momentos de luchas, batallas y guerras en los que la reconquista de territorios musulmanes por parte de los cristianos salpicó toda nuestra geografía de castillos y torres defensivas, de un bando o de otro.<br>En torno al 720, tras la caída de las principales plazas visigodas, los musulmanes se instalaron en los diferentes valles ribagorzanos, protegiendo este territorio con la construcción de hisn o castillos, formando una línea defensiva entre todas ellas denominada husun. De ellas destaca el husun más septentrional formado por los hish de Secastilla, Muñones, Graus, Laguarres, Lascuarre y Castigaleu.</p>



<p>A partir del siglo IX, con Ramón I de Pallars, la conquista del territorio ribagorzano se acentúa, y se construyen fortificaciones para ir defendiendo el territorio conquistado. Una reconquista que tras avances y retrocesos por parte de los cristianos no se concluyó hasta el siglo XI. Importante resultó la conquista de Roda de Isábena en el siglo X. Dos momentos claves se produjeron en Graus, el primero de ellos fue en 1063, cuando Ramiro I cayó muerto tras intentar conquistar esta plaza. El segundo fue en 1083, cuando su hijo, Sancho Ramírez sí que consiguió conquistar Graus.</p>



<p>De todo este periodo de luchas y batallas nos queda una línea defensiva de castillos y torres como el de Pano, el Mon de Perarrúa, Fantova, Luzás, Montañana, Fals, Viacamp o Chiriveta. Un lugar en el que perderse con las vistas impresionantes de este vasto territorio y en el que imaginar aquellos siglos de señores, condes y caballeros.</p>



<p></p>
