{"id":11559,"date":"2025-12-02T14:37:33","date_gmt":"2025-12-02T12:37:33","guid":{"rendered":"https:\/\/www.patrim.net\/pyrenoteca\/?post_type=cpt_portfolio&#038;p=11559"},"modified":"2025-12-03T04:14:29","modified_gmt":"2025-12-03T02:14:29","slug":"fallas-del-pirineo","status":"publish","type":"cpt_portfolio","link":"https:\/\/www.patrim.net\/pyrenoteca\/fr\/portfolio\/fallas-del-pirineo\/","title":{"rendered":"Fallas del Pirineo"},"content":{"rendered":"\n<p>A ambos lados de la vertiente pirenaica, la francesa y la espa\u00f1ola, nace una tradici\u00f3n compartida y que renace de sus cenizas en cada noche de San Juan. Esta tradici\u00f3n ha sido puesta en valor en el a\u00f1o 2015 por su importancia cultural y tur\u00edstica, declar\u00e1ndola Patrimonio Inmaterial de la Humanidad por la UNESCO.<\/p>\n\n\n\n<p>La fiesta de las fallas se enmarca en las fiestas del fuego de San Juan, muy comunes en las localidades de monta\u00f1a y generalizadas en los Pirineos. El fuego es un elemento que despierta pasiones en sus diversas manifestaciones culturales, en la que es el verdadero protagonista.<\/p>\n\n\n\n<p>La simbolog\u00eda de esta fiesta pagana, originariamente, se celebraba en torno al solsticio de verano, una fecha cargada de simbolismo por los agricultores, ya que en muchos lugares significaba el inicio de la cosecha del cereal. Con la bajada de las Fallas se pretend\u00eda augurar unas buenas cosechas y asustar a los malos esp\u00edritus a trav\u00e9s de los rituales de fuego. Para muchos, era un acto de purificaci\u00f3n y renovaci\u00f3n.<\/p>\n\n\n\n<p>En Ribagorza, los pueblos de Sah\u00fan, Montanuy o Laspaules han celebrado estas fiestas de manera ininterrumpida y otros como Aneto, Bonansa, Gab\u00e1s y Castanesa, lo han ido recuperando. Hay muchos otros en los que ha desaparecido, pero la tes\u00f3n de sus vecinos puede hacer que alg\u00fan d\u00eda acaben bajando las fallas desde el faro.<\/p>\n\n\n\n<p>La fiesta suele ser la noche 23 y 24 de junio, aunque en algunos pueblos se adelanta o se retrasa unos d\u00edas. El ciclo de la fiesta comienza un mes antes, ya que durante el mes de mayo, los falleros van hacia los bosques para cortar los ejemplares que servir\u00e1n para preparar las fallas.<\/p>\n\n\n\n<p>Cada pueblo tiene su peculiaridad a la hora de llevar a cabo esta celebraci\u00f3n, pero de manera generalista podemos decir que el d\u00eda 23 de junio, se suben las fallas a la cima del Faro, que es como se llama la hoguera principal desde la que se encienden las fallas. Una vez encendidas descienden las fallas portadas por los falleros hasta el pueblo, formando una serpiente de fuego que se dibuja en la ladera de la monta\u00f1a. Una vez se llega al pueblo, las fallas se queman en una hoguera central.<\/p>\n\n\n\n<p>En la mayor\u00eda de estos pueblos, toda esta fiesta est\u00e1 aderezada por un conjunto de eventos aut\u00f3ctonos, catas gastron\u00f3micas de los productos t\u00edpicos del lugar y bailes tradicionales hasta que llega el amanecer.<\/p>\n\n\n\n<p>Las fiestas de las fallas se mantuvieron en el tiempo por ese deseo de transmisi\u00f3n de las tradiciones de padres a hijos y el sentimiento de orgullo y pertenencia a la comunidad que los ha visto nacer.<\/p>\n\n\n\n<p><\/p>\n","protected":false},"excerpt":{"rendered":"<p>En la noche de San Juan, los pueblos pirenaicos descienden las fallas desde el faro, formando una serpiente de fuego que simboliza purificaci\u00f3n, protecci\u00f3n y el inicio del verano.<\/p>\n","protected":false},"author":1,"featured_media":11581,"comment_status":"closed","ping_status":"closed","template":"","filtre":[307,304],"cpt_portfolio_group":[406,104,81],"class_list":["post-11559","cpt_portfolio","type-cpt_portfolio","status-publish","has-post-thumbnail","hentry","filtre-fiesta","filtre-leyenda","cpt_portfolio_group-pyrenoteca-4-0","cpt_portfolio_group-fiestas-y-tradiciones","cpt_portfolio_group-sociedad"],"_links":{"self":[{"href":"https:\/\/www.patrim.net\/pyrenoteca\/fr\/wp-json\/wp\/v2\/cpt_portfolio\/11559","targetHints":{"allow":["GET"]}}],"collection":[{"href":"https:\/\/www.patrim.net\/pyrenoteca\/fr\/wp-json\/wp\/v2\/cpt_portfolio"}],"about":[{"href":"https:\/\/www.patrim.net\/pyrenoteca\/fr\/wp-json\/wp\/v2\/types\/cpt_portfolio"}],"author":[{"embeddable":true,"href":"https:\/\/www.patrim.net\/pyrenoteca\/fr\/wp-json\/wp\/v2\/users\/1"}],"replies":[{"embeddable":true,"href":"https:\/\/www.patrim.net\/pyrenoteca\/fr\/wp-json\/wp\/v2\/comments?post=11559"}],"version-history":[{"count":3,"href":"https:\/\/www.patrim.net\/pyrenoteca\/fr\/wp-json\/wp\/v2\/cpt_portfolio\/11559\/revisions"}],"predecessor-version":[{"id":12396,"href":"https:\/\/www.patrim.net\/pyrenoteca\/fr\/wp-json\/wp\/v2\/cpt_portfolio\/11559\/revisions\/12396"}],"wp:featuredmedia":[{"embeddable":true,"href":"https:\/\/www.patrim.net\/pyrenoteca\/fr\/wp-json\/wp\/v2\/media\/11581"}],"wp:attachment":[{"href":"https:\/\/www.patrim.net\/pyrenoteca\/fr\/wp-json\/wp\/v2\/media?parent=11559"}],"wp:term":[{"taxonomy":"filtre","embeddable":true,"href":"https:\/\/www.patrim.net\/pyrenoteca\/fr\/wp-json\/wp\/v2\/filtre?post=11559"},{"taxonomy":"cpt_portfolio_group","embeddable":true,"href":"https:\/\/www.patrim.net\/pyrenoteca\/fr\/wp-json\/wp\/v2\/cpt_portfolio_group?post=11559"}],"curies":[{"name":"wp","href":"https:\/\/api.w.org\/{rel}","templated":true}]}}

<p>A ambos lados de la vertiente pirenaica, la francesa y la española, nace una tradición compartida y que renace de sus cenizas en cada noche de San Juan. Esta tradición ha sido puesta en valor en el año 2015 por su importancia cultural y turística, declarándola Patrimonio Inmaterial de la Humanidad por la UNESCO.</p>



<p>La fiesta de las fallas se enmarca en las fiestas del fuego de San Juan, muy comunes en las localidades de montaña y generalizadas en los Pirineos. El fuego es un elemento que despierta pasiones en sus diversas manifestaciones culturales, en la que es el verdadero protagonista.</p>



<p>La simbología de esta fiesta pagana, originariamente, se celebraba en torno al solsticio de verano, una fecha cargada de simbolismo por los agricultores, ya que en muchos lugares significaba el inicio de la cosecha del cereal. Con la bajada de las Fallas se pretendía augurar unas buenas cosechas y asustar a los malos espíritus a través de los rituales de fuego. Para muchos, era un acto de purificación y renovación.</p>



<p>En Ribagorza, los pueblos de Sahún, Montanuy o Laspaules han celebrado estas fiestas de manera ininterrumpida y otros como Aneto, Bonansa, Gabás y Castanesa, lo han ido recuperando. Hay muchos otros en los que ha desaparecido, pero la tesón de sus vecinos puede hacer que algún día acaben bajando las fallas desde el faro.</p>



<p>La fiesta suele ser la noche 23 y 24 de junio, aunque en algunos pueblos se adelanta o se retrasa unos días. El ciclo de la fiesta comienza un mes antes, ya que durante el mes de mayo, los falleros van hacia los bosques para cortar los ejemplares que servirán para preparar las fallas.</p>



<p>Cada pueblo tiene su peculiaridad a la hora de llevar a cabo esta celebración, pero de manera generalista podemos decir que el día 23 de junio, se suben las fallas a la cima del Faro, que es como se llama la hoguera principal desde la que se encienden las fallas. Una vez encendidas descienden las fallas portadas por los falleros hasta el pueblo, formando una serpiente de fuego que se dibuja en la ladera de la montaña. Una vez se llega al pueblo, las fallas se queman en una hoguera central.</p>



<p>En la mayoría de estos pueblos, toda esta fiesta está aderezada por un conjunto de eventos autóctonos, catas gastronómicas de los productos típicos del lugar y bailes tradicionales hasta que llega el amanecer.</p>



<p>Las fiestas de las fallas se mantuvieron en el tiempo por ese deseo de transmisión de las tradiciones de padres a hijos y el sentimiento de orgullo y pertenencia a la comunidad que los ha visto nacer.</p>



<p></p>

<p>En la noche de San Juan, los pueblos pirenaicos descienden las fallas desde el faro, formando una serpiente de fuego que simboliza purificación, protección y el inicio del verano.</p>
