{"id":8819,"date":"2024-11-12T13:28:06","date_gmt":"2024-11-12T11:28:06","guid":{"rendered":"https:\/\/www.patrim.net\/pyrenoteca\/?post_type=cpt_portfolio&#038;p=8819"},"modified":"2025-10-03T11:10:52","modified_gmt":"2025-10-03T09:10:52","slug":"iglesia-de-nuestra-senora-de-la-asuncion-peralta-de-alcofea","status":"publish","type":"cpt_portfolio","link":"https:\/\/www.patrim.net\/pyrenoteca\/eu\/portfolio\/iglesia-de-nuestra-senora-de-la-asuncion-peralta-de-alcofea\/","title":{"rendered":"Iglesia de Nuestra Se\u00f1ora de la Asunci\u00f3n (Peralta de Alcofea)"},"content":{"rendered":"\n<p>La iglesia de Nuestra Se\u00f1ora de la Asunci\u00f3n, tambi\u00e9n conocida como de Nuestra Se\u00f1ora de los Dolores, se encuentra en el mismo centro de la localidad de Peralta de Alcofea y en 2004 fue declarada Bien de Inter\u00e9s Cultural.<br>Su construcci\u00f3n comenz\u00f3 a finales del siglo XII o a principios del siglo XIII, siendo uno de los ejemplos m\u00e1s tard\u00edos del rom\u00e1nico en Arag\u00f3n. Lo m\u00e1s significativo del edificio es su puerta de ingreso que se sit\u00faa en la fachada sur. Una bell\u00edsima entrada al templo con seis arquivoltas, escenas labradas en la piedra del Antiguo y Nuevo Testamento, as\u00ed como la Epifan\u00eda de los Reyes Magos. Adem\u00e1s, si nos fijamos bien, en la arquivolta primera puede verse una sucesi\u00f3n de relieves que representan oficios medievales.<br>Adosada al mismo muro se alza una torre de planta cuadrada y desarrollo en ladrillo construida en el siglo XIX. Un buen motivo para visitar esta hist\u00f3rica localidad.<\/p>\n","protected":false},"excerpt":{"rendered":"<p>La iglesia de Nuestra Se\u00f1ora de la Asunci\u00f3n, tambi\u00e9n conocida como de Nuestra&hellip;<\/p>\n","protected":false},"author":1,"featured_media":8828,"comment_status":"closed","ping_status":"closed","template":"","filtre":[237,347,239,375,251,304],"cpt_portfolio_group":[405,61,107,85],"class_list":["post-8819","cpt_portfolio","type-cpt_portfolio","status-publish","has-post-thumbnail","hentry","filtre-arquitectura","filtre-arquitectura-religiosa","filtre-arte","filtre-etnologia","filtre-historia","filtre-leyenda","cpt_portfolio_group-pyrenoteca","cpt_portfolio_group-arquitectura","cpt_portfolio_group-historia","cpt_portfolio_group-mitos-leyendas-creencias"],"_links":{"self":[{"href":"https:\/\/www.patrim.net\/pyrenoteca\/eu\/wp-json\/wp\/v2\/cpt_portfolio\/8819","targetHints":{"allow":["GET"]}}],"collection":[{"href":"https:\/\/www.patrim.net\/pyrenoteca\/eu\/wp-json\/wp\/v2\/cpt_portfolio"}],"about":[{"href":"https:\/\/www.patrim.net\/pyrenoteca\/eu\/wp-json\/wp\/v2\/types\/cpt_portfolio"}],"author":[{"embeddable":true,"href":"https:\/\/www.patrim.net\/pyrenoteca\/eu\/wp-json\/wp\/v2\/users\/1"}],"replies":[{"embeddable":true,"href":"https:\/\/www.patrim.net\/pyrenoteca\/eu\/wp-json\/wp\/v2\/comments?post=8819"}],"version-history":[{"count":1,"href":"https:\/\/www.patrim.net\/pyrenoteca\/eu\/wp-json\/wp\/v2\/cpt_portfolio\/8819\/revisions"}],"predecessor-version":[{"id":8856,"href":"https:\/\/www.patrim.net\/pyrenoteca\/eu\/wp-json\/wp\/v2\/cpt_portfolio\/8819\/revisions\/8856"}],"wp:featuredmedia":[{"embeddable":true,"href":"https:\/\/www.patrim.net\/pyrenoteca\/eu\/wp-json\/wp\/v2\/media\/8828"}],"wp:attachment":[{"href":"https:\/\/www.patrim.net\/pyrenoteca\/eu\/wp-json\/wp\/v2\/media?parent=8819"}],"wp:term":[{"taxonomy":"filtre","embeddable":true,"href":"https:\/\/www.patrim.net\/pyrenoteca\/eu\/wp-json\/wp\/v2\/filtre?post=8819"},{"taxonomy":"cpt_portfolio_group","embeddable":true,"href":"https:\/\/www.patrim.net\/pyrenoteca\/eu\/wp-json\/wp\/v2\/cpt_portfolio_group?post=8819"}],"curies":[{"name":"wp","href":"https:\/\/api.w.org\/{rel}","templated":true}]}}

Iglesia de Nuestra Señora de la Asunción (Peralta de Alcofea)

<p>La iglesia de Nuestra Señora de la Asunción, también conocida como de Nuestra Señora de los Dolores, se encuentra en el mismo centro de la localidad de Peralta de Alcofea y en 2004 fue declarada Bien de Interés Cultural.<br>Su construcción comenzó a finales del siglo XII o a principios del siglo XIII, siendo uno de los ejemplos más tardíos del románico en Aragón. Lo más significativo del edificio es su puerta de ingreso que se sitúa en la fachada sur. Una bellísima entrada al templo con seis arquivoltas, escenas labradas en la piedra del Antiguo y Nuevo Testamento, así como la Epifanía de los Reyes Magos. Además, si nos fijamos bien, en la arquivolta primera puede verse una sucesión de relieves que representan oficios medievales.<br>Adosada al mismo muro se alza una torre de planta cuadrada y desarrollo en ladrillo construida en el siglo XIX. Un buen motivo para visitar esta histórica localidad.</p>

<p>La iglesia de Nuestra Señora de la Asunción, también conocida como de Nuestra&hellip;</p>
