{"id":8563,"date":"2024-10-15T20:33:50","date_gmt":"2024-10-15T18:33:50","guid":{"rendered":"https:\/\/www.patrim.net\/pyrenoteca\/?post_type=cpt_portfolio&#038;p=8563"},"modified":"2025-10-03T11:11:22","modified_gmt":"2025-10-03T09:11:22","slug":"recantillo-arte-contemporaneo-en-cheto-rodellar","status":"publish","type":"cpt_portfolio","link":"https:\/\/www.patrim.net\/pyrenoteca\/eu\/portfolio\/recantillo-arte-contemporaneo-en-cheto-rodellar\/","title":{"rendered":"Recantillo, arte contempor\u00e1neo en Cheto (Rodellar)"},"content":{"rendered":"\n<p>En junio de 2021 se realiz\u00f3 la obra \u201cRecantillo\u201d ubicada frente a un paisaje espectacular que da al barranco de Masc\u00fan, y la ermita rom\u00e1nica de la Virgen del Castillo quedando la obra perfectamente imbricada en la cultura de la zona y en el paisaje. Esta escultura est\u00e1 inspirada en las construcciones de la zona y los remates vegetales que en ocasiones presentan los muros de piedra seca. En concreto en el caser\u00edo de Cheto se utilizan estos remates habiendo podido la artista compartir informaci\u00f3n y experiencia al respecto con los vecinos.<\/p>\n\n\n\n<p>La obra cuenta con una mayor envergadura que la inicialmente prevista, siendo necesario incorporar una ayudante (Margot Loeffen) en una parte de proceso para el desarrollo de la y efectuar apoyo desde el taller formativo, enriqueciendo el aprendizaje de los alumnos y el proyecto. Adem\u00e1s de la escultura, la artista efectu\u00f3 una acci\u00f3n art\u00edstica menor sobre los muros rehabilitados incorporando materiales vegetales en los mismos, que ascienden a 3 intervenciones y que permiten el dial\u00f3go arte- cultura popular y naturaleza, en todo el conjunto de las intervenciones.<\/p>\n\n\n\n<p>La autora de Recantillo es la artista Luc\u00eda Loren. Licenciada en Bellas Artes por la Universidad Complutense de Madrid (1997). Varias becas y premios le han permitido participar en proyectos de investigaci\u00f3n art\u00edstica: Beca Erasmus, \u201cAccademia di Belle Arti\u201d, Bologna, Italia (1997), Beca Convenios Internacionales, \u201cFacultad de Artes\u201d. Tucum\u00e1n, Argentina (1999), Beca Ministerio Asuntos Exteriores, \u201cAccademia di Belle Arti\u201d, Bologna, Italia, (2000), Premio Artes Pl\u00e1sticas, Consejer\u00eda Cultura y Deportes de la Comunidad de Madrid (2003).Las relaciones de intercambio del ser humano con el entorno y el paisaje que se conforma, son el tema principal de reflexi\u00f3n de su trabajo en estos \u00faltimos a\u00f1os. Esta vinculaci\u00f3n con el paisaje ha inspirado las intervenciones espec\u00edficas que ha realizado en diversos entornos naturales: Reserva Biol\u00f3gica Horcomolle\u201dTucum\u00e1n (Argentina), I poetti fanno la citt\u00e1 Bolonia (Italia), Oltre il Giardino San Mauro Pascoli (Italia), Parque de Esculturas Lomos de Oro Villoslada de Cameros, La Rioja, Arte en la TierraSanta Lucia de Oc\u00f3n, La Rioja, El Bosque HuecoPuebla de La Sierra, Madrid, Naturalmente ArtificialMuseo Arte Contempor\u00e1neo Esteban Vicente, Segovia, Un camino entre el Arte y el Medio Rural Valdemanco, Mancomunidad Servicios Culturales, Madrid, V Muestra de Teatro de Calle de la Sierra Norte, Artifariti III Encuentros Internacionales de Arte en Territorios Liberados del Sahara Occidental, Camino de las Ra\u00edces, La Alberca, Salamanca.En todas estas intervenciones, utiliza los elementos del paisaje para realizar peque\u00f1as variaciones que reflexionan sobre el propio concepto de paisaje cultural. En muchas ocasiones, el proceso de trabajo se convierte en un espacio abierto a la participaci\u00f3n de la poblaci\u00f3n que habita el lugar, generando un intercambio de experiencias y conocimientos entre el proceso art\u00edstico y la poblaci\u00f3n rural.<\/p>\n","protected":false},"excerpt":{"rendered":"<p>En junio de 2021 se realiz\u00f3 la obra \u201cRecantillo\u201d ubicada frente a un&hellip;<\/p>\n","protected":false},"author":1,"featured_media":8570,"comment_status":"closed","ping_status":"closed","template":"","filtre":[237,301,387,385,388,375,382,383,384,389,371,390,386],"cpt_portfolio_group":[405,61,105],"class_list":["post-8563","cpt_portfolio","type-cpt_portfolio","status-publish","has-post-thumbnail","hentry","filtre-arquitectura","filtre-arquitectura-popular","filtre-bierge","filtre-cheto","filtre-despoblado","filtre-etnologia","filtre-land-art","filtre-lucia-loren","filtre-margot-loeffen","filtre-medio-rural","filtre-patrimonio","filtre-piedra-seca","filtre-rodellar","cpt_portfolio_group-pyrenoteca","cpt_portfolio_group-arquitectura","cpt_portfolio_group-artes-y-ciencias"],"_links":{"self":[{"href":"https:\/\/www.patrim.net\/pyrenoteca\/eu\/wp-json\/wp\/v2\/cpt_portfolio\/8563","targetHints":{"allow":["GET"]}}],"collection":[{"href":"https:\/\/www.patrim.net\/pyrenoteca\/eu\/wp-json\/wp\/v2\/cpt_portfolio"}],"about":[{"href":"https:\/\/www.patrim.net\/pyrenoteca\/eu\/wp-json\/wp\/v2\/types\/cpt_portfolio"}],"author":[{"embeddable":true,"href":"https:\/\/www.patrim.net\/pyrenoteca\/eu\/wp-json\/wp\/v2\/users\/1"}],"replies":[{"embeddable":true,"href":"https:\/\/www.patrim.net\/pyrenoteca\/eu\/wp-json\/wp\/v2\/comments?post=8563"}],"version-history":[{"count":2,"href":"https:\/\/www.patrim.net\/pyrenoteca\/eu\/wp-json\/wp\/v2\/cpt_portfolio\/8563\/revisions"}],"predecessor-version":[{"id":8704,"href":"https:\/\/www.patrim.net\/pyrenoteca\/eu\/wp-json\/wp\/v2\/cpt_portfolio\/8563\/revisions\/8704"}],"wp:featuredmedia":[{"embeddable":true,"href":"https:\/\/www.patrim.net\/pyrenoteca\/eu\/wp-json\/wp\/v2\/media\/8570"}],"wp:attachment":[{"href":"https:\/\/www.patrim.net\/pyrenoteca\/eu\/wp-json\/wp\/v2\/media?parent=8563"}],"wp:term":[{"taxonomy":"filtre","embeddable":true,"href":"https:\/\/www.patrim.net\/pyrenoteca\/eu\/wp-json\/wp\/v2\/filtre?post=8563"},{"taxonomy":"cpt_portfolio_group","embeddable":true,"href":"https:\/\/www.patrim.net\/pyrenoteca\/eu\/wp-json\/wp\/v2\/cpt_portfolio_group?post=8563"}],"curies":[{"name":"wp","href":"https:\/\/api.w.org\/{rel}","templated":true}]}}

Recantillo, arte contemporáneo en Cheto (Rodellar)

<p>En junio de 2021 se realizó la obra “Recantillo” ubicada frente a un paisaje espectacular que da al barranco de Mascún, y la ermita románica de la Virgen del Castillo quedando la obra perfectamente imbricada en la cultura de la zona y en el paisaje. Esta escultura está inspirada en las construcciones de la zona y los remates vegetales que en ocasiones presentan los muros de piedra seca. En concreto en el caserío de Cheto se utilizan estos remates habiendo podido la artista compartir información y experiencia al respecto con los vecinos.</p>



<p>La obra cuenta con una mayor envergadura que la inicialmente prevista, siendo necesario incorporar una ayudante (Margot Loeffen) en una parte de proceso para el desarrollo de la y efectuar apoyo desde el taller formativo, enriqueciendo el aprendizaje de los alumnos y el proyecto. Además de la escultura, la artista efectuó una acción artística menor sobre los muros rehabilitados incorporando materiales vegetales en los mismos, que ascienden a 3 intervenciones y que permiten el dialógo arte- cultura popular y naturaleza, en todo el conjunto de las intervenciones.</p>



<p>La autora de Recantillo es la artista Lucía Loren. Licenciada en Bellas Artes por la Universidad Complutense de Madrid (1997). Varias becas y premios le han permitido participar en proyectos de investigación artística: Beca Erasmus, “Accademia di Belle Arti”, Bologna, Italia (1997), Beca Convenios Internacionales, “Facultad de Artes”. Tucumán, Argentina (1999), Beca Ministerio Asuntos Exteriores, “Accademia di Belle Arti”, Bologna, Italia, (2000), Premio Artes Plásticas, Consejería Cultura y Deportes de la Comunidad de Madrid (2003).Las relaciones de intercambio del ser humano con el entorno y el paisaje que se conforma, son el tema principal de reflexión de su trabajo en estos últimos años. Esta vinculación con el paisaje ha inspirado las intervenciones específicas que ha realizado en diversos entornos naturales: Reserva Biológica Horcomolle”Tucumán (Argentina), I poetti fanno la cittá Bolonia (Italia), Oltre il Giardino San Mauro Pascoli (Italia), Parque de Esculturas Lomos de Oro Villoslada de Cameros, La Rioja, Arte en la TierraSanta Lucia de Ocón, La Rioja, El Bosque HuecoPuebla de La Sierra, Madrid, Naturalmente ArtificialMuseo Arte Contemporáneo Esteban Vicente, Segovia, Un camino entre el Arte y el Medio Rural Valdemanco, Mancomunidad Servicios Culturales, Madrid, V Muestra de Teatro de Calle de la Sierra Norte, Artifariti III Encuentros Internacionales de Arte en Territorios Liberados del Sahara Occidental, Camino de las Raíces, La Alberca, Salamanca.En todas estas intervenciones, utiliza los elementos del paisaje para realizar pequeñas variaciones que reflexionan sobre el propio concepto de paisaje cultural. En muchas ocasiones, el proceso de trabajo se convierte en un espacio abierto a la participación de la población que habita el lugar, generando un intercambio de experiencias y conocimientos entre el proceso artístico y la población rural.</p>

<p>En junio de 2021 se realizó la obra “Recantillo” ubicada frente a un&hellip;</p>
