{"id":8285,"date":"2022-04-06T09:44:13","date_gmt":"2022-04-06T07:44:13","guid":{"rendered":"https:\/\/www.patrim.net\/pyrenoteca\/?post_type=cpt_portfolio&#038;p=8285"},"modified":"2022-04-07T18:55:55","modified_gmt":"2022-04-07T16:55:55","slug":"monasterio-de-sant-pere-del-burgal","status":"publish","type":"cpt_portfolio","link":"https:\/\/www.patrim.net\/pyrenoteca\/eu\/portfolio\/monasterio-de-sant-pere-del-burgal\/","title":{"rendered":"Monasterio de Sant Pere del Burgal"},"content":{"rendered":"\n<p>Sant Pere del Burgal ya es nombrado el a\u00f1o 859, cuando su abad, Deligat, recibi\u00f3 el privilegio de inmunidad del conde de Tolosa. Fue un antiguo monasterio carolingio que se convirti\u00f3 en abad\u00eda benedictina femenina a finales del siglo X, aunque en pocos a\u00f1os pas\u00f3 a ser masculina.<\/p>\n\n\n\n<p>La iglesia del monasterio, parcialmente ca\u00edda, es una construcci\u00f3n rom\u00e1nica de tres naves orientadas a levante por tres \u00e1bsides semicirculares decorados exteriormente con arcuaciones lombardas y cenefas. El inicio situado al oeste se considera excepcional dentro del rom\u00e1nico catal\u00e1n, ya que presenta tambi\u00e9n un \u00e1bside, enfocado a la nave principal, de dos niveles. De la nave norte a\u00fan se conserva el muro y los arcos que separaban la nave lateral de la principal. En la otra nave lateral se observan restos de dos puertas que comunicaban con las otras dependencias monacales. Se pueden definir los per\u00edmetros de algunas de estas dependencias.<\/p>\n\n\n\n<p>En el \u00e1bside central se han reproducido las pinturas murales originales, que actualmente se encuentran en el MNAC y est\u00e1n atribuidas al Maestro de Pedret. Destaca la m\u00edtica figura femenina que aparece, la condesa Ll\u00facia de Pallars.<\/p>\n\n\n\n<p>El monasterio forma parte de la actividad del Ecomuseu, el Juego de Damas. Una ruta, con visi\u00f3n integral, con visi\u00f3n de g\u00e9nero, hablando de las mujeres y los hombres que hicieron la historia. Se explica como fue el JUEGO DE DAMAS, como se percibi\u00f3 desde ese lugar, y como transcurri\u00f3 la historia posterior. Tambi\u00e9n forman parte de la ruta Santa Maria d\u2019\u00c0neu, Santa Maria de Gerri y el castillo y la can\u00f3nica de Mur. La incorporaci\u00f3n m\u00e1s reciente al Juego es el Castillo de Valencia d\u2019\u00c0neu.<\/p>\n","protected":false},"excerpt":{"rendered":"<p>Sant Pere del Burgal ya es nombrado el a\u00f1o 859, cuando su abad,&hellip;<\/p>\n","protected":false},"author":1,"featured_media":8341,"comment_status":"closed","ping_status":"closed","template":"","filtre":[347,348,265],"cpt_portfolio_group":[61,105,63,107,85,81],"class_list":["post-8285","cpt_portfolio","type-cpt_portfolio","status-publish","has-post-thumbnail","hentry","filtre-arquitectura-religiosa","filtre-edad-media","filtre-romanico","cpt_portfolio_group-arquitectura","cpt_portfolio_group-artes-y-ciencias","cpt_portfolio_group-paisaje","cpt_portfolio_group-historia","cpt_portfolio_group-mitos-leyendas-creencias","cpt_portfolio_group-sociedad"],"_links":{"self":[{"href":"https:\/\/www.patrim.net\/pyrenoteca\/eu\/wp-json\/wp\/v2\/cpt_portfolio\/8285","targetHints":{"allow":["GET"]}}],"collection":[{"href":"https:\/\/www.patrim.net\/pyrenoteca\/eu\/wp-json\/wp\/v2\/cpt_portfolio"}],"about":[{"href":"https:\/\/www.patrim.net\/pyrenoteca\/eu\/wp-json\/wp\/v2\/types\/cpt_portfolio"}],"author":[{"embeddable":true,"href":"https:\/\/www.patrim.net\/pyrenoteca\/eu\/wp-json\/wp\/v2\/users\/1"}],"replies":[{"embeddable":true,"href":"https:\/\/www.patrim.net\/pyrenoteca\/eu\/wp-json\/wp\/v2\/comments?post=8285"}],"version-history":[{"count":2,"href":"https:\/\/www.patrim.net\/pyrenoteca\/eu\/wp-json\/wp\/v2\/cpt_portfolio\/8285\/revisions"}],"predecessor-version":[{"id":8304,"href":"https:\/\/www.patrim.net\/pyrenoteca\/eu\/wp-json\/wp\/v2\/cpt_portfolio\/8285\/revisions\/8304"}],"wp:featuredmedia":[{"embeddable":true,"href":"https:\/\/www.patrim.net\/pyrenoteca\/eu\/wp-json\/wp\/v2\/media\/8341"}],"wp:attachment":[{"href":"https:\/\/www.patrim.net\/pyrenoteca\/eu\/wp-json\/wp\/v2\/media?parent=8285"}],"wp:term":[{"taxonomy":"filtre","embeddable":true,"href":"https:\/\/www.patrim.net\/pyrenoteca\/eu\/wp-json\/wp\/v2\/filtre?post=8285"},{"taxonomy":"cpt_portfolio_group","embeddable":true,"href":"https:\/\/www.patrim.net\/pyrenoteca\/eu\/wp-json\/wp\/v2\/cpt_portfolio_group?post=8285"}],"curies":[{"name":"wp","href":"https:\/\/api.w.org\/{rel}","templated":true}]}}

<p>Sant Pere del Burgal ya es nombrado el año 859, cuando su abad, Deligat, recibió el privilegio de inmunidad del conde de Tolosa. Fue un antiguo monasterio carolingio que se convirtió en abadía benedictina femenina a finales del siglo X, aunque en pocos años pasó a ser masculina.</p>



<p>La iglesia del monasterio, parcialmente caída, es una construcción románica de tres naves orientadas a levante por tres ábsides semicirculares decorados exteriormente con arcuaciones lombardas y cenefas. El inicio situado al oeste se considera excepcional dentro del románico catalán, ya que presenta también un ábside, enfocado a la nave principal, de dos niveles. De la nave norte aún se conserva el muro y los arcos que separaban la nave lateral de la principal. En la otra nave lateral se observan restos de dos puertas que comunicaban con las otras dependencias monacales. Se pueden definir los perímetros de algunas de estas dependencias.</p>



<p>En el ábside central se han reproducido las pinturas murales originales, que actualmente se encuentran en el MNAC y están atribuidas al Maestro de Pedret. Destaca la mítica figura femenina que aparece, la condesa Llúcia de Pallars.</p>



<p>El monasterio forma parte de la actividad del Ecomuseu, el Juego de Damas. Una ruta, con visión integral, con visión de género, hablando de las mujeres y los hombres que hicieron la historia. Se explica como fue el JUEGO DE DAMAS, como se percibió desde ese lugar, y como transcurrió la historia posterior. También forman parte de la ruta Santa Maria d’Àneu, Santa Maria de Gerri y el castillo y la canónica de Mur. La incorporación más reciente al Juego es el Castillo de Valencia d’Àneu.</p>

<p>Sant Pere del Burgal ya es nombrado el año 859, cuando su abad,&hellip;</p>
