{"id":8192,"date":"2022-02-25T15:48:07","date_gmt":"2022-02-25T13:48:07","guid":{"rendered":"https:\/\/www.patrim.net\/pyrenoteca\/?post_type=cpt_portfolio&#038;p=8192"},"modified":"2022-02-25T15:48:58","modified_gmt":"2022-02-25T13:48:58","slug":"pozo-de-hielo-de-la-barbacana-barbastro","status":"publish","type":"cpt_portfolio","link":"https:\/\/www.patrim.net\/pyrenoteca\/eu\/portfolio\/pozo-de-hielo-de-la-barbacana-barbastro\/","title":{"rendered":"Pozo de hielo de la Barbacana (Barbastro)"},"content":{"rendered":"\n<p>A extramuros de la ciudad de Barbastro&nbsp;en el Barrio de San Juan, a orillas del r\u00edo Vero y en la falda del cerro donde se asent\u00f3 la primitiva ciudad, se construy\u00f3 el monumental pozo de hielo en el siglo XVII, que ha sido rehabilitado y musealizado.<\/p>\n\n\n\n<p>Fue construido en 1612 por Pedro de Ruesta, y constituye uno de los ejemplares m\u00e1s sobresalientes del Somontano y Arag\u00f3n por su monumentalidad, y exponente de una floreciente industria entre los s. XVI y XVII.<\/p>\n\n\n\n<p>Excavado en la ladera , aprovecha parte de la &nbsp;roca de arenisca y el resto con obra de sillarejo y sillar,. Se cubre con b\u00f3veda de medio punto reforzada con arcos, todo en obra de ladrillo. Cuenta con cuatro aberturas (la \u00faltima en la cubierta) por la que se realizaba el llenado del mismo. Se surt\u00eda del hielo que se formaba en unas balsas situadas a orillas del r\u00edo, de la nieve ca\u00edda en invierno y si era necesario se importaba hielo y nieve de los pozos de Otin situados en la sierra de Guara.<\/p>\n\n\n\n<p>Fue construido por el Concejo de la ciudad, y dispuso de un conjunto de normativa que regulaba el arrendamiento y los deberes de suministro del arrendador a la ciudad. Barbastro como n\u00facleo urbano de referencia de la zona oriental de Huesca desde el Medievo, requer\u00eda un abastecimiento fundamental de este producto para uso m\u00e9dico, cuando se celebraban cortes o fiestas y para otros usos.<\/p>\n\n\n\n<p>Tras su rehabilitaci\u00f3n ha sido musealizado. A trav\u00e9s de recreaciones, paneles,&nbsp; y audiovisuales se explicar su funcionamiento y contexto hist\u00f3rico.<\/p>\n\n\n\n<p>&nbsp;Est\u00e1 declarado Bien de Inter\u00e9s Cultural y constituye un elemento representativo del Parque Cultural del R\u00edo Vero.<\/p>\n","protected":false},"excerpt":{"rendered":"<p>A extramuros de la ciudad en el Barrio de San Juan, a orillas del r\u00edo Vero se construy\u00f3 el monumental pozo de hielo en el siglo XVII.<\/p>\n","protected":false},"author":1,"featured_media":8197,"comment_status":"closed","ping_status":"closed","template":"","filtre":[],"cpt_portfolio_group":[],"class_list":["post-8192","cpt_portfolio","type-cpt_portfolio","status-publish","has-post-thumbnail","hentry"],"_links":{"self":[{"href":"https:\/\/www.patrim.net\/pyrenoteca\/eu\/wp-json\/wp\/v2\/cpt_portfolio\/8192","targetHints":{"allow":["GET"]}}],"collection":[{"href":"https:\/\/www.patrim.net\/pyrenoteca\/eu\/wp-json\/wp\/v2\/cpt_portfolio"}],"about":[{"href":"https:\/\/www.patrim.net\/pyrenoteca\/eu\/wp-json\/wp\/v2\/types\/cpt_portfolio"}],"author":[{"embeddable":true,"href":"https:\/\/www.patrim.net\/pyrenoteca\/eu\/wp-json\/wp\/v2\/users\/1"}],"replies":[{"embeddable":true,"href":"https:\/\/www.patrim.net\/pyrenoteca\/eu\/wp-json\/wp\/v2\/comments?post=8192"}],"version-history":[{"count":1,"href":"https:\/\/www.patrim.net\/pyrenoteca\/eu\/wp-json\/wp\/v2\/cpt_portfolio\/8192\/revisions"}],"predecessor-version":[{"id":8205,"href":"https:\/\/www.patrim.net\/pyrenoteca\/eu\/wp-json\/wp\/v2\/cpt_portfolio\/8192\/revisions\/8205"}],"wp:featuredmedia":[{"embeddable":true,"href":"https:\/\/www.patrim.net\/pyrenoteca\/eu\/wp-json\/wp\/v2\/media\/8197"}],"wp:attachment":[{"href":"https:\/\/www.patrim.net\/pyrenoteca\/eu\/wp-json\/wp\/v2\/media?parent=8192"}],"wp:term":[{"taxonomy":"filtre","embeddable":true,"href":"https:\/\/www.patrim.net\/pyrenoteca\/eu\/wp-json\/wp\/v2\/filtre?post=8192"},{"taxonomy":"cpt_portfolio_group","embeddable":true,"href":"https:\/\/www.patrim.net\/pyrenoteca\/eu\/wp-json\/wp\/v2\/cpt_portfolio_group?post=8192"}],"curies":[{"name":"wp","href":"https:\/\/api.w.org\/{rel}","templated":true}]}}

<p>A extramuros de la ciudad de Barbastro&nbsp;en el Barrio de San Juan, a orillas del río Vero y en la falda del cerro donde se asentó la primitiva ciudad, se construyó el monumental pozo de hielo en el siglo XVII, que ha sido rehabilitado y musealizado.</p>



<p>Fue construido en 1612 por Pedro de Ruesta, y constituye uno de los ejemplares más sobresalientes del Somontano y Aragón por su monumentalidad, y exponente de una floreciente industria entre los s. XVI y XVII.</p>



<p>Excavado en la ladera , aprovecha parte de la &nbsp;roca de arenisca y el resto con obra de sillarejo y sillar,. Se cubre con bóveda de medio punto reforzada con arcos, todo en obra de ladrillo. Cuenta con cuatro aberturas (la última en la cubierta) por la que se realizaba el llenado del mismo. Se surtía del hielo que se formaba en unas balsas situadas a orillas del río, de la nieve caída en invierno y si era necesario se importaba hielo y nieve de los pozos de Otin situados en la sierra de Guara.</p>



<p>Fue construido por el Concejo de la ciudad, y dispuso de un conjunto de normativa que regulaba el arrendamiento y los deberes de suministro del arrendador a la ciudad. Barbastro como núcleo urbano de referencia de la zona oriental de Huesca desde el Medievo, requería un abastecimiento fundamental de este producto para uso médico, cuando se celebraban cortes o fiestas y para otros usos.</p>



<p>Tras su rehabilitación ha sido musealizado. A través de recreaciones, paneles,&nbsp; y audiovisuales se explicar su funcionamiento y contexto histórico.</p>



<p>&nbsp;Está declarado Bien de Interés Cultural y constituye un elemento representativo del Parque Cultural del Río Vero.</p>

<p>A extramuros de la ciudad en el Barrio de San Juan, a orillas del río Vero se construyó el monumental pozo de hielo en el siglo XVII.</p>
