{"id":11822,"date":"2025-12-02T16:08:15","date_gmt":"2025-12-02T14:08:15","guid":{"rendered":"https:\/\/www.patrim.net\/pyrenoteca\/?post_type=cpt_portfolio&#038;p=11822"},"modified":"2025-12-03T03:46:05","modified_gmt":"2025-12-03T01:46:05","slug":"el-megalitismo-en-ribagorza-dolmenes-y-menhires","status":"publish","type":"cpt_portfolio","link":"https:\/\/www.patrim.net\/pyrenoteca\/eu\/portfolio\/el-megalitismo-en-ribagorza-dolmenes-y-menhires\/","title":{"rendered":"El megalitismo en Ribagorza. D\u00f3lmenes y Menhires"},"content":{"rendered":"\n<p>Las excelentes condiciones que siempre ha tenido el territorio que forma la comarca de Ribagorza ha sido determinante para que la poblaci\u00f3n se haya asentado desde los or\u00edgenes. Una rica fauna, una vegetaci\u00f3n extensa y un recurso abundante como el agua ha propiciado encontrar vestigios de presencia humana desde \u00e9pocas remotas.<\/p>\n\n\n\n<p>Y uno de los elementos caracter\u00edsticos del hombre prehist\u00f3rico ha sido su legado a trav\u00e9s de la arquitectura funeraria. D\u00f3lmenes y menhires salpican nuestro territorio, unos m\u00e1s conocidos que otros.<\/p>\n\n\n\n<p>Los d\u00f3lmenes son construcciones funerarias de la \u00e9poca neol\u00edtica. Est\u00e1n formados por una losa horizontal a modo de cubierta sujeta por diversas losas verticales. En cambio los menhires son la forma m\u00e1s sencilla de monumento megal\u00edtico. Consiste en una piedra, por lo general alargada, dispuesta en el terreno de manera vertical. Se saben que son construcciones funerarias, pero se desconocen sus significados rituales concretos.<\/p>\n\n\n\n<p>Sobre los d\u00f3lmenes, destacan los de Cornudella (Ar\u00e9n), Mas de Abad (Aler) y el de Seira. Sobre los d\u00f3lmenes de Cornudella, seg\u00fan la carta arqueol\u00f3gica, este conjunto Neo-eneol\u00edtico data de unos 2.500 \u2013 3.000 a\u00f1os a.C. Se encuentra en el interior de un bosque de robles, por lo que es aconsejable acudir a visitarlos con alguien que conozca el terreno. Los d\u00f3lmenes del Mas de Abad (Aler), son de f\u00e1cil acceso para el visitante. All\u00ed encontraremos dos d\u00f3lmenes, uno completo y el otro destruido. El Dolmen de Seira, tambi\u00e9n conocido como de san Nicolau, tiene la peculiaridad de ser de granito y no de roca caliza.<\/p>\n\n\n\n<p>En cuanto al menhir, el m\u00e1s relevante es el menhir de Merli. Es una roca clavada en el suelo de unos seis metros de altura, con una antig\u00fcedad estimada entre los 5.000 y 7.000 a\u00f1os.<\/p>\n","protected":false},"excerpt":{"rendered":"<p>Entre bosques, lomas y valles, la Ribagorza conserva destacados ejemplos de arquitectura funeraria neol\u00edtica como los d\u00f3lmenes de Cornudella, Mas de Abad y Seira, junto al imponente menhir de Merli.<\/p>\n","protected":false},"author":1,"featured_media":11831,"comment_status":"closed","ping_status":"closed","template":"","filtre":[430,251,457],"cpt_portfolio_group":[406,106],"class_list":["post-11822","cpt_portfolio","type-cpt_portfolio","status-publish","has-post-thumbnail","hentry","filtre-cultura","filtre-historia","filtre-sociedad","cpt_portfolio_group-pyrenoteca-4-0","cpt_portfolio_group-prehistoria"],"_links":{"self":[{"href":"https:\/\/www.patrim.net\/pyrenoteca\/eu\/wp-json\/wp\/v2\/cpt_portfolio\/11822","targetHints":{"allow":["GET"]}}],"collection":[{"href":"https:\/\/www.patrim.net\/pyrenoteca\/eu\/wp-json\/wp\/v2\/cpt_portfolio"}],"about":[{"href":"https:\/\/www.patrim.net\/pyrenoteca\/eu\/wp-json\/wp\/v2\/types\/cpt_portfolio"}],"author":[{"embeddable":true,"href":"https:\/\/www.patrim.net\/pyrenoteca\/eu\/wp-json\/wp\/v2\/users\/1"}],"replies":[{"embeddable":true,"href":"https:\/\/www.patrim.net\/pyrenoteca\/eu\/wp-json\/wp\/v2\/comments?post=11822"}],"version-history":[{"count":3,"href":"https:\/\/www.patrim.net\/pyrenoteca\/eu\/wp-json\/wp\/v2\/cpt_portfolio\/11822\/revisions"}],"predecessor-version":[{"id":12042,"href":"https:\/\/www.patrim.net\/pyrenoteca\/eu\/wp-json\/wp\/v2\/cpt_portfolio\/11822\/revisions\/12042"}],"wp:featuredmedia":[{"embeddable":true,"href":"https:\/\/www.patrim.net\/pyrenoteca\/eu\/wp-json\/wp\/v2\/media\/11831"}],"wp:attachment":[{"href":"https:\/\/www.patrim.net\/pyrenoteca\/eu\/wp-json\/wp\/v2\/media?parent=11822"}],"wp:term":[{"taxonomy":"filtre","embeddable":true,"href":"https:\/\/www.patrim.net\/pyrenoteca\/eu\/wp-json\/wp\/v2\/filtre?post=11822"},{"taxonomy":"cpt_portfolio_group","embeddable":true,"href":"https:\/\/www.patrim.net\/pyrenoteca\/eu\/wp-json\/wp\/v2\/cpt_portfolio_group?post=11822"}],"curies":[{"name":"wp","href":"https:\/\/api.w.org\/{rel}","templated":true}]}}

El megalitismo en Ribagorza. Dólmenes y Menhires

<p>Las excelentes condiciones que siempre ha tenido el territorio que forma la comarca de Ribagorza ha sido determinante para que la población se haya asentado desde los orígenes. Una rica fauna, una vegetación extensa y un recurso abundante como el agua ha propiciado encontrar vestigios de presencia humana desde épocas remotas.</p>



<p>Y uno de los elementos característicos del hombre prehistórico ha sido su legado a través de la arquitectura funeraria. Dólmenes y menhires salpican nuestro territorio, unos más conocidos que otros.</p>



<p>Los dólmenes son construcciones funerarias de la época neolítica. Están formados por una losa horizontal a modo de cubierta sujeta por diversas losas verticales. En cambio los menhires son la forma más sencilla de monumento megalítico. Consiste en una piedra, por lo general alargada, dispuesta en el terreno de manera vertical. Se saben que son construcciones funerarias, pero se desconocen sus significados rituales concretos.</p>



<p>Sobre los dólmenes, destacan los de Cornudella (Arén), Mas de Abad (Aler) y el de Seira. Sobre los dólmenes de Cornudella, según la carta arqueológica, este conjunto Neo-eneolítico data de unos 2.500 – 3.000 años a.C. Se encuentra en el interior de un bosque de robles, por lo que es aconsejable acudir a visitarlos con alguien que conozca el terreno. Los dólmenes del Mas de Abad (Aler), son de fácil acceso para el visitante. Allí encontraremos dos dólmenes, uno completo y el otro destruido. El Dolmen de Seira, también conocido como de san Nicolau, tiene la peculiaridad de ser de granito y no de roca caliza.</p>



<p>En cuanto al menhir, el más relevante es el menhir de Merli. Es una roca clavada en el suelo de unos seis metros de altura, con una antigüedad estimada entre los 5.000 y 7.000 años.</p>

<p>Entre bosques, lomas y valles, la Ribagorza conserva destacados ejemplos de arquitectura funeraria neolítica como los dólmenes de Cornudella, Mas de Abad y Seira, junto al imponente menhir de Merli.</p>
