{"id":11791,"date":"2025-12-02T15:53:04","date_gmt":"2025-12-02T13:53:04","guid":{"rendered":"https:\/\/www.patrim.net\/pyrenoteca\/?post_type=cpt_portfolio&#038;p=11791"},"modified":"2025-12-03T03:50:03","modified_gmt":"2025-12-03T01:50:03","slug":"magia-y-mitos-en-el-valle-de-benasque","status":"publish","type":"cpt_portfolio","link":"https:\/\/www.patrim.net\/pyrenoteca\/eu\/portfolio\/magia-y-mitos-en-el-valle-de-benasque\/","title":{"rendered":"Magia y mitos en el Valle de Benasque"},"content":{"rendered":"\n<p>La comarca de Ribagorza es un lugar m\u00e1gico, y como tal, todo su territorio y sus pueblos est\u00e1n salpicados de leyendas, mitos e historias.<\/p>\n\n\n\n<p>Uno de los emblemas que todo visitante ve cuando llega a Ribagorza es el imponente Turb\u00f3n. Un lugar cargado de magia y leyendas que van desde las brujas, hasta gigantes y dragones.<\/p>\n\n\n\n<p>Otro de los elementos f\u00edsicos caracter\u00edsticos de nuestra comarca son los r\u00edos que vertebran el territorio. Unos r\u00edos que surcan monta\u00f1as y que albergan historia de hadas, duendes y encantarias.<\/p>\n\n\n\n<p>Unas historias que han sido importantes para los que aqu\u00ed vivimos, y que han llegado a nuestros d\u00edas gracias a la tradici\u00f3n oral y al aislamiento de estas monta\u00f1as, donde diosas y dioses se confunden con gigantes, encantarias, almetas y brujas.<\/p>\n\n\n\n<p>BIBLIOGRAFIA:<br>Saura Cast\u00e1n, Carmen. \u201cLa vall de Ben\u00e1s misteriosa y m\u00e1chica\u201d. Gobierno de Arag\u00f3n<br>Adell, J.A., Garc\u00eda, C. \u201cBrujas, demonios, encantarias y seres m\u00e1gicos en Arag\u00f3\u201d. Editorial Pirineo<br>Coll. P., De Moner, J. \u201cGuia dels indrets m\u00edtics i llegendaris de la Ribagor\u00e7a Rom\u00e1nica\u201d. Cosset\u00e0nia Edicions<\/p>\n","protected":false},"excerpt":{"rendered":"<p>Monta\u00f1as como el Turb\u00f3n y los r\u00edos que atraviesan la Ribagorza guardan historias de brujas, duendes, hadas y dioses antiguos, conservadas gracias a la tradici\u00f3n oral.<\/p>\n","protected":false},"author":1,"featured_media":11796,"comment_status":"closed","ping_status":"closed","template":"","filtre":[430,309,251,457],"cpt_portfolio_group":[406,85],"class_list":["post-11791","cpt_portfolio","type-cpt_portfolio","status-publish","has-post-thumbnail","hentry","filtre-cultura","filtre-figuras","filtre-historia","filtre-sociedad","cpt_portfolio_group-pyrenoteca-4-0","cpt_portfolio_group-mitos-leyendas-creencias"],"_links":{"self":[{"href":"https:\/\/www.patrim.net\/pyrenoteca\/eu\/wp-json\/wp\/v2\/cpt_portfolio\/11791","targetHints":{"allow":["GET"]}}],"collection":[{"href":"https:\/\/www.patrim.net\/pyrenoteca\/eu\/wp-json\/wp\/v2\/cpt_portfolio"}],"about":[{"href":"https:\/\/www.patrim.net\/pyrenoteca\/eu\/wp-json\/wp\/v2\/types\/cpt_portfolio"}],"author":[{"embeddable":true,"href":"https:\/\/www.patrim.net\/pyrenoteca\/eu\/wp-json\/wp\/v2\/users\/1"}],"replies":[{"embeddable":true,"href":"https:\/\/www.patrim.net\/pyrenoteca\/eu\/wp-json\/wp\/v2\/comments?post=11791"}],"version-history":[{"count":2,"href":"https:\/\/www.patrim.net\/pyrenoteca\/eu\/wp-json\/wp\/v2\/cpt_portfolio\/11791\/revisions"}],"predecessor-version":[{"id":12377,"href":"https:\/\/www.patrim.net\/pyrenoteca\/eu\/wp-json\/wp\/v2\/cpt_portfolio\/11791\/revisions\/12377"}],"wp:featuredmedia":[{"embeddable":true,"href":"https:\/\/www.patrim.net\/pyrenoteca\/eu\/wp-json\/wp\/v2\/media\/11796"}],"wp:attachment":[{"href":"https:\/\/www.patrim.net\/pyrenoteca\/eu\/wp-json\/wp\/v2\/media?parent=11791"}],"wp:term":[{"taxonomy":"filtre","embeddable":true,"href":"https:\/\/www.patrim.net\/pyrenoteca\/eu\/wp-json\/wp\/v2\/filtre?post=11791"},{"taxonomy":"cpt_portfolio_group","embeddable":true,"href":"https:\/\/www.patrim.net\/pyrenoteca\/eu\/wp-json\/wp\/v2\/cpt_portfolio_group?post=11791"}],"curies":[{"name":"wp","href":"https:\/\/api.w.org\/{rel}","templated":true}]}}

<p>La comarca de Ribagorza es un lugar mágico, y como tal, todo su territorio y sus pueblos están salpicados de leyendas, mitos e historias.</p>



<p>Uno de los emblemas que todo visitante ve cuando llega a Ribagorza es el imponente Turbón. Un lugar cargado de magia y leyendas que van desde las brujas, hasta gigantes y dragones.</p>



<p>Otro de los elementos físicos característicos de nuestra comarca son los ríos que vertebran el territorio. Unos ríos que surcan montañas y que albergan historia de hadas, duendes y encantarias.</p>



<p>Unas historias que han sido importantes para los que aquí vivimos, y que han llegado a nuestros días gracias a la tradición oral y al aislamiento de estas montañas, donde diosas y dioses se confunden con gigantes, encantarias, almetas y brujas.</p>



<p>BIBLIOGRAFIA:<br>Saura Castán, Carmen. “La vall de Benás misteriosa y máchica”. Gobierno de Aragón<br>Adell, J.A., García, C. “Brujas, demonios, encantarias y seres mágicos en Aragó”. Editorial Pirineo<br>Coll. P., De Moner, J. “Guia dels indrets mítics i llegendaris de la Ribagorça Románica”. Cossetània Edicions</p>

<p>Montañas como el Turbón y los ríos que atraviesan la Ribagorza guardan historias de brujas, duendes, hadas y dioses antiguos, conservadas gracias a la tradición oral.</p>
