{"id":8365,"date":"2022-04-06T08:50:43","date_gmt":"2022-04-06T06:50:43","guid":{"rendered":"https:\/\/www.patrim.net\/pyrenoteca\/portfolio\/telar-de-casa-gassia\/"},"modified":"2022-04-07T18:30:25","modified_gmt":"2022-04-07T16:30:25","slug":"teler-de-casa-gassia","status":"publish","type":"cpt_portfolio","link":"https:\/\/www.patrim.net\/pyrenoteca\/ca\/portfolio\/teler-de-casa-gassia\/","title":{"rendered":"Teler de Casa Gassia"},"content":{"rendered":"\n<p>Situat a la planta baixa de Casa Gassia, es pot visitar amb les visites guiades de l\u2019Ecomuseu. Aquest teler est\u00e0 en molt bon estat de conservaci\u00f3 i en \u00fas; algunes de les seves peces originals est\u00e0 datada en el segles XVII-XVIII.<\/p>\n\n\n\n<p>Amb aquest teler manual es teixien diverses peces de roba. Les mantes i cobrellits es teixien amb llana d\u2019ovella, i la roba interior o els llen\u00e7ols es teixien amb c\u00e0nem que es cultivava abundantment al territori. A les valls d&#8217;\u00c0neu, els seus habitants van esdevenir exportadors de llana cap a Fran\u00e7a, majorit\u00e0riament sense manufacturar.<\/p>\n","protected":false},"excerpt":{"rendered":"<p>Situat a la planta baixa de Casa Gassia, es pot visitar amb les&hellip;<\/p>\n","protected":false},"author":1,"featured_media":8334,"comment_status":"closed","ping_status":"closed","template":"","filtre":[351,352],"cpt_portfolio_group":[311,184,182],"class_list":["post-8365","cpt_portfolio","type-cpt_portfolio","status-publish","has-post-thumbnail","hentry","filtre-artesania-textil-ca","filtre-oficis-ca","cpt_portfolio_group-art-ciencia","cpt_portfolio_group-historia-ca","cpt_portfolio_group-societat-ca"],"_links":{"self":[{"href":"https:\/\/www.patrim.net\/pyrenoteca\/ca\/wp-json\/wp\/v2\/cpt_portfolio\/8365","targetHints":{"allow":["GET"]}}],"collection":[{"href":"https:\/\/www.patrim.net\/pyrenoteca\/ca\/wp-json\/wp\/v2\/cpt_portfolio"}],"about":[{"href":"https:\/\/www.patrim.net\/pyrenoteca\/ca\/wp-json\/wp\/v2\/types\/cpt_portfolio"}],"author":[{"embeddable":true,"href":"https:\/\/www.patrim.net\/pyrenoteca\/ca\/wp-json\/wp\/v2\/users\/1"}],"replies":[{"embeddable":true,"href":"https:\/\/www.patrim.net\/pyrenoteca\/ca\/wp-json\/wp\/v2\/comments?post=8365"}],"version-history":[{"count":1,"href":"https:\/\/www.patrim.net\/pyrenoteca\/ca\/wp-json\/wp\/v2\/cpt_portfolio\/8365\/revisions"}],"predecessor-version":[{"id":8370,"href":"https:\/\/www.patrim.net\/pyrenoteca\/ca\/wp-json\/wp\/v2\/cpt_portfolio\/8365\/revisions\/8370"}],"wp:featuredmedia":[{"embeddable":true,"href":"https:\/\/www.patrim.net\/pyrenoteca\/ca\/wp-json\/wp\/v2\/media\/8334"}],"wp:attachment":[{"href":"https:\/\/www.patrim.net\/pyrenoteca\/ca\/wp-json\/wp\/v2\/media?parent=8365"}],"wp:term":[{"taxonomy":"filtre","embeddable":true,"href":"https:\/\/www.patrim.net\/pyrenoteca\/ca\/wp-json\/wp\/v2\/filtre?post=8365"},{"taxonomy":"cpt_portfolio_group","embeddable":true,"href":"https:\/\/www.patrim.net\/pyrenoteca\/ca\/wp-json\/wp\/v2\/cpt_portfolio_group?post=8365"}],"curies":[{"name":"wp","href":"https:\/\/api.w.org\/{rel}","templated":true}]}}

<p>Situat a la planta baixa de Casa Gassia, es pot visitar amb les visites guiades de l’Ecomuseu. Aquest teler està en molt bon estat de conservació i en ús; algunes de les seves peces originals està datada en el segles XVII-XVIII.</p>



<p>Amb aquest teler manual es teixien diverses peces de roba. Les mantes i cobrellits es teixien amb llana d’ovella, i la roba interior o els llençols es teixien amb cànem que es cultivava abundantment al territori. A les valls d&#8217;Àneu, els seus habitants van esdevenir exportadors de llana cap a França, majoritàriament sense manufacturar.</p>
