{"id":5680,"date":"2021-12-30T12:05:14","date_gmt":"2021-12-30T10:05:14","guid":{"rendered":"https:\/\/www.patrim.net\/pyrenoteca\/?post_type=cpt_portfolio&#038;p=5680"},"modified":"2022-04-19T13:23:01","modified_gmt":"2022-04-19T11:23:01","slug":"centro-de-interpretacion-ramon-y-cajal","status":"publish","type":"cpt_portfolio","link":"https:\/\/www.patrim.net\/pyrenoteca\/ca\/portfolio\/centro-de-interpretacion-ramon-y-cajal\/","title":{"rendered":"Centro de Interpretaci\u00f3n Ram\u00f3n y Cajal"},"content":{"rendered":"\t\t<div data-elementor-type=\"wp-post\" data-elementor-id=\"5680\" class=\"elementor elementor-5680\">\n\t\t\t\t\t\t<section class=\"elementor-section elementor-top-section elementor-element elementor-element-719b1100 elementor-section-boxed elementor-section-height-default elementor-section-height-default\" data-id=\"719b1100\" data-element_type=\"section\">\n\t\t\t\t\t\t<div class=\"elementor-container elementor-column-gap-extended\">\n\t\t\t\t\t<div class=\"elementor-column elementor-col-100 elementor-top-column elementor-element elementor-element-7f6e396b sc_inner_width_none sc_content_align_inherit sc_layouts_column_icons_position_left\" data-id=\"7f6e396b\" data-element_type=\"column\">\n\t\t\t<div class=\"elementor-widget-wrap elementor-element-populated\">\n\t\t\t\t\t\t<div class=\"elementor-element elementor-element-27b19710 animation_type_block sc_fly_static elementor-widget elementor-widget-text-editor\" data-id=\"27b19710\" data-element_type=\"widget\" data-widget_type=\"text-editor.default\">\n\t\t\t\t<div class=\"elementor-widget-container\">\n\t\t\t\t\t\t\t\t\t<p><\/p>\n<p>El Centro de Interpretaci\u00f3n de Ram\u00f3n y Cajal nace como homenaje de la villa de Ayerbe (Huesca) al gran investigador que vivi\u00f3 su infancia en esta localidad y as\u00ed dar a conocer la vida y obra del ilustre Premio Nobel de Medicina y Fisiolog\u00eda.<\/p>\n<p><\/p>\n<p><\/p>\n<p>Vivi\u00f3 en la tercera planta de un edificio situado en la calle Rafael Gasset en Ayerbe, compartiendo el edificio con dos familias m\u00e1s. La vivienda ten\u00eda 36 m2 y constaba de una cocina y dos alcobas: una para los padres y otra para los hijos. Hab\u00eda un corral y un huerto donde las tres familias cultivaban lo que pod\u00edan.<\/p>\n<p><\/p>\n<p><\/p>\n<p>En 1997 este edificio fue donado por la familia Cinto, propietaria en esa \u00e9poca, al Ayuntamiento de Ayerbe. Poco despu\u00e9s comenzaron las obras de adecuaci\u00f3n para la instalaci\u00f3n de un centro de interpretaci\u00f3n sobre Ram\u00f3n y Cajal que se inaugur\u00f3 el 10 de septiembre de 1999, respetando la configuraci\u00f3n original de la vivienda.<br \/>En la visita a este centro podemos descubrir sus travesuras infantiles, c\u00f3mo nace su curiosidad art\u00edstica y cient\u00edfica y c\u00f3mo lleg\u00f3 a ser pionero en los grandes progresos de la neurociencia. Santiago Ram\u00f3n y Cajal logr\u00f3 llegar a magn\u00edficas hip\u00f3tesis sobre c\u00f3mo funcionan las neuronas. Usando el m\u00e9todo de tinci\u00f3n de Golgi, demostr\u00f3 que la unidad fundamental del sistema nervioso es la neurona; estableci\u00f3 en qu\u00e9 direcci\u00f3n viajan las se\u00f1ales dentro de los circuitos neuronales y tambi\u00e9n se le atribuye el m\u00e9rito de ser pionero en el estudio de la regeneraci\u00f3n de los nervios perif\u00e9ricos, sentando las bases de lo que se conoce hoy como medicina regenerativa en el sistema nervioso.<br \/>El centro consta de varias plantas con materiales expositivos y audiovisuales que complementan la visita. El pensamiento de Cajal sigue vivo en \u00e9l, ya que durante todo el recorrido encontramos citas literales recogidas a trav\u00e9s de sus memorias.<\/p>\n<p><\/p>\t\t\t\t\t\t\t\t<\/div>\n\t\t\t\t<\/div>\n\t\t\t\t\t<\/div>\n\t\t<\/div>\n\t\t\t\t\t<\/div>\n\t\t<\/section>\n\t\t\t\t<\/div>\n\t\t","protected":false},"excerpt":{"rendered":"<p>Santiago Ram\u00f3n y Cajal (1852-1934), m\u00e9dico y cient\u00edfico espa\u00f1ol. Premio Nobel de Medicina y Fisiolog\u00eda en 1906.<\/p>\n","protected":false},"author":1,"featured_media":5681,"comment_status":"closed","ping_status":"closed","template":"","filtre":[243,253,257,258],"cpt_portfolio_group":[105],"class_list":["post-5680","cpt_portfolio","type-cpt_portfolio","status-publish","has-post-thumbnail","hentry","filtre-ciencia","filtre-medicina","filtre-neurociencia","filtre-nobel","cpt_portfolio_group-artes-y-ciencias"],"_links":{"self":[{"href":"https:\/\/www.patrim.net\/pyrenoteca\/ca\/wp-json\/wp\/v2\/cpt_portfolio\/5680","targetHints":{"allow":["GET"]}}],"collection":[{"href":"https:\/\/www.patrim.net\/pyrenoteca\/ca\/wp-json\/wp\/v2\/cpt_portfolio"}],"about":[{"href":"https:\/\/www.patrim.net\/pyrenoteca\/ca\/wp-json\/wp\/v2\/types\/cpt_portfolio"}],"author":[{"embeddable":true,"href":"https:\/\/www.patrim.net\/pyrenoteca\/ca\/wp-json\/wp\/v2\/users\/1"}],"replies":[{"embeddable":true,"href":"https:\/\/www.patrim.net\/pyrenoteca\/ca\/wp-json\/wp\/v2\/comments?post=5680"}],"version-history":[{"count":6,"href":"https:\/\/www.patrim.net\/pyrenoteca\/ca\/wp-json\/wp\/v2\/cpt_portfolio\/5680\/revisions"}],"predecessor-version":[{"id":8418,"href":"https:\/\/www.patrim.net\/pyrenoteca\/ca\/wp-json\/wp\/v2\/cpt_portfolio\/5680\/revisions\/8418"}],"wp:featuredmedia":[{"embeddable":true,"href":"https:\/\/www.patrim.net\/pyrenoteca\/ca\/wp-json\/wp\/v2\/media\/5681"}],"wp:attachment":[{"href":"https:\/\/www.patrim.net\/pyrenoteca\/ca\/wp-json\/wp\/v2\/media?parent=5680"}],"wp:term":[{"taxonomy":"filtre","embeddable":true,"href":"https:\/\/www.patrim.net\/pyrenoteca\/ca\/wp-json\/wp\/v2\/filtre?post=5680"},{"taxonomy":"cpt_portfolio_group","embeddable":true,"href":"https:\/\/www.patrim.net\/pyrenoteca\/ca\/wp-json\/wp\/v2\/cpt_portfolio_group?post=5680"}],"curies":[{"name":"wp","href":"https:\/\/api.w.org\/{rel}","templated":true}]}}

Centro de Interpretación Ramón y Cajal

<div data-elementor-type="wp-post" data-elementor-id="5680" class="elementor elementor-5680">
						<section class="elementor-section elementor-top-section elementor-element elementor-element-719b1100 elementor-section-boxed elementor-section-height-default elementor-section-height-default" data-id="719b1100" data-element_type="section">
						<div class="elementor-container elementor-column-gap-extended">
					<div class="elementor-column elementor-col-100 elementor-top-column elementor-element elementor-element-7f6e396b sc_inner_width_none sc_content_align_inherit sc_layouts_column_icons_position_left" data-id="7f6e396b" data-element_type="column">
			<div class="elementor-widget-wrap elementor-element-populated">
						<div class="elementor-element elementor-element-27b19710 animation_type_block sc_fly_static elementor-widget elementor-widget-text-editor" data-id="27b19710" data-element_type="widget" data-widget_type="text-editor.default">
				<div class="elementor-widget-container">
									<p></p>
<p>El Centro de Interpretación de Ramón y Cajal nace como homenaje de la villa de Ayerbe (Huesca) al gran investigador que vivió su infancia en esta localidad y así dar a conocer la vida y obra del ilustre Premio Nobel de Medicina y Fisiología.</p>
<p></p>
<p></p>
<p>Vivió en la tercera planta de un edificio situado en la calle Rafael Gasset en Ayerbe, compartiendo el edificio con dos familias más. La vivienda tenía 36 m2 y constaba de una cocina y dos alcobas: una para los padres y otra para los hijos. Había un corral y un huerto donde las tres familias cultivaban lo que podían.</p>
<p></p>
<p></p>
<p>En 1997 este edificio fue donado por la familia Cinto, propietaria en esa época, al Ayuntamiento de Ayerbe. Poco después comenzaron las obras de adecuación para la instalación de un centro de interpretación sobre Ramón y Cajal que se inauguró el 10 de septiembre de 1999, respetando la configuración original de la vivienda.<br />En la visita a este centro podemos descubrir sus travesuras infantiles, cómo nace su curiosidad artística y científica y cómo llegó a ser pionero en los grandes progresos de la neurociencia. Santiago Ramón y Cajal logró llegar a magníficas hipótesis sobre cómo funcionan las neuronas. Usando el método de tinción de Golgi, demostró que la unidad fundamental del sistema nervioso es la neurona; estableció en qué dirección viajan las señales dentro de los circuitos neuronales y también se le atribuye el mérito de ser pionero en el estudio de la regeneración de los nervios periféricos, sentando las bases de lo que se conoce hoy como medicina regenerativa en el sistema nervioso.<br />El centro consta de varias plantas con materiales expositivos y audiovisuales que complementan la visita. El pensamiento de Cajal sigue vivo en él, ya que durante todo el recorrido encontramos citas literales recogidas a través de sus memorias.</p>
<p></p>								</div>
				</div>
					</div>
		</div>
					</div>
		</section>
				</div>

<p>Santiago Ramón y Cajal (1852-1934), médico y científico español. Premio Nobel de Medicina y Fisiología en 1906.</p>
