{"id":1290,"date":"2017-09-14T18:30:36","date_gmt":"2017-09-14T17:30:36","guid":{"rendered":"http:\/\/www.patrim.net\/ca\/?page_id=1290"},"modified":"2022-02-15T19:33:58","modified_gmt":"2022-02-15T18:33:58","slug":"espai-origens-i-centre-destudis-del-patrimoni-arqueologic-de-la-prehistoria","status":"publish","type":"page","link":"https:\/\/www.patrim.net\/ca\/els-equipaments\/prehistoria\/espai-origens-i-centre-destudis-del-patrimoni-arqueologic-de-la-prehistoria\/","title":{"rendered":"Espai Or\u00edgens"},"content":{"rendered":"<div id=\"content-container\">\n<div id=\"content\">\n<div id=\"post-1724\" class=\"post-1724 post type-post status-publish format-standard has-post-thumbnail hentry category-elcentre single-post\">\n<div id='gallery-1' class='gallery galleryid-1290 gallery-columns-3 gallery-size-large'><figure class='gallery-item'>\n\t\t\t<div class='gallery-icon landscape'>\n\t\t\t\t<a href='https:\/\/www.patrim.net\/ca\/els-equipaments\/prehistoria\/espai-origens-i-centre-destudis-del-patrimoni-arqueologic-de-la-prehistoria\/espai-origens_bopetit-300x204-2\/'><img fetchpriority=\"high\" decoding=\"async\" width=\"300\" height=\"204\" src=\"https:\/\/www.patrim.net\/wp-content\/uploads\/2017\/09\/espai-or\u00edgens_bopetit-300x204.jpg\" class=\"attachment-large size-large\" alt=\"\" srcset=\"https:\/\/www.patrim.net\/wp-content\/uploads\/2017\/09\/espai-or\u00edgens_bopetit-300x204.jpg 300w, https:\/\/www.patrim.net\/wp-content\/uploads\/2017\/09\/espai-or\u00edgens_bopetit-300x204-230x156.jpg 230w\" sizes=\"(max-width: 300px) 100vw, 300px\" \/><\/a>\n\t\t\t<\/div><\/figure><figure class='gallery-item'>\n\t\t\t<div class='gallery-icon landscape'>\n\t\t\t\t<a href='https:\/\/www.patrim.net\/ca\/els-equipaments\/prehistoria\/espai-origens-i-centre-destudis-del-patrimoni-arqueologic-de-la-prehistoria\/espai-4-2\/'><img decoding=\"async\" width=\"630\" height=\"300\" src=\"https:\/\/www.patrim.net\/wp-content\/uploads\/2017\/09\/espai-4.jpg\" class=\"attachment-large size-large\" alt=\"\" srcset=\"https:\/\/www.patrim.net\/wp-content\/uploads\/2017\/09\/espai-4.jpg 630w, https:\/\/www.patrim.net\/wp-content\/uploads\/2017\/09\/espai-4-600x286.jpg 600w, https:\/\/www.patrim.net\/wp-content\/uploads\/2017\/09\/espai-4-300x143.jpg 300w, https:\/\/www.patrim.net\/wp-content\/uploads\/2017\/09\/espai-4-230x110.jpg 230w, https:\/\/www.patrim.net\/wp-content\/uploads\/2017\/09\/espai-4-350x167.jpg 350w, https:\/\/www.patrim.net\/wp-content\/uploads\/2017\/09\/espai-4-480x229.jpg 480w\" sizes=\"(max-width: 630px) 100vw, 630px\" \/><\/a>\n\t\t\t<\/div><\/figure><figure class='gallery-item'>\n\t\t\t<div class='gallery-icon landscape'>\n\t\t\t\t<a href='https:\/\/www.patrim.net\/ca\/els-equipaments\/prehistoria\/espai-origens-i-centre-destudis-del-patrimoni-arqueologic-de-la-prehistoria\/espai-3-2\/'><img decoding=\"async\" width=\"648\" height=\"364\" src=\"https:\/\/www.patrim.net\/wp-content\/uploads\/2017\/09\/espai-3.jpg\" class=\"attachment-large size-large\" alt=\"\" srcset=\"https:\/\/www.patrim.net\/wp-content\/uploads\/2017\/09\/espai-3.jpg 648w, https:\/\/www.patrim.net\/wp-content\/uploads\/2017\/09\/espai-3-600x337.jpg 600w, https:\/\/www.patrim.net\/wp-content\/uploads\/2017\/09\/espai-3-300x169.jpg 300w, https:\/\/www.patrim.net\/wp-content\/uploads\/2017\/09\/espai-3-230x129.jpg 230w, https:\/\/www.patrim.net\/wp-content\/uploads\/2017\/09\/espai-3-350x197.jpg 350w, https:\/\/www.patrim.net\/wp-content\/uploads\/2017\/09\/espai-3-480x270.jpg 480w\" sizes=\"(max-width: 648px) 100vw, 648px\" \/><\/a>\n\t\t\t<\/div><\/figure><figure class='gallery-item'>\n\t\t\t<div class='gallery-icon landscape'>\n\t\t\t\t<a href='https:\/\/www.patrim.net\/ca\/els-equipaments\/prehistoria\/espai-origens-i-centre-destudis-del-patrimoni-arqueologic-de-la-prehistoria\/espai-1-2\/'><img loading=\"lazy\" decoding=\"async\" width=\"1024\" height=\"575\" src=\"https:\/\/www.patrim.net\/wp-content\/uploads\/2017\/09\/espai-1-1024x575.jpg\" class=\"attachment-large size-large\" alt=\"\" srcset=\"https:\/\/www.patrim.net\/wp-content\/uploads\/2017\/09\/espai-1-1024x575.jpg 1024w, https:\/\/www.patrim.net\/wp-content\/uploads\/2017\/09\/espai-1-scaled-600x337.jpg 600w, https:\/\/www.patrim.net\/wp-content\/uploads\/2017\/09\/espai-1-300x169.jpg 300w, https:\/\/www.patrim.net\/wp-content\/uploads\/2017\/09\/espai-1-768x431.jpg 768w, https:\/\/www.patrim.net\/wp-content\/uploads\/2017\/09\/espai-1-830x466.jpg 830w, https:\/\/www.patrim.net\/wp-content\/uploads\/2017\/09\/espai-1-230x129.jpg 230w, https:\/\/www.patrim.net\/wp-content\/uploads\/2017\/09\/espai-1-350x197.jpg 350w, https:\/\/www.patrim.net\/wp-content\/uploads\/2017\/09\/espai-1-480x270.jpg 480w\" sizes=\"(max-width: 1024px) 100vw, 1024px\" \/><\/a>\n\t\t\t<\/div><\/figure><figure class='gallery-item'>\n\t\t\t<div class='gallery-icon landscape'>\n\t\t\t\t<a href='https:\/\/www.patrim.net\/ca\/els-equipaments\/prehistoria\/espai-origens-i-centre-destudis-del-patrimoni-arqueologic-de-la-prehistoria\/espai-5-2\/'><img loading=\"lazy\" decoding=\"async\" width=\"300\" height=\"225\" src=\"https:\/\/www.patrim.net\/wp-content\/uploads\/2017\/09\/espai-5.jpg\" class=\"attachment-large size-large\" alt=\"\" srcset=\"https:\/\/www.patrim.net\/wp-content\/uploads\/2017\/09\/espai-5.jpg 300w, https:\/\/www.patrim.net\/wp-content\/uploads\/2017\/09\/espai-5-230x173.jpg 230w\" sizes=\"(max-width: 300px) 100vw, 300px\" \/><\/a>\n\t\t\t<\/div><\/figure><figure class='gallery-item'>\n\t\t\t<div class='gallery-icon landscape'>\n\t\t\t\t<a href='https:\/\/www.patrim.net\/ca\/els-equipaments\/prehistoria\/espai-origens-i-centre-destudis-del-patrimoni-arqueologic-de-la-prehistoria\/espai-2-2\/'><img loading=\"lazy\" decoding=\"async\" width=\"1024\" height=\"768\" src=\"https:\/\/www.patrim.net\/wp-content\/uploads\/2017\/09\/espai-2-1024x768.jpg\" class=\"attachment-large size-large\" alt=\"\" srcset=\"https:\/\/www.patrim.net\/wp-content\/uploads\/2017\/09\/espai-2-1024x768.jpg 1024w, https:\/\/www.patrim.net\/wp-content\/uploads\/2017\/09\/espai-2-600x450.jpg 600w, https:\/\/www.patrim.net\/wp-content\/uploads\/2017\/09\/espai-2-300x225.jpg 300w, https:\/\/www.patrim.net\/wp-content\/uploads\/2017\/09\/espai-2-768x576.jpg 768w, https:\/\/www.patrim.net\/wp-content\/uploads\/2017\/09\/espai-2-830x623.jpg 830w, https:\/\/www.patrim.net\/wp-content\/uploads\/2017\/09\/espai-2-230x173.jpg 230w, https:\/\/www.patrim.net\/wp-content\/uploads\/2017\/09\/espai-2-350x263.jpg 350w, https:\/\/www.patrim.net\/wp-content\/uploads\/2017\/09\/espai-2-480x360.jpg 480w, https:\/\/www.patrim.net\/wp-content\/uploads\/2017\/09\/espai-2.jpg 1280w\" sizes=\"(max-width: 1024px) 100vw, 1024px\" \/><\/a>\n\t\t\t<\/div><\/figure>\n\t\t<\/div>\n\n<p>Espai Or\u00edgens \u00e9s un centre dedicat a la dinamitzaci\u00f3 del territori de la zona del Mont-roig\u00a0a trav\u00e9s del seu patrimoni hist\u00f2ric i natural. Est\u00e0 gestionat per l\u2019Associaci\u00f3 Recerca i Difusi\u00f3 del Patrimoni Hist\u00f2ric.<\/p>\n<div class=\"post-entry\">\n<p>El centre es dedica a la investigaci\u00f3 i a la divulgaci\u00f3 del patrimoni des de les\u00a0vessants educativa, l\u00fadica i tur\u00edstica: pret\u00e9n relacionar el coneixement que es despr\u00e8n del treball de recerca arqueol\u00f2gica amb les activitats de caire experiencial que duu a terme per a tot tipus de p\u00fablic.<\/p>\n<p>Espai Or\u00edgens forma part, juntament del Parc Arqueol\u00f2gic de Sant Lloren\u00e7 i el jaciment de la Roca dels Bous, del Campus d\u2019Arqueologia de la Universitat Aut\u00f2noma de Barcelona.<\/p>\n<p>El centre tamb\u00e9 pertany a l\u2019\u00e0mbit del projecte Geoparc Conca de Tremp-Montsec, i n\u2019\u00e9s un col\u00b7laborador actiu.<\/p>\n<\/div>\n<\/div>\n<\/div>\n<\/div>\n","protected":false},"excerpt":{"rendered":"<p>Espai Or\u00edgens \u00e9s un centre dedicat a la dinamitzaci\u00f3 del territori de la zona del Mont-roig\u00a0a trav\u00e9s del seu patrimoni hist\u00f2ric i natural. Est\u00e0 gestionat per l\u2019Associaci\u00f3 Recerca i Difusi\u00f3 del Patrimoni Hist\u00f2ric. El centre es dedica a la investigaci\u00f3 i a la divulgaci\u00f3 del patrimoni des de les\u00a0vessants educativa, l\u00fadica i tur\u00edstica: pret\u00e9n relacionar el coneixement que es despr\u00e8n del treball de recerca arqueol\u00f2gica amb les activitats de caire experiencial que duu a terme per a tot tipus de p\u00fablic. Espai Or\u00edgens forma part, juntament del Parc Arqueol\u00f2gic de Sant Lloren\u00e7 i el jaciment de la Roca dels Bous, del Campus d\u2019Arqueologia de la Universitat Aut\u00f2noma de Barcelona. El centre tamb\u00e9 pertany a l\u2019\u00e0mbit del projecte Geoparc Conca de Tremp-Montsec, i n\u2019\u00e9s un col\u00b7laborador actiu.<\/p>\n","protected":false},"author":1,"featured_media":0,"parent":1169,"menu_order":0,"comment_status":"closed","ping_status":"closed","template":"","meta":{"site-sidebar-layout":"default","site-content-layout":"","ast-site-content-layout":"default","site-content-style":"default","site-sidebar-style":"default","ast-global-header-display":"","ast-banner-title-visibility":"","ast-main-header-display":"","ast-hfb-above-header-display":"","ast-hfb-below-header-display":"","ast-hfb-mobile-header-display":"","site-post-title":"","ast-breadcrumbs-content":"","ast-featured-img":"","footer-sml-layout":"","theme-transparent-header-meta":"","adv-header-id-meta":"","stick-header-meta":"","header-above-stick-meta":"","header-main-stick-meta":"","header-below-stick-meta":"","astra-migrate-meta-layouts":"default","ast-page-background-enabled":"default","ast-page-background-meta":{"desktop":{"background-color":"var(--ast-global-color-5)","background-image":"","background-repeat":"repeat","background-position":"center center","background-size":"auto","background-attachment":"scroll","background-type":"","background-media":"","overlay-type":"","overlay-color":"","overlay-opacity":"","overlay-gradient":""},"tablet":{"background-color":"","background-image":"","background-repeat":"repeat","background-position":"center center","background-size":"auto","background-attachment":"scroll","background-type":"","background-media":"","overlay-type":"","overlay-color":"","overlay-opacity":"","overlay-gradient":""},"mobile":{"background-color":"","background-image":"","background-repeat":"repeat","background-position":"center center","background-size":"auto","background-attachment":"scroll","background-type":"","background-media":"","overlay-type":"","overlay-color":"","overlay-opacity":"","overlay-gradient":""}},"ast-content-background-meta":{"desktop":{"background-color":"var(--ast-global-color-4)","background-image":"","background-repeat":"repeat","background-position":"center center","background-size":"auto","background-attachment":"scroll","background-type":"","background-media":"","overlay-type":"","overlay-color":"","overlay-opacity":"","overlay-gradient":""},"tablet":{"background-color":"var(--ast-global-color-4)","background-image":"","background-repeat":"repeat","background-position":"center center","background-size":"auto","background-attachment":"scroll","background-type":"","background-media":"","overlay-type":"","overlay-color":"","overlay-opacity":"","overlay-gradient":""},"mobile":{"background-color":"var(--ast-global-color-4)","background-image":"","background-repeat":"repeat","background-position":"center center","background-size":"auto","background-attachment":"scroll","background-type":"","background-media":"","overlay-type":"","overlay-color":"","overlay-opacity":"","overlay-gradient":""}},"footnotes":""},"class_list":["post-1290","page","type-page","status-publish","hentry"],"_links":{"self":[{"href":"https:\/\/www.patrim.net\/ca\/wp-json\/wp\/v2\/pages\/1290","targetHints":{"allow":["GET"]}}],"collection":[{"href":"https:\/\/www.patrim.net\/ca\/wp-json\/wp\/v2\/pages"}],"about":[{"href":"https:\/\/www.patrim.net\/ca\/wp-json\/wp\/v2\/types\/page"}],"author":[{"embeddable":true,"href":"https:\/\/www.patrim.net\/ca\/wp-json\/wp\/v2\/users\/1"}],"replies":[{"embeddable":true,"href":"https:\/\/www.patrim.net\/ca\/wp-json\/wp\/v2\/comments?post=1290"}],"version-history":[{"count":6,"href":"https:\/\/www.patrim.net\/ca\/wp-json\/wp\/v2\/pages\/1290\/revisions"}],"predecessor-version":[{"id":5085,"href":"https:\/\/www.patrim.net\/ca\/wp-json\/wp\/v2\/pages\/1290\/revisions\/5085"}],"up":[{"embeddable":true,"href":"https:\/\/www.patrim.net\/ca\/wp-json\/wp\/v2\/pages\/1169"}],"wp:attachment":[{"href":"https:\/\/www.patrim.net\/ca\/wp-json\/wp\/v2\/media?parent=1290"}],"curies":[{"name":"wp","href":"https:\/\/api.w.org\/{rel}","templated":true}]}}

Espai Orígens

<div id="content-container">
<div id="content">
<div id="post-1724" class="post-1724 post type-post status-publish format-standard has-post-thumbnail hentry category-elcentre single-post">
<div id='gallery-1' class='gallery galleryid-1290 gallery-columns-3 gallery-size-large'><figure class='gallery-item'>
			<div class='gallery-icon landscape'>
				<a href='https://www.patrim.net/ca/els-equipaments/prehistoria/espai-origens-i-centre-destudis-del-patrimoni-arqueologic-de-la-prehistoria/espai-origens_bopetit-300x204-2/'><img fetchpriority="high" decoding="async" width="300" height="204" src="https://www.patrim.net/wp-content/uploads/2017/09/espai-orígens_bopetit-300x204.jpg" class="attachment-large size-large" alt="" srcset="https://www.patrim.net/wp-content/uploads/2017/09/espai-orígens_bopetit-300x204.jpg 300w, https://www.patrim.net/wp-content/uploads/2017/09/espai-orígens_bopetit-300x204-230x156.jpg 230w" sizes="(max-width: 300px) 100vw, 300px" /></a>
			</div></figure><figure class='gallery-item'>
			<div class='gallery-icon landscape'>
				<a href='https://www.patrim.net/ca/els-equipaments/prehistoria/espai-origens-i-centre-destudis-del-patrimoni-arqueologic-de-la-prehistoria/espai-4-2/'><img decoding="async" width="630" height="300" src="https://www.patrim.net/wp-content/uploads/2017/09/espai-4.jpg" class="attachment-large size-large" alt="" srcset="https://www.patrim.net/wp-content/uploads/2017/09/espai-4.jpg 630w, https://www.patrim.net/wp-content/uploads/2017/09/espai-4-600x286.jpg 600w, https://www.patrim.net/wp-content/uploads/2017/09/espai-4-300x143.jpg 300w, https://www.patrim.net/wp-content/uploads/2017/09/espai-4-230x110.jpg 230w, https://www.patrim.net/wp-content/uploads/2017/09/espai-4-350x167.jpg 350w, https://www.patrim.net/wp-content/uploads/2017/09/espai-4-480x229.jpg 480w" sizes="(max-width: 630px) 100vw, 630px" /></a>
			</div></figure><figure class='gallery-item'>
			<div class='gallery-icon landscape'>
				<a href='https://www.patrim.net/ca/els-equipaments/prehistoria/espai-origens-i-centre-destudis-del-patrimoni-arqueologic-de-la-prehistoria/espai-3-2/'><img decoding="async" width="648" height="364" src="https://www.patrim.net/wp-content/uploads/2017/09/espai-3.jpg" class="attachment-large size-large" alt="" srcset="https://www.patrim.net/wp-content/uploads/2017/09/espai-3.jpg 648w, https://www.patrim.net/wp-content/uploads/2017/09/espai-3-600x337.jpg 600w, https://www.patrim.net/wp-content/uploads/2017/09/espai-3-300x169.jpg 300w, https://www.patrim.net/wp-content/uploads/2017/09/espai-3-230x129.jpg 230w, https://www.patrim.net/wp-content/uploads/2017/09/espai-3-350x197.jpg 350w, https://www.patrim.net/wp-content/uploads/2017/09/espai-3-480x270.jpg 480w" sizes="(max-width: 648px) 100vw, 648px" /></a>
			</div></figure><figure class='gallery-item'>
			<div class='gallery-icon landscape'>
				<a href='https://www.patrim.net/ca/els-equipaments/prehistoria/espai-origens-i-centre-destudis-del-patrimoni-arqueologic-de-la-prehistoria/espai-1-2/'><img loading="lazy" decoding="async" width="1024" height="575" src="https://www.patrim.net/wp-content/uploads/2017/09/espai-1-1024x575.jpg" class="attachment-large size-large" alt="" srcset="https://www.patrim.net/wp-content/uploads/2017/09/espai-1-1024x575.jpg 1024w, https://www.patrim.net/wp-content/uploads/2017/09/espai-1-scaled-600x337.jpg 600w, https://www.patrim.net/wp-content/uploads/2017/09/espai-1-300x169.jpg 300w, https://www.patrim.net/wp-content/uploads/2017/09/espai-1-768x431.jpg 768w, https://www.patrim.net/wp-content/uploads/2017/09/espai-1-830x466.jpg 830w, https://www.patrim.net/wp-content/uploads/2017/09/espai-1-230x129.jpg 230w, https://www.patrim.net/wp-content/uploads/2017/09/espai-1-350x197.jpg 350w, https://www.patrim.net/wp-content/uploads/2017/09/espai-1-480x270.jpg 480w" sizes="(max-width: 1024px) 100vw, 1024px" /></a>
			</div></figure><figure class='gallery-item'>
			<div class='gallery-icon landscape'>
				<a href='https://www.patrim.net/ca/els-equipaments/prehistoria/espai-origens-i-centre-destudis-del-patrimoni-arqueologic-de-la-prehistoria/espai-5-2/'><img loading="lazy" decoding="async" width="300" height="225" src="https://www.patrim.net/wp-content/uploads/2017/09/espai-5.jpg" class="attachment-large size-large" alt="" srcset="https://www.patrim.net/wp-content/uploads/2017/09/espai-5.jpg 300w, https://www.patrim.net/wp-content/uploads/2017/09/espai-5-230x173.jpg 230w" sizes="(max-width: 300px) 100vw, 300px" /></a>
			</div></figure><figure class='gallery-item'>
			<div class='gallery-icon landscape'>
				<a href='https://www.patrim.net/ca/els-equipaments/prehistoria/espai-origens-i-centre-destudis-del-patrimoni-arqueologic-de-la-prehistoria/espai-2-2/'><img loading="lazy" decoding="async" width="1024" height="768" src="https://www.patrim.net/wp-content/uploads/2017/09/espai-2-1024x768.jpg" class="attachment-large size-large" alt="" srcset="https://www.patrim.net/wp-content/uploads/2017/09/espai-2-1024x768.jpg 1024w, https://www.patrim.net/wp-content/uploads/2017/09/espai-2-600x450.jpg 600w, https://www.patrim.net/wp-content/uploads/2017/09/espai-2-300x225.jpg 300w, https://www.patrim.net/wp-content/uploads/2017/09/espai-2-768x576.jpg 768w, https://www.patrim.net/wp-content/uploads/2017/09/espai-2-830x623.jpg 830w, https://www.patrim.net/wp-content/uploads/2017/09/espai-2-230x173.jpg 230w, https://www.patrim.net/wp-content/uploads/2017/09/espai-2-350x263.jpg 350w, https://www.patrim.net/wp-content/uploads/2017/09/espai-2-480x360.jpg 480w, https://www.patrim.net/wp-content/uploads/2017/09/espai-2.jpg 1280w" sizes="(max-width: 1024px) 100vw, 1024px" /></a>
			</div></figure>
		</div>

<p>Espai Orígens és un centre dedicat a la dinamització del territori de la zona del Mont-roig a través del seu patrimoni històric i natural. Està gestionat per l’Associació Recerca i Difusió del Patrimoni Històric.</p>
<div class="post-entry">
<p>El centre es dedica a la investigació i a la divulgació del patrimoni des de les vessants educativa, lúdica i turística: pretén relacionar el coneixement que es desprèn del treball de recerca arqueològica amb les activitats de caire experiencial que duu a terme per a tot tipus de públic.</p>
<p>Espai Orígens forma part, juntament del Parc Arqueològic de Sant Llorenç i el jaciment de la Roca dels Bous, del Campus d’Arqueologia de la Universitat Autònoma de Barcelona.</p>
<p>El centre també pertany a l’àmbit del projecte Geoparc Conca de Tremp-Montsec, i n’és un col·laborador actiu.</p>
</div>
</div>
</div>
</div>

<p>Espai Orígens és un centre dedicat a la dinamització del territori de la zona del Mont-roig a través del seu patrimoni històric i natural. Està gestionat per l’Associació Recerca i Difusió del Patrimoni Històric. El centre es dedica a la investigació i a la divulgació del patrimoni des de les vessants educativa, lúdica i turística: pretén relacionar el coneixement que es desprèn del treball de recerca arqueològica amb les activitats de caire experiencial que duu a terme per a tot tipus de públic. Espai Orígens forma part, juntament del Parc Arqueològic de Sant Llorenç i el jaciment de la Roca dels Bous, del Campus d’Arqueologia de la Universitat Autònoma de Barcelona. El centre també pertany a l’àmbit del projecte Geoparc Conca de Tremp-Montsec, i n’és un col·laborador actiu.</p>
