{"id":1169,"date":"2017-09-14T12:14:30","date_gmt":"2017-09-14T11:14:30","guid":{"rendered":"http:\/\/www.patrim.net\/ca\/?page_id=1169"},"modified":"2022-02-15T21:34:22","modified_gmt":"2022-02-15T20:34:22","slug":"prehistoria","status":"publish","type":"page","link":"https:\/\/www.patrim.net\/ca\/els-equipaments\/prehistoria\/","title":{"rendered":"Prehist\u00f2ria"},"content":{"rendered":"<div id=\"pl-1169\"  class=\"panel-layout\" ><div id=\"pg-1169-0\"  class=\"panel-grid panel-has-style\" ><div class=\"panel-row-style panel-row-style-for-1169-0\" ><div id=\"pgc-1169-0-0\"  class=\"panel-grid-cell\" ><div id=\"panel-1169-0-0-0\" class=\"so-panel widget widget_media_image panel-first-child\" data-index=\"0\" ><img decoding=\"async\" width=\"150\" height=\"150\" src=\"https:\/\/www.patrim.net\/wp-content\/uploads\/2022\/02\/7-Centro-del-Rio-Vero-150x150.jpg\" class=\"image wp-image-5066  attachment-thumbnail size-thumbnail\" alt=\"\" style=\"max-width: 100%; height: auto;\" srcset=\"https:\/\/www.patrim.net\/wp-content\/uploads\/2022\/02\/7-Centro-del-Rio-Vero-150x150.jpg 150w, https:\/\/www.patrim.net\/wp-content\/uploads\/2022\/02\/7-Centro-del-Rio-Vero-300x300.jpg 300w, https:\/\/www.patrim.net\/wp-content\/uploads\/2022\/02\/7-Centro-del-Rio-Vero-100x100.jpg 100w\" sizes=\"(max-width: 150px) 100vw, 150px\" \/><\/div><div id=\"panel-1169-0-0-1\" class=\"so-panel widget widget_sow-button panel-last-child\" data-index=\"1\" ><div\n\t\t\t\n\t\t\tclass=\"so-widget-sow-button so-widget-sow-button-wire-55051d68cd09-1169\"\n\t\t\t\n\t\t><div class=\"ow-button-base ow-button-align-center\"\n>\n\t\t\t<a\n\t\t\t\t\thref=\"http:\/\/www.patrim.net\/ca\/els-equipaments\/prehistoria\/parc-cultural-riu-vero-centre-dart-de-roca\/\"\n\t\t\t\t\tclass=\"sowb-button ow-icon-placement-left ow-button-hover\" \t>\n\t\t<span>\n\t\t\t\n\t\t\tCentro del Arte Rupestre del Parque Cultural del R\u00edo Vero\t\t<\/span>\n\t\t\t<\/a>\n\t<\/div>\n<\/div><\/div><\/div><div id=\"pgc-1169-0-1\"  class=\"panel-grid-cell\" ><div id=\"panel-1169-0-1-0\" class=\"so-panel widget widget_media_image panel-first-child\" data-index=\"2\" ><img decoding=\"async\" width=\"150\" height=\"150\" src=\"https:\/\/www.patrim.net\/wp-content\/uploads\/2022\/02\/3-espai-origens-150x150.jpg\" class=\"image wp-image-5072  attachment-thumbnail size-thumbnail\" alt=\"\" style=\"max-width: 100%; height: auto;\" srcset=\"https:\/\/www.patrim.net\/wp-content\/uploads\/2022\/02\/3-espai-origens-150x150.jpg 150w, https:\/\/www.patrim.net\/wp-content\/uploads\/2022\/02\/3-espai-origens-300x300.jpg 300w, https:\/\/www.patrim.net\/wp-content\/uploads\/2022\/02\/3-espai-origens-100x100.jpg 100w\" sizes=\"(max-width: 150px) 100vw, 150px\" \/><\/div><div id=\"panel-1169-0-1-1\" class=\"so-panel widget widget_sow-button panel-last-child\" data-index=\"3\" ><div\n\t\t\t\n\t\t\tclass=\"so-widget-sow-button so-widget-sow-button-wire-55051d68cd09-1169\"\n\t\t\t\n\t\t><div class=\"ow-button-base ow-button-align-center\"\n>\n\t\t\t<a\n\t\t\t\t\thref=\"http:\/\/www.patrim.net\/ca\/els-equipaments\/prehistoria\/espai-origens-i-centre-destudis-del-patrimoni-arqueologic-de-la-prehistoria\/\"\n\t\t\t\t\tclass=\"sowb-button ow-icon-placement-left ow-button-hover\" \t>\n\t\t<span>\n\t\t\t\n\t\t\tEspai Or\u00edgens\t\t<\/span>\n\t\t\t<\/a>\n\t<\/div>\n<\/div><\/div><\/div><div id=\"pgc-1169-0-2\"  class=\"panel-grid-cell\" ><div id=\"panel-1169-0-2-0\" class=\"so-panel widget widget_media_image panel-first-child\" data-index=\"4\" ><img decoding=\"async\" width=\"150\" height=\"150\" src=\"https:\/\/www.patrim.net\/wp-content\/uploads\/2022\/02\/6-musee-aurignacien-150x150.jpg\" class=\"image wp-image-4503  attachment-thumbnail size-thumbnail\" alt=\"\" style=\"max-width: 100%; height: auto;\" srcset=\"https:\/\/www.patrim.net\/wp-content\/uploads\/2022\/02\/6-musee-aurignacien-150x150.jpg 150w, https:\/\/www.patrim.net\/wp-content\/uploads\/2022\/02\/6-musee-aurignacien-300x300.jpg 300w, https:\/\/www.patrim.net\/wp-content\/uploads\/2022\/02\/6-musee-aurignacien-100x100.jpg 100w\" sizes=\"(max-width: 150px) 100vw, 150px\" \/><\/div><div id=\"panel-1169-0-2-1\" class=\"so-panel widget widget_sow-button panel-last-child\" data-index=\"5\" ><div\n\t\t\t\n\t\t\tclass=\"so-widget-sow-button so-widget-sow-button-wire-55051d68cd09-1169\"\n\t\t\t\n\t\t><div class=\"ow-button-base ow-button-align-center\"\n>\n\t\t\t<a\n\t\t\t\t\thref=\"http:\/\/www.patrim.net\/ca\/els-equipaments\/prehistoria\/museu-forum-de-la-periodes-aurinyacia\/\"\n\t\t\t\t\tclass=\"sowb-button ow-icon-placement-left ow-button-hover\" \t>\n\t\t<span>\n\t\t\t\n\t\t\tMus\u00e9e  de l\u2019Aurignacien - La Pr\u00e9histoire en Haute-Garonne\t\t<\/span>\n\t\t\t<\/a>\n\t<\/div>\n<\/div><\/div><\/div><\/div><\/div><\/div>","protected":false},"excerpt":{"rendered":"<p>Centro del Arte Rupestre del Parque Cultural del R\u00edo Vero Espai Or\u00edgens Mus\u00e9e de l\u2019Aurignacien &#8211; La Pr\u00e9histoire en Haute-Garonne<\/p>\n","protected":false},"author":1,"featured_media":0,"parent":1145,"menu_order":0,"comment_status":"closed","ping_status":"closed","template":"page-templates\/page_fullwidth.php","meta":{"site-sidebar-layout":"default","site-content-layout":"","ast-site-content-layout":"default","site-content-style":"default","site-sidebar-style":"default","ast-global-header-display":"","ast-banner-title-visibility":"","ast-main-header-display":"","ast-hfb-above-header-display":"","ast-hfb-below-header-display":"","ast-hfb-mobile-header-display":"","site-post-title":"","ast-breadcrumbs-content":"","ast-featured-img":"","footer-sml-layout":"","theme-transparent-header-meta":"","adv-header-id-meta":"","stick-header-meta":"","header-above-stick-meta":"","header-main-stick-meta":"","header-below-stick-meta":"","astra-migrate-meta-layouts":"default","ast-page-background-enabled":"default","ast-page-background-meta":{"desktop":{"background-color":"var(--ast-global-color-5)","background-image":"","background-repeat":"repeat","background-position":"center center","background-size":"auto","background-attachment":"scroll","background-type":"","background-media":"","overlay-type":"","overlay-color":"","overlay-opacity":"","overlay-gradient":""},"tablet":{"background-color":"","background-image":"","background-repeat":"repeat","background-position":"center center","background-size":"auto","background-attachment":"scroll","background-type":"","background-media":"","overlay-type":"","overlay-color":"","overlay-opacity":"","overlay-gradient":""},"mobile":{"background-color":"","background-image":"","background-repeat":"repeat","background-position":"center center","background-size":"auto","background-attachment":"scroll","background-type":"","background-media":"","overlay-type":"","overlay-color":"","overlay-opacity":"","overlay-gradient":""}},"ast-content-background-meta":{"desktop":{"background-color":"var(--ast-global-color-4)","background-image":"","background-repeat":"repeat","background-position":"center center","background-size":"auto","background-attachment":"scroll","background-type":"","background-media":"","overlay-type":"","overlay-color":"","overlay-opacity":"","overlay-gradient":""},"tablet":{"background-color":"var(--ast-global-color-4)","background-image":"","background-repeat":"repeat","background-position":"center center","background-size":"auto","background-attachment":"scroll","background-type":"","background-media":"","overlay-type":"","overlay-color":"","overlay-opacity":"","overlay-gradient":""},"mobile":{"background-color":"var(--ast-global-color-4)","background-image":"","background-repeat":"repeat","background-position":"center center","background-size":"auto","background-attachment":"scroll","background-type":"","background-media":"","overlay-type":"","overlay-color":"","overlay-opacity":"","overlay-gradient":""}},"footnotes":""},"class_list":["post-1169","page","type-page","status-publish","hentry"],"_links":{"self":[{"href":"https:\/\/www.patrim.net\/ca\/wp-json\/wp\/v2\/pages\/1169","targetHints":{"allow":["GET"]}}],"collection":[{"href":"https:\/\/www.patrim.net\/ca\/wp-json\/wp\/v2\/pages"}],"about":[{"href":"https:\/\/www.patrim.net\/ca\/wp-json\/wp\/v2\/types\/page"}],"author":[{"embeddable":true,"href":"https:\/\/www.patrim.net\/ca\/wp-json\/wp\/v2\/users\/1"}],"replies":[{"embeddable":true,"href":"https:\/\/www.patrim.net\/ca\/wp-json\/wp\/v2\/comments?post=1169"}],"version-history":[{"count":15,"href":"https:\/\/www.patrim.net\/ca\/wp-json\/wp\/v2\/pages\/1169\/revisions"}],"predecessor-version":[{"id":5114,"href":"https:\/\/www.patrim.net\/ca\/wp-json\/wp\/v2\/pages\/1169\/revisions\/5114"}],"up":[{"embeddable":true,"href":"https:\/\/www.patrim.net\/ca\/wp-json\/wp\/v2\/pages\/1145"}],"wp:attachment":[{"href":"https:\/\/www.patrim.net\/ca\/wp-json\/wp\/v2\/media?parent=1169"}],"curies":[{"name":"wp","href":"https:\/\/api.w.org\/{rel}","templated":true}]}}

Prehistòria

<div id="pl-1169"  class="panel-layout" ><div id="pg-1169-0"  class="panel-grid panel-has-style" ><div class="panel-row-style panel-row-style-for-1169-0" ><div id="pgc-1169-0-0"  class="panel-grid-cell" ><div id="panel-1169-0-0-0" class="so-panel widget widget_media_image panel-first-child" data-index="0" ><img decoding="async" width="150" height="150" src="https://www.patrim.net/wp-content/uploads/2022/02/7-Centro-del-Rio-Vero-150x150.jpg" class="image wp-image-5066  attachment-thumbnail size-thumbnail" alt="" style="max-width: 100%; height: auto;" srcset="https://www.patrim.net/wp-content/uploads/2022/02/7-Centro-del-Rio-Vero-150x150.jpg 150w, https://www.patrim.net/wp-content/uploads/2022/02/7-Centro-del-Rio-Vero-300x300.jpg 300w, https://www.patrim.net/wp-content/uploads/2022/02/7-Centro-del-Rio-Vero-100x100.jpg 100w" sizes="(max-width: 150px) 100vw, 150px" /></div><div id="panel-1169-0-0-1" class="so-panel widget widget_sow-button panel-last-child" data-index="1" ><div
			
			class="so-widget-sow-button so-widget-sow-button-wire-55051d68cd09-1169"
			
		><div class="ow-button-base ow-button-align-center"
>
			<a
					href="http://www.patrim.net/ca/els-equipaments/prehistoria/parc-cultural-riu-vero-centre-dart-de-roca/"
					class="sowb-button ow-icon-placement-left ow-button-hover" 	>
		<span>
			
			Centro del Arte Rupestre del Parque Cultural del Río Vero		</span>
			</a>
	</div>
</div></div></div><div id="pgc-1169-0-1"  class="panel-grid-cell" ><div id="panel-1169-0-1-0" class="so-panel widget widget_media_image panel-first-child" data-index="2" ><img decoding="async" width="150" height="150" src="https://www.patrim.net/wp-content/uploads/2022/02/3-espai-origens-150x150.jpg" class="image wp-image-5072  attachment-thumbnail size-thumbnail" alt="" style="max-width: 100%; height: auto;" srcset="https://www.patrim.net/wp-content/uploads/2022/02/3-espai-origens-150x150.jpg 150w, https://www.patrim.net/wp-content/uploads/2022/02/3-espai-origens-300x300.jpg 300w, https://www.patrim.net/wp-content/uploads/2022/02/3-espai-origens-100x100.jpg 100w" sizes="(max-width: 150px) 100vw, 150px" /></div><div id="panel-1169-0-1-1" class="so-panel widget widget_sow-button panel-last-child" data-index="3" ><div
			
			class="so-widget-sow-button so-widget-sow-button-wire-55051d68cd09-1169"
			
		><div class="ow-button-base ow-button-align-center"
>
			<a
					href="http://www.patrim.net/ca/els-equipaments/prehistoria/espai-origens-i-centre-destudis-del-patrimoni-arqueologic-de-la-prehistoria/"
					class="sowb-button ow-icon-placement-left ow-button-hover" 	>
		<span>
			
			Espai Orígens		</span>
			</a>
	</div>
</div></div></div><div id="pgc-1169-0-2"  class="panel-grid-cell" ><div id="panel-1169-0-2-0" class="so-panel widget widget_media_image panel-first-child" data-index="4" ><img decoding="async" width="150" height="150" src="https://www.patrim.net/wp-content/uploads/2022/02/6-musee-aurignacien-150x150.jpg" class="image wp-image-4503  attachment-thumbnail size-thumbnail" alt="" style="max-width: 100%; height: auto;" srcset="https://www.patrim.net/wp-content/uploads/2022/02/6-musee-aurignacien-150x150.jpg 150w, https://www.patrim.net/wp-content/uploads/2022/02/6-musee-aurignacien-300x300.jpg 300w, https://www.patrim.net/wp-content/uploads/2022/02/6-musee-aurignacien-100x100.jpg 100w" sizes="(max-width: 150px) 100vw, 150px" /></div><div id="panel-1169-0-2-1" class="so-panel widget widget_sow-button panel-last-child" data-index="5" ><div
			
			class="so-widget-sow-button so-widget-sow-button-wire-55051d68cd09-1169"
			
		><div class="ow-button-base ow-button-align-center"
>
			<a
					href="http://www.patrim.net/ca/els-equipaments/prehistoria/museu-forum-de-la-periodes-aurinyacia/"
					class="sowb-button ow-icon-placement-left ow-button-hover" 	>
		<span>
			
			Musée  de l’Aurignacien - La Préhistoire en Haute-Garonne		</span>
			</a>
	</div>
</div></div></div></div></div></div>

<p>Centro del Arte Rupestre del Parque Cultural del Río Vero Espai Orígens Musée de l’Aurignacien &#8211; La Préhistoire en Haute-Garonne</p>
